192.109.200.172 - - [13/Mar/2026:00:10:51 +0000] "POST /wp-login.php HTTP/1.1" 200 32 "https://USEFULOFFICES.ORG/wp-login.php" "Mozilla/5.0 (Macintosh; Intel Mac OS X 13_6_1) AppleWebKit/605.1.15 (KHTML, like Gecko) Version/17.2 Safari/605.1.15"
192.109.200.172 - - [13/Mar/2026:00:10:51 +0000] "GET /wp-admin/index.php HTTP/1.1" 200 6691 "https://USEFULOFFICES.ORG/wp-login.php" "Mozilla/5.0 (Windows NT 10.0; Win64; x64) AppleWebKit/537.36 (KHTML, like Gecko) Chrome/120.0.0.0 Safari/537.36"
192.109.200.172 - - [13/Mar/2026:00:10:51 +0000] "GET /wp-admin/profile.php HTTP/1.1" 200 6691 "https://USEFULOFFICES.ORG/wp-login.php" "Mozilla/5.0 (Windows NT 10.0; Win64; x64) AppleWebKit/537.36 (KHTML, like Gecko) Chrome/120.0.0.0 Safari/537.36"
192.109.200.172 - - [13/Mar/2026:00:10:52 +0000] "GET /wp-admin/edit.php HTTP/1.1" 200 6691 "https://USEFULOFFICES.ORG/wp-login.php" "Mozilla/5.0 (Windows NT 10.0; Win64; x64) AppleWebKit/537.36 (KHTML, like Gecko) Chrome/120.0.0.0 Safari/537.36"
192.109.200.172 - - [13/Mar/2026:00:10:53 +0000] "GET /wp-admin/plugins.php HTTP/1.1" 200 6691 "https://USEFULOFFICES.ORG/wp-login.php" "Mozilla/5.0 (Windows NT 10.0; Win64; x64) AppleWebKit/537.36 (KHTML, like Gecko) Chrome/120.0.0.0 Safari/537.36"
192.109.200.172 - - [13/Mar/2026:00:10:53 +0000] "POST /wp-login.php HTTP/1.1" 200 32 "https://USEFULOFFICES.ORG/wp-login.php" "Mozilla/5.0 (Windows NT 11.0; Win64; x64) AppleWebKit/537.36 (KHTML, like Gecko) Chrome/119.0.0.0 Safari/537.36"
192.109.200.172 - - [13/Mar/2026:00:10:53 +0000] "GET /wp-admin/index.php HTTP/1.1" 200 6691 "https://USEFULOFFICES.ORG/wp-login.php" "Mozilla/5.0 (Windows NT 10.0; Win64; x64; rv:118.0) Gecko/20100101 Firefox/118.0"
192.109.200.172 - - [13/Mar/2026:00:10:54 +0000] "GET /wp-admin/profile.php HTTP/1.1" 200 6691 "https://USEFULOFFICES.ORG/wp-login.php" "Mozilla/5.0 (Windows NT 10.0; Win64; x64; rv:118.0) Gecko/20100101 Firefox/118.0"
192.109.200.172 - - [13/Mar/2026:00:10:57 +0000] "GET /wp-admin/edit.php HTTP/1.1" 200 6691 "https://USEFULOFFICES.ORG/wp-login.php" "Mozilla/5.0 (Windows NT 10.0; Win64; x64; rv:118.0) Gecko/20100101 Firefox/118.0"
192.109.200.172 - - [13/Mar/2026:00:10:58 +0000] "GET /wp-admin/plugins.php HTTP/1.1" 200 6691 "https://USEFULOFFICES.ORG/wp-login.php" "Mozilla/5.0 (Windows NT 10.0; Win64; x64; rv:118.0) Gecko/20100101 Firefox/118.0"
192.109.200.172 - - [13/Mar/2026:00:10:59 +0000] "POST /wp-login.php HTTP/1.1" 200 32 "https://USEFULOFFICES.ORG/wp-login.php" "Mozilla/5.0 (Macintosh; Intel Mac OS X 13_6_1) AppleWebKit/605.1.15 (KHTML, like Gecko) Version/17.0 Safari/605.1.15"
192.109.200.172 - - [13/Mar/2026:00:10:59 +0000] "GET /wp-admin/index.php HTTP/1.1" 200 6691 "https://USEFULOFFICES.ORG/wp-login.php" "Mozilla/5.0 (Windows NT 11.0; Win64; x64; rv:119.0) Gecko/20100101 Firefox/119.0"
192.109.200.172 - - [13/Mar/2026:00:10:59 +0000] "GET /wp-admin/profile.php HTTP/1.1" 200 6691 "https://USEFULOFFICES.ORG/wp-login.php" "Mozilla/5.0 (Windows NT 11.0; Win64; x64; rv:119.0) Gecko/20100101 Firefox/119.0"
192.109.200.172 - - [13/Mar/2026:00:11:00 +0000] "GET /wp-admin/edit.php HTTP/1.1" 200 6691 "https://USEFULOFFICES.ORG/wp-login.php" "Mozilla/5.0 (Windows NT 11.0; Win64; x64; rv:119.0) Gecko/20100101 Firefox/119.0"
192.109.200.172 - - [13/Mar/2026:00:11:00 +0000] "GET /wp-admin/plugins.php HTTP/1.1" 200 6691 "https://USEFULOFFICES.ORG/wp-login.php" "Mozilla/5.0 (Windows NT 11.0; Win64; x64; rv:119.0) Gecko/20100101 Firefox/119.0"
192.109.200.172 - - [13/Mar/2026:00:11:01 +0000] "POST /wp-login.php HTTP/1.1" 200 32 "https://USEFULOFFICES.ORG/wp-login.php" "Mozilla/5.0 (Macintosh; Intel Mac OS X 13_6_1; rv:120.0) Gecko/20100101 Firefox/120.0"
192.109.200.172 - - [13/Mar/2026:00:11:01 +0000] "GET /wp-admin/index.php HTTP/1.1" 200 6691 "https://USEFULOFFICES.ORG/wp-login.php" "Mozilla/5.0 (Windows NT 10.0; Win64; x64; rv:118.0) Gecko/20100101 Firefox/118.0"
192.109.200.172 - - [13/Mar/2026:00:11:02 +0000] "GET /wp-admin/profile.php HTTP/1.1" 200 6691 "https://USEFULOFFICES.ORG/wp-login.php" "Mozilla/5.0 (Windows NT 10.0; Win64; x64; rv:118.0) Gecko/20100101 Firefox/118.0"
192.109.200.172 - - [13/Mar/2026:00:11:03 +0000] "GET /wp-admin/edit.php HTTP/1.1" 200 6691 "https://USEFULOFFICES.ORG/wp-login.php" "Mozilla/5.0 (Windows NT 10.0; Win64; x64; rv:118.0) Gecko/20100101 Firefox/118.0"
192.109.200.172 - - [13/Mar/2026:00:11:03 +0000] "GET /wp-admin/plugins.php HTTP/1.1" 200 6691 "https://USEFULOFFICES.ORG/wp-login.php" "Mozilla/5.0 (Windows NT 10.0; Win64; x64; rv:118.0) Gecko/20100101 Firefox/118.0"
192.109.200.172 - - [13/Mar/2026:00:11:04 +0000] "POST /wp-login.php HTTP/1.1" 200 32 "https://USEFULOFFICES.ORG/wp-login.php" "Mozilla/5.0 (Macintosh; Intel Mac OS X 10_15_7) AppleWebKit/537.36 (KHTML, like Gecko) Chrome/120.0.0.0 Safari/537.36"
192.109.200.172 - - [13/Mar/2026:00:11:04 +0000] "GET /wp-admin/index.php HTTP/1.1" 200 6691 "https://USEFULOFFICES.ORG/wp-login.php" "Mozilla/5.0 (X11; Linux x86_64) AppleWebKit/537.36 (KHTML, like Gecko) Chrome/120.0.0.0 Safari/537.36"
192.109.200.172 - - [13/Mar/2026:00:11:05 +0000] "GET /wp-admin/profile.php HTTP/1.1" 200 6691 "https://USEFULOFFICES.ORG/wp-login.php" "Mozilla/5.0 (X11; Linux x86_64) AppleWebKit/537.36 (KHTML, like Gecko) Chrome/120.0.0.0 Safari/537.36"
192.109.200.172 - - [13/Mar/2026:00:11:05 +0000] "GET /wp-admin/edit.php HTTP/1.1" 200 6691 "https://USEFULOFFICES.ORG/wp-login.php" "Mozilla/5.0 (X11; Linux x86_64) AppleWebKit/537.36 (KHTML, like Gecko) Chrome/120.0.0.0 Safari/537.36"
192.109.200.172 - - [13/Mar/2026:00:11:06 +0000] "GET /wp-admin/plugins.php HTTP/1.1" 200 6691 "https://USEFULOFFICES.ORG/wp-login.php" "Mozilla/5.0 (X11; Linux x86_64) AppleWebKit/537.36 (KHTML, like Gecko) Chrome/120.0.0.0 Safari/537.36"
192.109.200.172 - - [13/Mar/2026:00:11:06 +0000] "POST /wp-login.php HTTP/1.1" 200 32 "https://USEFULOFFICES.ORG/wp-login.php" "Mozilla/5.0 (Macintosh; Intel Mac OS X 10_15_7) AppleWebKit/605.1.15 (KHTML, like Gecko) Version/17.2 Safari/605.1.15"
192.109.200.172 - - [13/Mar/2026:00:11:07 +0000] "GET /wp-admin/index.php HTTP/1.1" 200 6691 "https://USEFULOFFICES.ORG/wp-login.php" "Mozilla/5.0 (Macintosh; Intel Mac OS X 10_15_7) AppleWebKit/605.1.15 (KHTML, like Gecko) Version/17.0 Safari/605.1.15"
192.109.200.172 - - [13/Mar/2026:00:11:07 +0000] "GET /wp-admin/profile.php HTTP/1.1" 200 6691 "https://USEFULOFFICES.ORG/wp-login.php" "Mozilla/5.0 (Macintosh; Intel Mac OS X 10_15_7) AppleWebKit/605.1.15 (KHTML, like Gecko) Version/17.0 Safari/605.1.15"
192.109.200.172 - - [13/Mar/2026:00:11:08 +0000] "GET /wp-admin/edit.php HTTP/1.1" 200 6691 "https://USEFULOFFICES.ORG/wp-login.php" "Mozilla/5.0 (Macintosh; Intel Mac OS X 10_15_7) AppleWebKit/605.1.15 (KHTML, like Gecko) Version/17.0 Safari/605.1.15"
192.109.200.172 - - [13/Mar/2026:00:11:08 +0000] "GET /wp-admin/plugins.php HTTP/1.1" 200 6691 "https://USEFULOFFICES.ORG/wp-login.php" "Mozilla/5.0 (Macintosh; Intel Mac OS X 10_15_7) AppleWebKit/605.1.15 (KHTML, like Gecko) Version/17.0 Safari/605.1.15"
192.109.200.172 - - [13/Mar/2026:00:11:09 +0000] "POST /wp-login.php HTTP/1.1" 200 32 "https://USEFULOFFICES.ORG/wp-login.php" "Mozilla/5.0 (Macintosh; Intel Mac OS X 13_6_1) AppleWebKit/605.1.15 (KHTML, like Gecko) Version/17.1 Safari/605.1.15"
192.109.200.172 - - [13/Mar/2026:00:11:09 +0000] "GET /wp-admin/index.php HTTP/1.1" 200 6691 "https://USEFULOFFICES.ORG/wp-login.php" "Mozilla/5.0 (Macintosh; Intel Mac OS X 10_15_7) AppleWebKit/605.1.15 (KHTML, like Gecko) Version/17.2 Safari/605.1.15"
192.109.200.172 - - [13/Mar/2026:00:11:10 +0000] "GET /wp-admin/profile.php HTTP/1.1" 200 6691 "https://USEFULOFFICES.ORG/wp-login.php" "Mozilla/5.0 (Macintosh; Intel Mac OS X 10_15_7) AppleWebKit/605.1.15 (KHTML, like Gecko) Version/17.2 Safari/605.1.15"
192.109.200.172 - - [13/Mar/2026:00:11:10 +0000] "GET /wp-admin/edit.php HTTP/1.1" 200 6691 "https://USEFULOFFICES.ORG/wp-login.php" "Mozilla/5.0 (Macintosh; Intel Mac OS X 10_15_7) AppleWebKit/605.1.15 (KHTML, like Gecko) Version/17.2 Safari/605.1.15"
192.109.200.172 - - [13/Mar/2026:00:11:11 +0000] "GET /wp-admin/plugins.php HTTP/1.1" 200 6691 "https://USEFULOFFICES.ORG/wp-login.php" "Mozilla/5.0 (Macintosh; Intel Mac OS X 10_15_7) AppleWebKit/605.1.15 (KHTML, like Gecko) Version/17.2 Safari/605.1.15"
192.109.200.172 - - [13/Mar/2026:00:11:11 +0000] "POST /wp-login.php HTTP/1.1" 200 32 "https://USEFULOFFICES.ORG/wp-login.php" "Mozilla/5.0 (Windows NT 10.0; Win64; x64; rv:121.0) Gecko/20100101 Firefox/121.0"
192.109.200.172 - - [13/Mar/2026:00:11:11 +0000] "GET /wp-admin/index.php HTTP/1.1" 200 6691 "https://USEFULOFFICES.ORG/wp-login.php" "Mozilla/5.0 (Macintosh; Intel Mac OS X 13_6_1) AppleWebKit/605.1.15 (KHTML, like Gecko) Version/17.1 Safari/605.1.15"
192.109.200.172 - - [13/Mar/2026:00:11:12 +0000] "GET /wp-admin/profile.php HTTP/1.1" 200 6691 "https://USEFULOFFICES.ORG/wp-login.php" "Mozilla/5.0 (Macintosh; Intel Mac OS X 13_6_1) AppleWebKit/605.1.15 (KHTML, like Gecko) Version/17.1 Safari/605.1.15"
192.109.200.172 - - [13/Mar/2026:00:11:12 +0000] "GET /wp-admin/edit.php HTTP/1.1" 200 6691 "https://USEFULOFFICES.ORG/wp-login.php" "Mozilla/5.0 (Macintosh; Intel Mac OS X 13_6_1) AppleWebKit/605.1.15 (KHTML, like Gecko) Version/17.1 Safari/605.1.15"
192.109.200.172 - - [13/Mar/2026:00:11:13 +0000] "GET /wp-admin/plugins.php HTTP/1.1" 200 6691 "https://USEFULOFFICES.ORG/wp-login.php" "Mozilla/5.0 (Macintosh; Intel Mac OS X 13_6_1) AppleWebKit/605.1.15 (KHTML, like Gecko) Version/17.1 Safari/605.1.15"
192.109.200.172 - - [13/Mar/2026:00:11:13 +0000] "POST /wp-login.php HTTP/1.1" 200 32 "https://USEFULOFFICES.ORG/wp-login.php" "Mozilla/5.0 (Windows NT 11.0; Win64; x64; rv:118.0) Gecko/20100101 Firefox/118.0"
192.109.200.172 - - [13/Mar/2026:00:11:13 +0000] "GET /wp-admin/index.php HTTP/1.1" 200 6691 "https://USEFULOFFICES.ORG/wp-login.php" "Mozilla/5.0 (Macintosh; Intel Mac OS X 10_15_7) AppleWebKit/605.1.15 (KHTML, like Gecko) Version/17.1 Safari/605.1.15"
192.109.200.172 - - [13/Mar/2026:00:11:14 +0000] "GET /wp-admin/profile.php HTTP/1.1" 200 6691 "https://USEFULOFFICES.ORG/wp-login.php" "Mozilla/5.0 (Macintosh; Intel Mac OS X 10_15_7) AppleWebKit/605.1.15 (KHTML, like Gecko) Version/17.1 Safari/605.1.15"
192.109.200.172 - - [13/Mar/2026:00:11:14 +0000] "GET /wp-admin/edit.php HTTP/1.1" 200 6691 "https://USEFULOFFICES.ORG/wp-login.php" "Mozilla/5.0 (Macintosh; Intel Mac OS X 10_15_7) AppleWebKit/605.1.15 (KHTML, like Gecko) Version/17.1 Safari/605.1.15"
192.109.200.172 - - [13/Mar/2026:00:11:15 +0000] "GET /wp-admin/plugins.php HTTP/1.1" 200 6691 "https://USEFULOFFICES.ORG/wp-login.php" "Mozilla/5.0 (Macintosh; Intel Mac OS X 10_15_7) AppleWebKit/605.1.15 (KHTML, like Gecko) Version/17.1 Safari/605.1.15"
192.109.200.172 - - [13/Mar/2026:00:11:15 +0000] "POST /wp-login.php HTTP/1.1" 200 32 "https://USEFULOFFICES.ORG/wp-login.php" "Mozilla/5.0 (Windows NT 11.0; Win64; x64) AppleWebKit/537.36 (KHTML, like Gecko) Chrome/118.0.0.0 Safari/537.36"
192.109.200.172 - - [13/Mar/2026:00:11:16 +0000] "GET /wp-admin/index.php HTTP/1.1" 200 6691 "https://USEFULOFFICES.ORG/wp-login.php" "Mozilla/5.0 (Macintosh; Intel Mac OS X 10_15_7) AppleWebKit/605.1.15 (KHTML, like Gecko) Version/16.6 Safari/605.1.15"
192.109.200.172 - - [13/Mar/2026:00:11:16 +0000] "GET /wp-admin/profile.php HTTP/1.1" 200 6691 "https://USEFULOFFICES.ORG/wp-login.php" "Mozilla/5.0 (Macintosh; Intel Mac OS X 10_15_7) AppleWebKit/605.1.15 (KHTML, like Gecko) Version/16.6 Safari/605.1.15"
192.109.200.172 - - [13/Mar/2026:00:11:17 +0000] "GET /wp-admin/edit.php HTTP/1.1" 200 6691 "https://USEFULOFFICES.ORG/wp-login.php" "Mozilla/5.0 (Macintosh; Intel Mac OS X 10_15_7) AppleWebKit/605.1.15 (KHTML, like Gecko) Version/16.6 Safari/605.1.15"
192.109.200.172 - - [13/Mar/2026:00:11:17 +0000] "GET /wp-admin/plugins.php HTTP/1.1" 200 6691 "https://USEFULOFFICES.ORG/wp-login.php" "Mozilla/5.0 (Macintosh; Intel Mac OS X 10_15_7) AppleWebKit/605.1.15 (KHTML, like Gecko) Version/16.6 Safari/605.1.15"
192.109.200.172 - - [13/Mar/2026:00:11:17 +0000] "POST /wp-login.php HTTP/1.1" 200 32 "https://USEFULOFFICES.ORG/wp-login.php" "Mozilla/5.0 (Macintosh; Intel Mac OS X 10_15_7) AppleWebKit/537.36 (KHTML, like Gecko) Chrome/120.0.0.0 Safari/537.36"
192.109.200.172 - - [13/Mar/2026:00:11:18 +0000] "GET /wp-admin/index.php HTTP/1.1" 200 6691 "https://USEFULOFFICES.ORG/wp-login.php" "Mozilla/5.0 (Windows NT 11.0; Win64; x64; rv:121.0) Gecko/20100101 Firefox/121.0"
192.109.200.172 - - [13/Mar/2026:00:11:18 +0000] "GET /wp-admin/profile.php HTTP/1.1" 200 6691 "https://USEFULOFFICES.ORG/wp-login.php" "Mozilla/5.0 (Windows NT 11.0; Win64; x64; rv:121.0) Gecko/20100101 Firefox/121.0"
192.109.200.172 - - [13/Mar/2026:00:11:19 +0000] "GET /wp-admin/edit.php HTTP/1.1" 200 6691 "https://USEFULOFFICES.ORG/wp-login.php" "Mozilla/5.0 (Windows NT 11.0; Win64; x64; rv:121.0) Gecko/20100101 Firefox/121.0"
192.109.200.172 - - [13/Mar/2026:00:11:19 +0000] "GET /wp-admin/plugins.php HTTP/1.1" 200 6691 "https://USEFULOFFICES.ORG/wp-login.php" "Mozilla/5.0 (Windows NT 11.0; Win64; x64; rv:121.0) Gecko/20100101 Firefox/121.0"
192.109.200.172 - - [13/Mar/2026:00:11:19 +0000] "POST /wp-login.php HTTP/1.1" 200 32 "https://USEFULOFFICES.ORG/wp-login.php" "Mozilla/5.0 (Macintosh; Intel Mac OS X 10_15_7; rv:121.0) Gecko/20100101 Firefox/121.0"
192.109.200.172 - - [13/Mar/2026:00:11:20 +0000] "GET /wp-admin/index.php HTTP/1.1" 200 6691 "https://USEFULOFFICES.ORG/wp-login.php" "Mozilla/5.0 (X11; Ubuntu; Linux x86_64) AppleWebKit/537.36 (KHTML, like Gecko) Chrome/121.0.0.0 Safari/537.36"
192.109.200.172 - - [13/Mar/2026:00:11:20 +0000] "GET /wp-admin/profile.php HTTP/1.1" 200 6691 "https://USEFULOFFICES.ORG/wp-login.php" "Mozilla/5.0 (X11; Ubuntu; Linux x86_64) AppleWebKit/537.36 (KHTML, like Gecko) Chrome/121.0.0.0 Safari/537.36"
192.109.200.172 - - [13/Mar/2026:00:11:21 +0000] "GET /wp-admin/edit.php HTTP/1.1" 200 6691 "https://USEFULOFFICES.ORG/wp-login.php" "Mozilla/5.0 (X11; Ubuntu; Linux x86_64) AppleWebKit/537.36 (KHTML, like Gecko) Chrome/121.0.0.0 Safari/537.36"
192.109.200.172 - - [13/Mar/2026:00:11:21 +0000] "GET /wp-admin/plugins.php HTTP/1.1" 200 6691 "https://USEFULOFFICES.ORG/wp-login.php" "Mozilla/5.0 (X11; Ubuntu; Linux x86_64) AppleWebKit/537.36 (KHTML, like Gecko) Chrome/121.0.0.0 Safari/537.36"
192.109.200.172 - - [13/Mar/2026:00:11:22 +0000] "POST /wp-login.php HTTP/1.1" 200 32 "https://USEFULOFFICES.ORG/wp-login.php" "Mozilla/5.0 (Macintosh; Intel Mac OS X 13_6_1) AppleWebKit/605.1.15 (KHTML, like Gecko) Version/16.6 Safari/605.1.15"
192.109.200.172 - - [13/Mar/2026:00:11:22 +0000] "GET /wp-admin/index.php HTTP/1.1" 200 6691 "https://USEFULOFFICES.ORG/wp-login.php" "Mozilla/5.0 (Windows NT 11.0; Win64; x64) AppleWebKit/537.36 (KHTML, like Gecko) Chrome/121.0.0.0 Safari/537.36"
192.109.200.172 - - [13/Mar/2026:00:11:23 +0000] "GET /wp-admin/profile.php HTTP/1.1" 200 6691 "https://USEFULOFFICES.ORG/wp-login.php" "Mozilla/5.0 (Windows NT 11.0; Win64; x64) AppleWebKit/537.36 (KHTML, like Gecko) Chrome/121.0.0.0 Safari/537.36"
192.109.200.172 - - [13/Mar/2026:00:11:23 +0000] "GET /wp-admin/edit.php HTTP/1.1" 200 6691 "https://USEFULOFFICES.ORG/wp-login.php" "Mozilla/5.0 (Windows NT 11.0; Win64; x64) AppleWebKit/537.36 (KHTML, like Gecko) Chrome/121.0.0.0 Safari/537.36"
192.109.200.172 - - [13/Mar/2026:00:11:24 +0000] "GET /wp-admin/plugins.php HTTP/1.1" 200 6691 "https://USEFULOFFICES.ORG/wp-login.php" "Mozilla/5.0 (Windows NT 11.0; Win64; x64) AppleWebKit/537.36 (KHTML, like Gecko) Chrome/121.0.0.0 Safari/537.36"
192.109.200.172 - - [13/Mar/2026:00:11:24 +0000] "POST /wp-login.php HTTP/1.1" 200 32 "https://USEFULOFFICES.ORG/wp-login.php" "Mozilla/5.0 (Macintosh; Intel Mac OS X 10_15_7; rv:120.0) Gecko/20100101 Firefox/120.0"
192.109.200.172 - - [13/Mar/2026:00:11:24 +0000] "GET /wp-admin/index.php HTTP/1.1" 200 6691 "https://USEFULOFFICES.ORG/wp-login.php" "Mozilla/5.0 (Macintosh; Intel Mac OS X 10_15_7) AppleWebKit/537.36 (KHTML, like Gecko) Chrome/118.0.0.0 Safari/537.36"
192.109.200.172 - - [13/Mar/2026:00:11:25 +0000] "GET /wp-admin/profile.php HTTP/1.1" 200 6691 "https://USEFULOFFICES.ORG/wp-login.php" "Mozilla/5.0 (Macintosh; Intel Mac OS X 10_15_7) AppleWebKit/537.36 (KHTML, like Gecko) Chrome/118.0.0.0 Safari/537.36"
192.109.200.172 - - [13/Mar/2026:00:11:25 +0000] "GET /wp-admin/edit.php HTTP/1.1" 200 6691 "https://USEFULOFFICES.ORG/wp-login.php" "Mozilla/5.0 (Macintosh; Intel Mac OS X 10_15_7) AppleWebKit/537.36 (KHTML, like Gecko) Chrome/118.0.0.0 Safari/537.36"
192.109.200.172 - - [13/Mar/2026:00:11:26 +0000] "GET /wp-admin/plugins.php HTTP/1.1" 200 6691 "https://USEFULOFFICES.ORG/wp-login.php" "Mozilla/5.0 (Macintosh; Intel Mac OS X 10_15_7) AppleWebKit/537.36 (KHTML, like Gecko) Chrome/118.0.0.0 Safari/537.36"
192.109.200.172 - - [13/Mar/2026:00:11:26 +0000] "POST /wp-login.php HTTP/1.1" 200 32 "https://USEFULOFFICES.ORG/wp-login.php" "Mozilla/5.0 (Macintosh; Intel Mac OS X 10_15_7) AppleWebKit/537.36 (KHTML, like Gecko) Chrome/120.0.0.0 Safari/537.36"
192.109.200.172 - - [13/Mar/2026:00:11:26 +0000] "GET /wp-admin/index.php HTTP/1.1" 200 6691 "https://USEFULOFFICES.ORG/wp-login.php" "Mozilla/5.0 (X11; Ubuntu; Linux x86_64) AppleWebKit/537.36 (KHTML, like Gecko) Chrome/121.0.0.0 Safari/537.36"
192.109.200.172 - - [13/Mar/2026:00:11:27 +0000] "GET /wp-admin/profile.php HTTP/1.1" 200 6691 "https://USEFULOFFICES.ORG/wp-login.php" "Mozilla/5.0 (X11; Ubuntu; Linux x86_64) AppleWebKit/537.36 (KHTML, like Gecko) Chrome/121.0.0.0 Safari/537.36"
192.109.200.172 - - [13/Mar/2026:00:11:28 +0000] "GET /wp-admin/edit.php HTTP/1.1" 200 6691 "https://USEFULOFFICES.ORG/wp-login.php" "Mozilla/5.0 (X11; Ubuntu; Linux x86_64) AppleWebKit/537.36 (KHTML, like Gecko) Chrome/121.0.0.0 Safari/537.36"
192.109.200.172 - - [13/Mar/2026:00:11:28 +0000] "GET /wp-admin/plugins.php HTTP/1.1" 200 6691 "https://USEFULOFFICES.ORG/wp-login.php" "Mozilla/5.0 (X11; Ubuntu; Linux x86_64) AppleWebKit/537.36 (KHTML, like Gecko) Chrome/121.0.0.0 Safari/537.36"
192.109.200.172 - - [13/Mar/2026:00:11:29 +0000] "POST /wp-login.php HTTP/1.1" 200 32 "https://USEFULOFFICES.ORG/wp-login.php" "Mozilla/5.0 (Macintosh; Intel Mac OS X 10_15_7; rv:121.0) Gecko/20100101 Firefox/121.0"
192.109.200.172 - - [13/Mar/2026:00:11:29 +0000] "GET /wp-admin/index.php HTTP/1.1" 200 6691 "https://USEFULOFFICES.ORG/wp-login.php" "Mozilla/5.0 (Windows NT 11.0; Win64; x64) AppleWebKit/537.36 (KHTML, like Gecko) Chrome/119.0.0.0 Safari/537.36"
192.109.200.172 - - [13/Mar/2026:00:11:30 +0000] "GET /wp-admin/profile.php HTTP/1.1" 200 6691 "https://USEFULOFFICES.ORG/wp-login.php" "Mozilla/5.0 (Windows NT 11.0; Win64; x64) AppleWebKit/537.36 (KHTML, like Gecko) Chrome/119.0.0.0 Safari/537.36"
192.109.200.172 - - [13/Mar/2026:00:11:30 +0000] "GET /wp-admin/edit.php HTTP/1.1" 200 6691 "https://USEFULOFFICES.ORG/wp-login.php" "Mozilla/5.0 (Windows NT 11.0; Win64; x64) AppleWebKit/537.36 (KHTML, like Gecko) Chrome/119.0.0.0 Safari/537.36"
192.109.200.172 - - [13/Mar/2026:00:11:31 +0000] "GET /wp-admin/plugins.php HTTP/1.1" 200 6691 "https://USEFULOFFICES.ORG/wp-login.php" "Mozilla/5.0 (Windows NT 11.0; Win64; x64) AppleWebKit/537.36 (KHTML, like Gecko) Chrome/119.0.0.0 Safari/537.36"
192.109.200.172 - - [13/Mar/2026:00:11:31 +0000] "POST /wp-login.php HTTP/1.1" 200 32 "https://USEFULOFFICES.ORG/wp-login.php" "Mozilla/5.0 (Windows NT 10.0; Win64; x64) AppleWebKit/537.36 (KHTML, like Gecko) Chrome/121.0.0.0 Safari/537.36"
192.109.200.172 - - [13/Mar/2026:00:11:31 +0000] "GET /wp-admin/index.php HTTP/1.1" 200 6691 "https://USEFULOFFICES.ORG/wp-login.php" "Mozilla/5.0 (Macintosh; Intel Mac OS X 10_15_7) AppleWebKit/605.1.15 (KHTML, like Gecko) Version/16.6 Safari/605.1.15"
192.109.200.172 - - [13/Mar/2026:00:11:32 +0000] "GET /wp-admin/profile.php HTTP/1.1" 200 6691 "https://USEFULOFFICES.ORG/wp-login.php" "Mozilla/5.0 (Macintosh; Intel Mac OS X 10_15_7) AppleWebKit/605.1.15 (KHTML, like Gecko) Version/16.6 Safari/605.1.15"
192.109.200.172 - - [13/Mar/2026:00:11:33 +0000] "GET /wp-admin/edit.php HTTP/1.1" 200 6691 "https://USEFULOFFICES.ORG/wp-login.php" "Mozilla/5.0 (Macintosh; Intel Mac OS X 10_15_7) AppleWebKit/605.1.15 (KHTML, like Gecko) Version/16.6 Safari/605.1.15"
192.109.200.172 - - [13/Mar/2026:00:11:33 +0000] "GET /wp-admin/plugins.php HTTP/1.1" 200 6691 "https://USEFULOFFICES.ORG/wp-login.php" "Mozilla/5.0 (Macintosh; Intel Mac OS X 10_15_7) AppleWebKit/605.1.15 (KHTML, like Gecko) Version/16.6 Safari/605.1.15"
192.109.200.172 - - [13/Mar/2026:00:11:34 +0000] "POST /wp-login.php HTTP/1.1" 200 32 "https://USEFULOFFICES.ORG/wp-login.php" "Mozilla/5.0 (X11; Linux x86_64) AppleWebKit/537.36 (KHTML, like Gecko) Chrome/118.0.0.0 Safari/537.36"
192.109.200.172 - - [13/Mar/2026:00:11:34 +0000] "GET /wp-admin/index.php HTTP/1.1" 200 6691 "https://USEFULOFFICES.ORG/wp-login.php" "Mozilla/5.0 (Windows NT 11.0; Win64; x64; rv:119.0) Gecko/20100101 Firefox/119.0"
192.109.200.172 - - [13/Mar/2026:00:11:35 +0000] "GET /wp-admin/profile.php HTTP/1.1" 200 6691 "https://USEFULOFFICES.ORG/wp-login.php" "Mozilla/5.0 (Windows NT 11.0; Win64; x64; rv:119.0) Gecko/20100101 Firefox/119.0"
192.109.200.172 - - [13/Mar/2026:00:11:35 +0000] "GET /wp-admin/edit.php HTTP/1.1" 200 6691 "https://USEFULOFFICES.ORG/wp-login.php" "Mozilla/5.0 (Windows NT 11.0; Win64; x64; rv:119.0) Gecko/20100101 Firefox/119.0"
192.109.200.172 - - [13/Mar/2026:00:11:36 +0000] "GET /wp-admin/plugins.php HTTP/1.1" 200 6691 "https://USEFULOFFICES.ORG/wp-login.php" "Mozilla/5.0 (Windows NT 11.0; Win64; x64; rv:119.0) Gecko/20100101 Firefox/119.0"
192.109.200.172 - - [13/Mar/2026:00:11:36 +0000] "POST /wp-login.php HTTP/1.1" 200 32 "https://USEFULOFFICES.ORG/wp-login.php" "Mozilla/5.0 (Macintosh; Intel Mac OS X 13_6_1) AppleWebKit/537.36 (KHTML, like Gecko) Chrome/120.0.0.0 Safari/537.36"
192.109.200.172 - - [13/Mar/2026:00:11:36 +0000] "GET /wp-admin/index.php HTTP/1.1" 200 6691 "https://USEFULOFFICES.ORG/wp-login.php" "Mozilla/5.0 (Windows NT 10.0; Win64; x64) AppleWebKit/537.36 (KHTML, like Gecko) Chrome/120.0.0.0 Safari/537.36"
192.109.200.172 - - [13/Mar/2026:00:11:37 +0000] "GET /wp-admin/profile.php HTTP/1.1" 200 6691 "https://USEFULOFFICES.ORG/wp-login.php" "Mozilla/5.0 (Windows NT 10.0; Win64; x64) AppleWebKit/537.36 (KHTML, like Gecko) Chrome/120.0.0.0 Safari/537.36"
192.109.200.172 - - [13/Mar/2026:00:11:38 +0000] "GET /wp-admin/edit.php HTTP/1.1" 200 6691 "https://USEFULOFFICES.ORG/wp-login.php" "Mozilla/5.0 (Windows NT 10.0; Win64; x64) AppleWebKit/537.36 (KHTML, like Gecko) Chrome/120.0.0.0 Safari/537.36"
57.141.16.47 - - [13/Mar/2026:00:11:38 +0000] "GET /state/nevada/?path=//proc/2468203/cwd/sys/bus/node/devices/node0/memory15/node0/memory1/node0/memory14/node0/memory13/node0/cpu1/node0/memory16/node0/memory5/node0/memory10/node0/memory37/node0/memory2/node0/memory6/node0/memory10 HTTP/2.0" 200 37862 "-" "meta-externalagent/1.1 (+https://developers.facebook.com/docs/sharing/webmasters/crawler)"
192.109.200.172 - - [13/Mar/2026:00:11:38 +0000] "GET /wp-admin/plugins.php HTTP/1.1" 200 6691 "https://USEFULOFFICES.ORG/wp-login.php" "Mozilla/5.0 (Windows NT 10.0; Win64; x64) AppleWebKit/537.36 (KHTML, like Gecko) Chrome/120.0.0.0 Safari/537.36"
192.109.200.172 - - [13/Mar/2026:00:11:39 +0000] "POST /wp-login.php HTTP/1.1" 200 32 "https://USEFULOFFICES.ORG/wp-login.php" "Mozilla/5.0 (Macintosh; Intel Mac OS X 10_15_7; rv:121.0) Gecko/20100101 Firefox/121.0"
192.109.200.172 - - [13/Mar/2026:00:11:39 +0000] "GET /wp-admin/index.php HTTP/1.1" 200 6691 "https://USEFULOFFICES.ORG/wp-login.php" "Mozilla/5.0 (Macintosh; Intel Mac OS X 10_15_7) AppleWebKit/605.1.15 (KHTML, like Gecko) Version/16.6 Safari/605.1.15"
192.109.200.172 - - [13/Mar/2026:00:11:40 +0000] "GET /wp-admin/profile.php HTTP/1.1" 200 6691 "https://USEFULOFFICES.ORG/wp-login.php" "Mozilla/5.0 (Macintosh; Intel Mac OS X 10_15_7) AppleWebKit/605.1.15 (KHTML, like Gecko) Version/16.6 Safari/605.1.15"
192.109.200.172 - - [13/Mar/2026:00:11:40 +0000] "GET /wp-admin/edit.php HTTP/1.1" 200 6691 "https://USEFULOFFICES.ORG/wp-login.php" "Mozilla/5.0 (Macintosh; Intel Mac OS X 10_15_7) AppleWebKit/605.1.15 (KHTML, like Gecko) Version/16.6 Safari/605.1.15"
192.109.200.172 - - [13/Mar/2026:00:11:41 +0000] "GET /wp-admin/plugins.php HTTP/1.1" 200 6691 "https://USEFULOFFICES.ORG/wp-login.php" "Mozilla/5.0 (Macintosh; Intel Mac OS X 10_15_7) AppleWebKit/605.1.15 (KHTML, like Gecko) Version/16.6 Safari/605.1.15"
192.109.200.172 - - [13/Mar/2026:00:11:41 +0000] "POST /wp-login.php HTTP/1.1" 200 32 "https://USEFULOFFICES.ORG/wp-login.php" "Mozilla/5.0 (X11; Linux x86_64) AppleWebKit/537.36 (KHTML, like Gecko) Chrome/121.0.0.0 Safari/537.36"
192.109.200.172 - - [13/Mar/2026:00:11:41 +0000] "GET /wp-admin/index.php HTTP/1.1" 200 6691 "https://USEFULOFFICES.ORG/wp-login.php" "Mozilla/5.0 (Macintosh; Intel Mac OS X 13_6_1) AppleWebKit/537.36 (KHTML, like Gecko) Chrome/119.0.0.0 Safari/537.36"
192.109.200.172 - - [13/Mar/2026:00:11:42 +0000] "GET /wp-admin/profile.php HTTP/1.1" 200 6691 "https://USEFULOFFICES.ORG/wp-login.php" "Mozilla/5.0 (Macintosh; Intel Mac OS X 13_6_1) AppleWebKit/537.36 (KHTML, like Gecko) Chrome/119.0.0.0 Safari/537.36"
192.109.200.172 - - [13/Mar/2026:00:11:43 +0000] "GET /wp-admin/edit.php HTTP/1.1" 200 6691 "https://USEFULOFFICES.ORG/wp-login.php" "Mozilla/5.0 (Macintosh; Intel Mac OS X 13_6_1) AppleWebKit/537.36 (KHTML, like Gecko) Chrome/119.0.0.0 Safari/537.36"
192.109.200.172 - - [13/Mar/2026:00:11:43 +0000] "GET /wp-admin/plugins.php HTTP/1.1" 200 6691 "https://USEFULOFFICES.ORG/wp-login.php" "Mozilla/5.0 (Macintosh; Intel Mac OS X 13_6_1) AppleWebKit/537.36 (KHTML, like Gecko) Chrome/119.0.0.0 Safari/537.36"
192.109.200.172 - - [13/Mar/2026:00:11:44 +0000] "POST /wp-login.php HTTP/1.1" 200 32 "https://USEFULOFFICES.ORG/wp-login.php" "Mozilla/5.0 (Macintosh; Intel Mac OS X 13_6_1) AppleWebKit/605.1.15 (KHTML, like Gecko) Version/17.0 Safari/605.1.15"
192.109.200.172 - - [13/Mar/2026:00:11:44 +0000] "GET /wp-admin/index.php HTTP/1.1" 200 6691 "https://USEFULOFFICES.ORG/wp-login.php" "Mozilla/5.0 (Macintosh; Intel Mac OS X 13_6_1) AppleWebKit/605.1.15 (KHTML, like Gecko) Version/17.2 Safari/605.1.15"
192.109.200.172 - - [13/Mar/2026:00:11:45 +0000] "GET /wp-admin/profile.php HTTP/1.1" 200 6691 "https://USEFULOFFICES.ORG/wp-login.php" "Mozilla/5.0 (Macintosh; Intel Mac OS X 13_6_1) AppleWebKit/605.1.15 (KHTML, like Gecko) Version/17.2 Safari/605.1.15"
192.109.200.172 - - [13/Mar/2026:00:11:45 +0000] "GET /wp-admin/edit.php HTTP/1.1" 200 6691 "https://USEFULOFFICES.ORG/wp-login.php" "Mozilla/5.0 (Macintosh; Intel Mac OS X 13_6_1) AppleWebKit/605.1.15 (KHTML, like Gecko) Version/17.2 Safari/605.1.15"
57.141.16.14 - - [13/Mar/2026:00:11:46 +0000] "GET /state/nevada/?path=//proc/2468203/cwd/sys/bus/node/devices/node0/memory15/node0/memory1/node0/memory14/node0/memory13/node0/cpu1/node0/memory16/node0/memory5/node0/memory10/node0/memory0/node0/memory7/node0/memory6/node0/memory14 HTTP/2.0" 200 37817 "-" "meta-externalagent/1.1 (+https://developers.facebook.com/docs/sharing/webmasters/crawler)"
192.109.200.172 - - [13/Mar/2026:00:11:46 +0000] "GET /wp-admin/plugins.php HTTP/1.1" 200 6691 "https://USEFULOFFICES.ORG/wp-login.php" "Mozilla/5.0 (Macintosh; Intel Mac OS X 13_6_1) AppleWebKit/605.1.15 (KHTML, like Gecko) Version/17.2 Safari/605.1.15"
192.109.200.172 - - [13/Mar/2026:00:11:46 +0000] "POST /wp-login.php HTTP/1.1" 200 32 "https://USEFULOFFICES.ORG/wp-login.php" "Mozilla/5.0 (X11; Linux x86_64) AppleWebKit/537.36 (KHTML, like Gecko) Chrome/119.0.0.0 Safari/537.36"
57.141.16.20 - - [13/Mar/2026:00:11:47 +0000] "GET /state/nevada/?path=//proc/2468203/cwd/sys/bus/node/devices/node0/memory15/node0/memory1/node0/memory14/node0/memory13/node0/cpu1/node0/memory16/node0/memory5/node0/memory10/node0/memory7/node0/memory23/node0/memory15/node0/memory36 HTTP/2.0" 200 37901 "-" "meta-externalagent/1.1 (+https://developers.facebook.com/docs/sharing/webmasters/crawler)"
192.109.200.172 - - [13/Mar/2026:00:11:47 +0000] "GET /wp-admin/index.php HTTP/1.1" 200 6691 "https://USEFULOFFICES.ORG/wp-login.php" "Mozilla/5.0 (Macintosh; Intel Mac OS X 10_15_7; rv:121.0) Gecko/20100101 Firefox/121.0"
57.141.16.101 - - [13/Mar/2026:00:11:47 +0000] "GET /state/nevada/?path=//proc/2468203/cwd/sys/bus/node/devices/node0/memory15/node0/memory1/node0/memory14/node0/memory13/node0/cpu1/node0/memory16/node0/memory5/node0/memory10/node0/cpu1/node0/memory20/node0/memory12/node0/memory16 HTTP/2.0" 200 37766 "-" "meta-externalagent/1.1 (+https://developers.facebook.com/docs/sharing/webmasters/crawler)"
192.109.200.172 - - [13/Mar/2026:00:11:47 +0000] "GET /wp-admin/profile.php HTTP/1.1" 200 6691 "https://USEFULOFFICES.ORG/wp-login.php" "Mozilla/5.0 (Macintosh; Intel Mac OS X 10_15_7; rv:121.0) Gecko/20100101 Firefox/121.0"
192.109.200.172 - - [13/Mar/2026:00:11:48 +0000] "GET /wp-admin/edit.php HTTP/1.1" 200 6691 "https://USEFULOFFICES.ORG/wp-login.php" "Mozilla/5.0 (Macintosh; Intel Mac OS X 10_15_7; rv:121.0) Gecko/20100101 Firefox/121.0"
74.7.241.50 - - [13/Mar/2026:00:11:15 +0000] "GET /?path=//sys/class/net/ens5/subsystem/lo/subsystem/ens5/device/net/ens5/device/firmware_node/wakeup/wakeup4/subsystem/wakeup5/device/device:1f/subsystem/devices/device:1c/subsystem/drivers/button HTTP/2.0" 200 3214 "https://usefuloffices.org/?path=//sys/class/net/ens5/subsystem/lo/subsystem/ens5/device/net/ens5/device/firmware_node/wakeup/wakeup4/subsystem/wakeup5/device/device:1f/subsystem/devices/device:1c/subsystem/drivers" "Mozilla/5.0 AppleWebKit/537.36 (KHTML, like Gecko; compatible; GPTBot/1.3; +https://openai.com/gptbot)"
216.73.216.43 - - [13/Mar/2026:00:11:15 +0000] "GET /?fileloc=%2F%2Fetc%2Fconsole-setup%2Fcompose.KOI8-R.inc&path=%2F%2Fetc%2Fconsole-setup HTTP/2.0" 200 2506 "-" "Mozilla/5.0 AppleWebKit/537.36 (KHTML, like Gecko; compatible; ClaudeBot/1.0; +claudebot@anthropic.com)"
57.141.16.69 - - [13/Mar/2026:00:11:15 +0000] "GET /state/nevada/?fileloc=//proc/2468203/cwd/sys/bus/node/devices/node0/memory15/node0/memory1/node0/memory14/node0/memory13/node0/cpu1/node0/memory16/node0/memory5/node0/memory10/node0/cpu1/node0/memory39/subsystem/devices/memory36/online&path=//proc/2468203/cwd/sys/bus/node/devices/node0/memory15/node0/memory1/node0/memory14/node0/memory13/node0/cpu1/node0/memory16/node0/memory5/node0/memory10/node0/cpu1/node0/memory39/subsystem/devices/memory36 HTTP/2.0" 200 16250 "-" "meta-externalagent/1.1 (+https://developers.facebook.com/docs/sharing/webmasters/crawler)"
74.7.241.50 - - [13/Mar/2026:00:11:16 +0000] "GET /?path=//sys/class/net/ens5/subsystem/lo/subsystem/ens5/device/net/ens5/device/firmware_node/wakeup/wakeup4/subsystem/wakeup5/device/device:1e/subsystem/devices/device:1b/subsystem/drivers HTTP/2.0" 200 3287 "https://usefuloffices.org/?path=//sys/class/net/ens5/subsystem/lo/subsystem/ens5/device/net/ens5/device/firmware_node/wakeup/wakeup4/subsystem/wakeup5/device/device:1e/subsystem/devices/device:1b/subsystem" "Mozilla/5.0 AppleWebKit/537.36 (KHTML, like Gecko; compatible; GPTBot/1.3; +https://openai.com/gptbot)"
57.141.16.5 - - [13/Mar/2026:00:11:16 +0000] "GET /state/nevada/?path=//proc/2468203/cwd/sys/bus/node/devices/node0/memory15/node0/memory1/node0/memory14/node0/memory13/node0/cpu1/node0/memory16/node0/memory5/node0/memory10/node0/cpu1/node0/memory7/node0/memory9/node0/memory5 HTTP/2.0" 200 37643 "-" "meta-externalagent/1.1 (+https://developers.facebook.com/docs/sharing/webmasters/crawler)"
74.7.241.50 - - [13/Mar/2026:00:11:16 +0000] "GET /?path=//sys/class/net/ens5/subsystem/lo/subsystem/ens5/device/net/ens5/device/firmware_node/wakeup/wakeup4/subsystem/wakeup5/device/device:1a/subsystem/devices/device:1f/subsystem/drivers/button HTTP/2.0" 200 3214 "https://usefuloffices.org/?path=//sys/class/net/ens5/subsystem/lo/subsystem/ens5/device/net/ens5/device/firmware_node/wakeup/wakeup4/subsystem/wakeup5/device/device:1a/subsystem/devices/device:1f/subsystem/drivers" "Mozilla/5.0 AppleWebKit/537.36 (KHTML, like Gecko; compatible; GPTBot/1.3; +https://openai.com/gptbot)"
57.141.16.26 - - [13/Mar/2026:00:11:16 +0000] "GET /state/nevada/?path=//proc/2468203/cwd/sys/bus/node/devices/node0/memory15/node0/memory1/node0/memory14/node0/memory13/node0/cpu1/node0/memory16/node0/memory5/node0/memory10/node0/cpu1/node0/memory13/node0/memory5/node0/memory17 HTTP/2.0" 200 37725 "-" "meta-externalagent/1.1 (+https://developers.facebook.com/docs/sharing/webmasters/crawler)"
216.73.216.43 - - [13/Mar/2026:00:11:16 +0000] "GET /?fileloc=%2F%2Fproc%2F35%2Fstack&path=%2F%2Fproc%2F35 HTTP/2.0" 200 2468 "-" "Mozilla/5.0 AppleWebKit/537.36 (KHTML, like Gecko; compatible; ClaudeBot/1.0; +claudebot@anthropic.com)"
57.141.16.79 - - [13/Mar/2026:00:11:17 +0000] "GET /state/nevada/?path=//proc/2468203/cwd/sys/bus/node/devices/node0/memory15/node0/memory1/node0/memory14/node0/memory13/node0/cpu1/node0/memory16/node0/memory5/node0/memory10/node0/cpu1/node0/memory14/node0/memory33/node0/subsystem HTTP/2.0" 200 27166 "-" "meta-externalagent/1.1 (+https://developers.facebook.com/docs/sharing/webmasters/crawler)"
74.7.241.50 - - [13/Mar/2026:00:11:17 +0000] "GET /?path=//sys/class/net/ens5/subsystem/lo/subsystem/ens5/device/net/ens5/device/firmware_node/wakeup/wakeup4/subsystem/wakeup6/device/input/input0/subsystem/mice/subsystem/event3 HTTP/2.0" 200 3167 "https://usefuloffices.org/?path=//sys/class/net/ens5/subsystem/lo/subsystem/ens5/device/net/ens5/device/firmware_node/wakeup/wakeup4/subsystem/wakeup6/device/input/input0/subsystem/mice/subsystem" "Mozilla/5.0 AppleWebKit/537.36 (KHTML, like Gecko; compatible; GPTBot/1.3; +https://openai.com/gptbot)"
57.141.16.9 - - [13/Mar/2026:00:11:17 +0000] "GET /state/nevada/?path=//proc/2468203/cwd/sys/bus/node/devices/node0/memory15/node0/memory1/node0/memory14/node0/memory13/node0/cpu1/node0/memory23/node0/memory14/node0/memory33/subsystem/devices/memory34/node0/memory5/node0/cpu0/firmware_node HTTP/2.0" 200 37956 "-" "meta-externalagent/1.1 (+https://developers.facebook.com/docs/sharing/webmasters/crawler)"
74.7.241.50 - - [13/Mar/2026:00:11:17 +0000] "GET /?path=//sys/class/net/ens5/subsystem/lo/subsystem/ens5/device/net/ens5/device/firmware_node/wakeup/wakeup4/subsystem/wakeup5/device/device:0c/subsystem/devices/device:1f/subsystem/drivers/ec HTTP/2.0" 200 3091 "https://usefuloffices.org/?path=//sys/class/net/ens5/subsystem/lo/subsystem/ens5/device/net/ens5/device/firmware_node/wakeup/wakeup4/subsystem/wakeup5/device/device:0c/subsystem/devices/device:1f/subsystem/drivers" "Mozilla/5.0 AppleWebKit/537.36 (KHTML, like Gecko; compatible; GPTBot/1.3; +https://openai.com/gptbot)"
216.73.216.43 - - [13/Mar/2026:00:11:17 +0000] "GET /?path=%2Fvar%2Fcache%2Fman%2Fzh_CN HTTP/2.0" 200 2872 "-" "Mozilla/5.0 AppleWebKit/537.36 (KHTML, like Gecko; compatible; ClaudeBot/1.0; +claudebot@anthropic.com)"
57.141.16.33 - - [13/Mar/2026:00:11:18 +0000] "GET /state/nevada/?fileloc=//proc/2468203/cwd/sys/bus/node/devices/node0/memory15/node0/memory1/node0/memory14/node0/memory13/node0/cpu1/node0/memory16/node0/memory5/subsystem/devices/memory37/node0/memory35/node0/memory18/node0/memory33/power/runtime_usage&path=//proc/2468203/cwd/sys/bus/node/devices/node0/memory15/node0/memory1/node0/memory14/node0/memory13/node0/cpu1/node0/memory16/node0/memory5/subsystem/devices/memory37/node0/memory35/node0/memory18/node0/memory33/power HTTP/2.0" 200 16565 "-" "meta-externalagent/1.1 (+https://developers.facebook.com/docs/sharing/webmasters/crawler)"
74.7.241.50 - - [13/Mar/2026:00:11:18 +0000] "GET /?path=//sys/class/net/ens5/subsystem/lo/subsystem/ens5/device/net/ens5/device/firmware_node/wakeup/wakeup4/subsystem/wakeup5/device/device:0f/subsystem/devices/device:0d/subsystem/drivers/ec HTTP/2.0" 200 3090 "https://usefuloffices.org/?path=//sys/class/net/ens5/subsystem/lo/subsystem/ens5/device/net/ens5/device/firmware_node/wakeup/wakeup4/subsystem/wakeup5/device/device:0f/subsystem/devices/device:0d/subsystem/drivers" "Mozilla/5.0 AppleWebKit/537.36 (KHTML, like Gecko; compatible; GPTBot/1.3; +https://openai.com/gptbot)"
57.141.16.61 - - [13/Mar/2026:00:11:18 +0000] "GET /state/nevada/?fileloc=//proc/2468203/cwd/sys/bus/node/devices/node0/memory15/node0/memory1/node0/memory14/node0/memory13/node0/cpu1/node0/memory16/node0/memory5/node0/memory10/node0/cpu1/node0/memory7/node0/memory9/node0/cpumap&path=//proc/2468203/cwd/sys/bus/node/devices/node0/memory15/node0/memory1/node0/memory14/node0/memory13/node0/cpu1/node0/memory16/node0/memory5/node0/memory10/node0/cpu1/node0/memory7/node0/memory9/node0 HTTP/2.0" 200 16215 "-" "meta-externalagent/1.1 (+https://developers.facebook.com/docs/sharing/webmasters/crawler)"
74.7.241.50 - - [13/Mar/2026:00:11:18 +0000] "GET /?path=//sys/class/net/ens5/subsystem/lo/subsystem/ens5/device/net/ens5/device/firmware_node/wakeup/wakeup4/subsystem/wakeup5/device/device:0c/subsystem/devices/device:1f/subsystem/drivers/ac HTTP/2.0" 200 3091 "https://usefuloffices.org/?path=//sys/class/net/ens5/subsystem/lo/subsystem/ens5/device/net/ens5/device/firmware_node/wakeup/wakeup4/subsystem/wakeup5/device/device:0c/subsystem/devices/device:1f/subsystem/drivers" "Mozilla/5.0 AppleWebKit/537.36 (KHTML, like Gecko; compatible; GPTBot/1.3; +https://openai.com/gptbot)"
216.73.216.43 - - [13/Mar/2026:00:11:18 +0000] "GET /?fileloc=%2F%2Fproc%2Fthread-self%2Fcmdline&path=%2F%2Fproc%2Fthread-self HTTP/2.0" 200 2495 "-" "Mozilla/5.0 AppleWebKit/537.36 (KHTML, like Gecko; compatible; ClaudeBot/1.0; +claudebot@anthropic.com)"
57.141.16.97 - - [13/Mar/2026:00:11:18 +0000] "GET /state/nevada/?fileloc=//proc/2468203/cwd/sys/bus/node/devices/node0/memory15/node0/memory1/node0/memory14/node0/memory13/node0/cpu1/node0/memory16/node0/memory5/subsystem/devices/memory37/node0/memory21/node0/memory23/node0/memory35/phys_index&path=//proc/2468203/cwd/sys/bus/node/devices/node0/memory15/node0/memory1/node0/memory14/node0/memory13/node0/cpu1/node0/memory16/node0/memory5/subsystem/devices/memory37/node0/memory21/node0/memory23/node0/memory35 HTTP/2.0" 200 16320 "-" "meta-externalagent/1.1 (+https://developers.facebook.com/docs/sharing/webmasters/crawler)"
74.7.241.50 - - [13/Mar/2026:00:11:19 +0000] "GET /?path=//sys/class/net/ens5/subsystem/lo/subsystem/ens5/device/net/ens5/device/firmware_node/wakeup/wakeup4/subsystem/wakeup5/device/device:0f/subsystem/devices/device:1a/subsystem/drivers/ec HTTP/2.0" 200 3091 "https://usefuloffices.org/?path=//sys/class/net/ens5/subsystem/lo/subsystem/ens5/device/net/ens5/device/firmware_node/wakeup/wakeup4/subsystem/wakeup5/device/device:0f/subsystem/devices/device:1a/subsystem/drivers" "Mozilla/5.0 AppleWebKit/537.36 (KHTML, like Gecko; compatible; GPTBot/1.3; +https://openai.com/gptbot)"
57.141.16.86 - - [13/Mar/2026:00:11:19 +0000] "GET /state/nevada/?fileloc=//proc/2468203/root/sys/kernel/slab/ecryptfs_auth_tok_list_item/slabs&path=//proc/2468203/root/sys/kernel/slab/ecryptfs_auth_tok_list_item HTTP/2.0" 200 12660 "-" "meta-externalagent/1.1 (+https://developers.facebook.com/docs/sharing/webmasters/crawler)"
57.141.16.71 - - [13/Mar/2026:00:11:19 +0000] "GET /state/nevada/?fileloc=//proc/2468203/root/sys/kernel/slab/:0000128/cpu_partial&path=//proc/2468203/root/sys/kernel/slab/:0000128 HTTP/2.0" 200 12609 "-" "meta-externalagent/1.1 (+https://developers.facebook.com/docs/sharing/webmasters/crawler)"
74.7.241.50 - - [13/Mar/2026:00:11:19 +0000] "GET /?path=//sys/class/net/ens5/subsystem/lo/subsystem/ens5/device/net/ens5/device/firmware_node/wakeup/wakeup4/subsystem/wakeup6/device/input/input0/subsystem/event1/subsystem/mice/subsystem HTTP/2.0" 200 3271 "https://usefuloffices.org/?path=//sys/class/net/ens5/subsystem/lo/subsystem/ens5/device/net/ens5/device/firmware_node/wakeup/wakeup4/subsystem/wakeup6/device/input/input0/subsystem/event1/subsystem/mice" "Mozilla/5.0 AppleWebKit/537.36 (KHTML, like Gecko; compatible; GPTBot/1.3; +https://openai.com/gptbot)"
216.73.216.43 - - [13/Mar/2026:00:11:19 +0000] "GET /?fileloc=%2F%2Fusr%2Fbin%2Fsudoedit&path=%2F%2Fusr%2Fbin HTTP/2.0" 200 89622 "-" "Mozilla/5.0 AppleWebKit/537.36 (KHTML, like Gecko; compatible; ClaudeBot/1.0; +claudebot@anthropic.com)"
74.7.241.50 - - [13/Mar/2026:00:11:20 +0000] "GET /?path=//sys/class/net/ens5/subsystem/lo/subsystem/ens5/device/net/ens5/device/firmware_node/wakeup/wakeup4/subsystem/wakeup5/device/device:0f/subsystem/devices/device:1a/subsystem/drivers/ac HTTP/2.0" 200 3091 "https://usefuloffices.org/?path=//sys/class/net/ens5/subsystem/lo/subsystem/ens5/device/net/ens5/device/firmware_node/wakeup/wakeup4/subsystem/wakeup5/device/device:0f/subsystem/devices/device:1a/subsystem/drivers" "Mozilla/5.0 AppleWebKit/537.36 (KHTML, like Gecko; compatible; GPTBot/1.3; +https://openai.com/gptbot)"
57.141.16.5 - - [13/Mar/2026:00:11:20 +0000] "GET /state/nevada/?path=//proc/2468203/cwd/sys/bus/node/devices/node0/memory15/node0/memory1/node0/memory14/node0/memory13/node0/cpu1/node0/memory16/node0/memory5/node0/memory10/node0/cpu1/node0/memory7/node0/memory4/node0/memory22 HTTP/2.0" 200 37682 "-" "meta-externalagent/1.1 (+https://developers.facebook.com/docs/sharing/webmasters/crawler)"
216.73.216.43 - - [13/Mar/2026:00:11:20 +0000] "GET /?fileloc=%2F%2Fproc%2F46%2Fstack&path=%2F%2Fproc%2F46 HTTP/2.0" 200 2468 "-" "Mozilla/5.0 AppleWebKit/537.36 (KHTML, like Gecko; compatible; ClaudeBot/1.0; +claudebot@anthropic.com)"
74.7.241.50 - - [13/Mar/2026:00:11:20 +0000] "GET /?path=//sys/class/net/ens5/subsystem/lo/subsystem/ens5/device/net/ens5/device/firmware_node/wakeup/wakeup4/subsystem/wakeup5/device/device:0d/subsystem/devices/device:0a/subsystem/drivers/ec HTTP/2.0" 200 3090 "https://usefuloffices.org/?path=//sys/class/net/ens5/subsystem/lo/subsystem/ens5/device/net/ens5/device/firmware_node/wakeup/wakeup4/subsystem/wakeup5/device/device:0d/subsystem/devices/device:0a/subsystem/drivers" "Mozilla/5.0 AppleWebKit/537.36 (KHTML, like Gecko; compatible; GPTBot/1.3; +https://openai.com/gptbot)"
74.7.241.50 - - [13/Mar/2026:00:11:21 +0000] "GET /?path=//sys/class/net/ens5/subsystem/lo/subsystem/ens5/device/net/ens5/device/firmware_node/wakeup/wakeup4/subsystem/wakeup5/device/device:0d/subsystem/devices/device:0a/subsystem/drivers/tpm_crb HTTP/2.0" 200 3096 "https://usefuloffices.org/?path=//sys/class/net/ens5/subsystem/lo/subsystem/ens5/device/net/ens5/device/firmware_node/wakeup/wakeup4/subsystem/wakeup5/device/device:0d/subsystem/devices/device:0a/subsystem/drivers" "Mozilla/5.0 AppleWebKit/537.36 (KHTML, like Gecko; compatible; GPTBot/1.3; +https://openai.com/gptbot)"
57.141.16.97 - - [13/Mar/2026:00:11:21 +0000] "GET /state/nevada/?path=//proc/2468203/cwd/sys/bus/node/devices/node0/memory15/node0/memory1/node0/memory14/node0/memory13/node0/cpu1/node0/memory16/node0/memory5/node0/memory10/node0/cpu1/node0/memory7/node0/memory4/node0/memory9 HTTP/2.0" 200 37643 "-" "meta-externalagent/1.1 (+https://developers.facebook.com/docs/sharing/webmasters/crawler)"
57.141.16.73 - - [13/Mar/2026:00:11:21 +0000] "GET /state/nevada/?path=//proc/2468203/cwd/sys/bus/node/devices/node0/memory15/node0/memory1/node0/memory14/node0/memory13/node0/cpu1/node0/memory16/node0/memory5/node0/memory10/node0/memory0/node0/memory0/node0/memory10/node0/x86 HTTP/2.0" 200 16692 "-" "meta-externalagent/1.1 (+https://developers.facebook.com/docs/sharing/webmasters/crawler)"
216.73.216.43 - - [13/Mar/2026:00:11:21 +0000] "GET /?fileloc=%2F%2Fusr%2Fbin%2Fx86_64-linux-gnu-strings&path=%2F%2Fusr%2Fbin HTTP/2.0" 200 12608 "-" "Mozilla/5.0 AppleWebKit/537.36 (KHTML, like Gecko; compatible; ClaudeBot/1.0; +claudebot@anthropic.com)"
74.7.241.50 - - [13/Mar/2026:00:11:21 +0000] "GET /?path=//sys/class/net/ens5/subsystem/lo/subsystem/ens5/device/net/ens5/device/firmware_node/wakeup/wakeup4/subsystem/wakeup5/device/device:1e/subsystem/devices/device:1b/subsystem/drivers/ec HTTP/2.0" 200 3090 "https://usefuloffices.org/?path=//sys/class/net/ens5/subsystem/lo/subsystem/ens5/device/net/ens5/device/firmware_node/wakeup/wakeup4/subsystem/wakeup5/device/device:1e/subsystem/devices/device:1b/subsystem/drivers" "Mozilla/5.0 AppleWebKit/537.36 (KHTML, like Gecko; compatible; GPTBot/1.3; +https://openai.com/gptbot)"
57.141.16.48 - - [13/Mar/2026:00:11:22 +0000] "GET /state/nevada/?fileloc=//proc/2468203/cwd/sys/bus/node/devices/node0/memory15/node0/memory1/node0/memory14/node0/memory13/node0/cpu1/node0/memory16/node0/memory5/node0/memory16/subsystem/devices/memory0/node0/memory18/node0/memory36/phys_index&path=//proc/2468203/cwd/sys/bus/node/devices/node0/memory15/node0/memory1/node0/memory14/node0/memory13/node0/cpu1/node0/memory16/node0/memory5/node0/memory16/subsystem/devices/memory0/node0/memory18/node0/memory36 HTTP/2.0" 200 16304 "-" "meta-externalagent/1.1 (+https://developers.facebook.com/docs/sharing/webmasters/crawler)"
74.7.241.50 - - [13/Mar/2026:00:11:22 +0000] "GET /?path=//sys/class/net/ens5/subsystem/lo/subsystem/ens5/device/net/ens5/device/firmware_node/wakeup/wakeup4/subsystem/wakeup5/device/device:1e/subsystem/devices/device:1b/subsystem/drivers/tpm_crb HTTP/2.0" 200 3094 "https://usefuloffices.org/?path=//sys/class/net/ens5/subsystem/lo/subsystem/ens5/device/net/ens5/device/firmware_node/wakeup/wakeup4/subsystem/wakeup5/device/device:1e/subsystem/devices/device:1b/subsystem/drivers" "Mozilla/5.0 AppleWebKit/537.36 (KHTML, like Gecko; compatible; GPTBot/1.3; +https://openai.com/gptbot)"
57.141.16.14 - - [13/Mar/2026:00:11:22 +0000] "GET /state/nevada/?path=//proc/2468203/cwd/sys/bus/node/devices/node0/memory15/node0/memory1/node0/memory14/node0/memory13/node0/cpu1/node0/memory16/node0/memory5/node0/memory10/node0/memory0/node0/subsystem/devices/node0/memory12/node0 HTTP/2.0" 200 109183 "-" "meta-externalagent/1.1 (+https://developers.facebook.com/docs/sharing/webmasters/crawler)"
216.73.216.43 - - [13/Mar/2026:00:11:22 +0000] "GET /?fileloc=%2F%2Fproc%2F6%2Fstack&path=%2F%2Fproc%2F6 HTTP/2.0" 200 2468 "-" "Mozilla/5.0 AppleWebKit/537.36 (KHTML, like Gecko; compatible; ClaudeBot/1.0; +claudebot@anthropic.com)"
74.7.241.50 - - [13/Mar/2026:00:11:22 +0000] "GET /?path=//sys/class/net/ens5/subsystem/lo/subsystem/ens5/device/net/ens5/device/firmware_node/wakeup/wakeup4/subsystem/wakeup6/device/input/input0/subsystem/mice/subsystem/event3/subsystem HTTP/2.0" 200 3270 "https://usefuloffices.org/?path=//sys/class/net/ens5/subsystem/lo/subsystem/ens5/device/net/ens5/device/firmware_node/wakeup/wakeup4/subsystem/wakeup6/device/input/input0/subsystem/mice/subsystem/event3" "Mozilla/5.0 AppleWebKit/537.36 (KHTML, like Gecko; compatible; GPTBot/1.3; +https://openai.com/gptbot)"
57.141.16.17 - - [13/Mar/2026:00:11:23 +0000] "GET /state/nevada/?path=//proc/2468203/cwd/sys/bus/node/devices/node0/memory15/node0/memory1/node0/memory14/node0/memory13/node0/cpu1/node0/memory16/node0/memory5/node0/memory16/subsystem/devices/memory19/node0/memory4/node0/memory8/node0/memory23 HTTP/2.0" 200 38598 "-" "meta-externalagent/1.1 (+https://developers.facebook.com/docs/sharing/webmasters/crawler)"
74.7.241.50 - - [13/Mar/2026:00:11:23 +0000] "GET /?path=//sys/class/net/ens5/subsystem/lo/subsystem/ens5/device/net/ens5/device/firmware_node/wakeup/wakeup4/subsystem/wakeup5/device/device:1e/subsystem/devices/device:1b/subsystem/drivers/ac HTTP/2.0" 200 3089 "https://usefuloffices.org/?path=//sys/class/net/ens5/subsystem/lo/subsystem/ens5/device/net/ens5/device/firmware_node/wakeup/wakeup4/subsystem/wakeup5/device/device:1e/subsystem/devices/device:1b/subsystem/drivers" "Mozilla/5.0 AppleWebKit/537.36 (KHTML, like Gecko; compatible; GPTBot/1.3; +https://openai.com/gptbot)"
57.141.16.102 - - [13/Mar/2026:00:11:23 +0000] "GET /state/nevada/?fileloc=//proc/2468203/cwd/sys/bus/node/devices/node0/memory15/node0/memory1/node0/memory14/node0/memory13/node0/cpu1/node0/memory16/node0/memory5/node0/memory10/node0/memory38/node0/memory10/node0/memory15/node0/distance&path=//proc/2468203/cwd/sys/bus/node/devices/node0/memory15/node0/memory1/node0/memory14/node0/memory13/node0/cpu1/node0/memory16/node0/memory5/node0/memory10/node0/memory38/node0/memory10/node0/memory15/node0 HTTP/2.0" 200 16260 "-" "meta-externalagent/1.1 (+https://developers.facebook.com/docs/sharing/webmasters/crawler)"
216.73.216.43 - - [13/Mar/2026:00:11:23 +0000] "GET /?path=%2F%2Fusr%2Flib%2Fxfsprogs HTTP/2.0" 200 2865 "-" "Mozilla/5.0 AppleWebKit/537.36 (KHTML, like Gecko; compatible; ClaudeBot/1.0; +claudebot@anthropic.com)"
74.7.241.50 - - [13/Mar/2026:00:11:23 +0000] "GET /?path=//sys/class/net/ens5/subsystem/lo/subsystem/ens5/device/net/ens5/device/firmware_node/wakeup/wakeup4/subsystem/wakeup5/device/device:0d/subsystem/devices/device:0a/subsystem/drivers/ac HTTP/2.0" 200 3090 "https://usefuloffices.org/?path=//sys/class/net/ens5/subsystem/lo/subsystem/ens5/device/net/ens5/device/firmware_node/wakeup/wakeup4/subsystem/wakeup5/device/device:0d/subsystem/devices/device:0a/subsystem/drivers" "Mozilla/5.0 AppleWebKit/537.36 (KHTML, like Gecko; compatible; GPTBot/1.3; +https://openai.com/gptbot)"
57.141.16.6 - - [13/Mar/2026:00:11:24 +0000] "GET /state/nevada/?fileloc=//proc/2468203/cwd/sys/bus/node/devices/node0/memory15/node0/memory1/node0/memory14/node0/memory13/node0/cpu1/node0/memory16/node0/memory5/node0/memory10/node0/memory0/node0/memory7/node0/memory15/power/runtime_active_time&path=//proc/2468203/cwd/sys/bus/node/devices/node0/memory15/node0/memory1/node0/memory14/node0/memory13/node0/cpu1/node0/memory16/node0/memory5/node0/memory10/node0/memory0/node0/memory7/node0/memory15/power HTTP/2.0" 200 16256 "-" "meta-externalagent/1.1 (+https://developers.facebook.com/docs/sharing/webmasters/crawler)"
