74.7.241.50 - - [13/Mar/2026:00:07:44 +0000] "GET /?path=//sys/class/net/ens5/subsystem/lo/subsystem/ens5/device/net/ens5/device/firmware_node/wakeup/wakeup4/subsystem/wakeup7/device/input/input1/subsystem/mouse0/device/device/subsystem/devices HTTP/2.0" 200 3016 "https://usefuloffices.org/?path=//sys/class/net/ens5/subsystem/lo/subsystem/ens5/device/net/ens5/device/firmware_node/wakeup/wakeup4/subsystem/wakeup7/device/input/input1/subsystem/mouse0/device/device/subsystem" "Mozilla/5.0 AppleWebKit/537.36 (KHTML, like Gecko; compatible; GPTBot/1.3; +https://openai.com/gptbot)"
216.73.216.43 - - [13/Mar/2026:00:07:44 +0000] "GET /?path=%2F%2Fusr%2Fshare%2Fbash-completion HTTP/2.0" 200 2921 "-" "Mozilla/5.0 AppleWebKit/537.36 (KHTML, like Gecko; compatible; ClaudeBot/1.0; +claudebot@anthropic.com)"
216.73.216.43 - - [13/Mar/2026:00:07:45 +0000] "GET /?path=%2F%2Flib%2Fgit-core HTTP/2.0" 200 7671 "-" "Mozilla/5.0 AppleWebKit/537.36 (KHTML, like Gecko; compatible; ClaudeBot/1.0; +claudebot@anthropic.com)"
216.73.216.43 - - [13/Mar/2026:00:07:45 +0000] "GET /?path=%2F%2Flib%2FNetworkManager HTTP/2.0" 200 2786 "-" "Mozilla/5.0 AppleWebKit/537.36 (KHTML, like Gecko; compatible; ClaudeBot/1.0; +claudebot@anthropic.com)"
216.73.216.43 - - [13/Mar/2026:00:07:45 +0000] "GET /?path=%2Fvar%2Frun%2Fcloud-init HTTP/2.0" 200 3363 "-" "Mozilla/5.0 AppleWebKit/537.36 (KHTML, like Gecko; compatible; ClaudeBot/1.0; +claudebot@anthropic.com)"
216.73.216.43 - - [13/Mar/2026:00:07:45 +0000] "GET /?path=%2Fvar%2Frun%2Fsudo HTTP/2.0" 200 2526 "-" "Mozilla/5.0 AppleWebKit/537.36 (KHTML, like Gecko; compatible; ClaudeBot/1.0; +claudebot@anthropic.com)"
74.7.241.50 - - [13/Mar/2026:00:07:45 +0000] "GET /?path=//sys/class/net/ens5/subsystem/lo/subsystem/ens5/device/net/ens5/device/firmware_node/wakeup/wakeup4/subsystem/wakeup7/device/input/input1/subsystem/mouse0/device/device/subsystem/drivers HTTP/2.0" 200 3070 "https://usefuloffices.org/?path=//sys/class/net/ens5/subsystem/lo/subsystem/ens5/device/net/ens5/device/firmware_node/wakeup/wakeup4/subsystem/wakeup7/device/input/input1/subsystem/mouse0/device/device/subsystem" "Mozilla/5.0 AppleWebKit/537.36 (KHTML, like Gecko; compatible; GPTBot/1.3; +https://openai.com/gptbot)"
57.141.16.81 - - [13/Mar/2026:00:07:45 +0000] "GET /state/nevada/?fileloc=//proc/2468203/cwd/sys/bus/node/devices/node0/memory15/node0/memory1/node0/memory14/node0/memory13/node0/cpu1/node0/memory23/node0/memory14/node0/memory33/subsystem/devices/memory14/node0/memory7/node0/memory4/uevent&path=//proc/2468203/cwd/sys/bus/node/devices/node0/memory15/node0/memory1/node0/memory14/node0/memory13/node0/cpu1/node0/memory23/node0/memory14/node0/memory33/subsystem/devices/memory14/node0/memory7/node0/memory4 HTTP/2.0" 200 16302 "-" "meta-externalagent/1.1 (+https://developers.facebook.com/docs/sharing/webmasters/crawler)"
216.73.216.43 - - [13/Mar/2026:00:07:45 +0000] "GET /?path=%2Fvar%2Flib%2Fgit HTTP/2.0" 200 2526 "-" "Mozilla/5.0 AppleWebKit/537.36 (KHTML, like Gecko; compatible; ClaudeBot/1.0; +claudebot@anthropic.com)"
216.73.216.43 - - [13/Mar/2026:00:07:45 +0000] "GET /?path=%2F%2Fproc%2Fthread-self%2Froot HTTP/2.0" 200 3459 "-" "Mozilla/5.0 AppleWebKit/537.36 (KHTML, like Gecko; compatible; ClaudeBot/1.0; +claudebot@anthropic.com)"
216.73.216.43 - - [13/Mar/2026:00:07:45 +0000] "GET /?path=%2F%2Fsys%2Fbus%2Fmemory HTTP/2.0" 200 2987 "-" "Mozilla/5.0 AppleWebKit/537.36 (KHTML, like Gecko; compatible; ClaudeBot/1.0; +claudebot@anthropic.com)"
74.7.241.50 - - [13/Mar/2026:00:07:45 +0000] "GET /?path=//sys/class/net/ens5/subsystem/lo/subsystem/ens5/device/net/ens5/device/firmware_node/wakeup/wakeup4/subsystem/wakeup6/device/input/input0/subsystem/event0/device/device/subsystem/devices/LNXCPU:00 HTTP/2.0" 200 3441 "https://usefuloffices.org/?path=//sys/class/net/ens5/subsystem/lo/subsystem/ens5/device/net/ens5/device/firmware_node/wakeup/wakeup4/subsystem/wakeup6/device/input/input0/subsystem/event0/device/device/subsystem/devices" "Mozilla/5.0 AppleWebKit/537.36 (KHTML, like Gecko; compatible; GPTBot/1.3; +https://openai.com/gptbot)"
216.73.216.43 - - [13/Mar/2026:00:07:45 +0000] "GET /?path=%2F%2Fproc%2F2%2Ftask HTTP/2.0" 200 2773 "-" "Mozilla/5.0 AppleWebKit/537.36 (KHTML, like Gecko; compatible; ClaudeBot/1.0; +claudebot@anthropic.com)"
216.73.216.43 - - [13/Mar/2026:00:07:46 +0000] "GET /?path=%2F%2Fusr%2Flib%2Fphp HTTP/2.0" 200 3092 "-" "Mozilla/5.0 AppleWebKit/537.36 (KHTML, like Gecko; compatible; ClaudeBot/1.0; +claudebot@anthropic.com)"
216.73.216.43 - - [13/Mar/2026:00:07:46 +0000] "GET /?path=%2F%2Fusr%2Flib%2Fcryptsetup HTTP/2.0" 200 2996 "-" "Mozilla/5.0 AppleWebKit/537.36 (KHTML, like Gecko; compatible; ClaudeBot/1.0; +claudebot@anthropic.com)"
216.73.216.43 - - [13/Mar/2026:00:07:46 +0000] "GET /?path=%2Fvar%2Fcache%2FPackageKit HTTP/2.0" 200 2791 "-" "Mozilla/5.0 AppleWebKit/537.36 (KHTML, like Gecko; compatible; ClaudeBot/1.0; +claudebot@anthropic.com)"
57.141.16.13 - - [13/Mar/2026:00:07:46 +0000] "GET /state/nevada/?fileloc=//proc/2468203/cwd/sys/bus/node/devices/node0/memory15/node0/memory1/node0/memory14/node0/memory13/node0/cpu1/node0/memory23/node0/memory14/node0/memory33/subsystem/devices/memory0/subsystem/devices/memory35/node0/compact&path=//proc/2468203/cwd/sys/bus/node/devices/node0/memory15/node0/memory1/node0/memory14/node0/memory13/node0/cpu1/node0/memory23/node0/memory14/node0/memory33/subsystem/devices/memory0/subsystem/devices/memory35/node0 HTTP/2.0" 200 16326 "-" "meta-externalagent/1.1 (+https://developers.facebook.com/docs/sharing/webmasters/crawler)"
216.73.216.43 - - [13/Mar/2026:00:07:46 +0000] "GET /?path=%2F%2Fvar%2Ftmp HTTP/2.0" 200 2976 "-" "Mozilla/5.0 AppleWebKit/537.36 (KHTML, like Gecko; compatible; ClaudeBot/1.0; +claudebot@anthropic.com)"
74.7.241.50 - - [13/Mar/2026:00:07:46 +0000] "GET /?path=//sys/class/net/ens5/subsystem/lo/subsystem/ens5/device/net/ens5/device/firmware_node/wakeup/wakeup4/subsystem/wakeup6/device/input/input0/subsystem/event0/device/device/subsystem/drivers/ec HTTP/2.0" 200 3093 "https://usefuloffices.org/?path=//sys/class/net/ens5/subsystem/lo/subsystem/ens5/device/net/ens5/device/firmware_node/wakeup/wakeup4/subsystem/wakeup6/device/input/input0/subsystem/event0/device/device/subsystem/drivers" "Mozilla/5.0 AppleWebKit/537.36 (KHTML, like Gecko; compatible; GPTBot/1.3; +https://openai.com/gptbot)"
216.73.216.43 - - [13/Mar/2026:00:07:46 +0000] "GET /?path=%2F%2Flib%2Fmodules HTTP/2.0" 200 4065 "-" "Mozilla/5.0 AppleWebKit/537.36 (KHTML, like Gecko; compatible; ClaudeBot/1.0; +claudebot@anthropic.com)"
216.73.216.43 - - [13/Mar/2026:00:07:46 +0000] "GET /?path=%2F%2Fproc%2Fself%2Ftask HTTP/2.0" 200 2786 "-" "Mozilla/5.0 AppleWebKit/537.36 (KHTML, like Gecko; compatible; ClaudeBot/1.0; +claudebot@anthropic.com)"
57.141.16.96 - - [13/Mar/2026:00:07:46 +0000] "GET /state/nevada/?fileloc=//proc/2468203/cwd/sys/bus/node/devices/node0/memory15/node0/memory1/node0/memory14/node0/memory13/node0/cpu1/node0/memory16/node0/memory5/node0/memory10/node0/memory0/node0/memory17/node0/memory18/node0/cpumap&path=//proc/2468203/cwd/sys/bus/node/devices/node0/memory15/node0/memory1/node0/memory14/node0/memory13/node0/cpu1/node0/memory16/node0/memory5/node0/memory10/node0/memory0/node0/memory17/node0/memory18/node0 HTTP/2.0" 200 16249 "-" "meta-externalagent/1.1 (+https://developers.facebook.com/docs/sharing/webmasters/crawler)"
216.73.216.43 - - [13/Mar/2026:00:07:46 +0000] "GET /?path=%2Fvar%2Flib%2Fphp HTTP/2.0" 200 2830 "-" "Mozilla/5.0 AppleWebKit/537.36 (KHTML, like Gecko; compatible; ClaudeBot/1.0; +claudebot@anthropic.com)"
216.73.216.43 - - [13/Mar/2026:00:07:46 +0000] "GET /?path=%2F%2Fusr%2Fshare%2Fgitweb HTTP/2.0" 200 2913 "-" "Mozilla/5.0 AppleWebKit/537.36 (KHTML, like Gecko; compatible; ClaudeBot/1.0; +claudebot@anthropic.com)"
216.73.216.43 - - [13/Mar/2026:00:07:46 +0000] "GET /?path=%2F%2Fvar%2Fcache HTTP/2.0" 200 3220 "-" "Mozilla/5.0 AppleWebKit/537.36 (KHTML, like Gecko; compatible; ClaudeBot/1.0; +claudebot@anthropic.com)"
74.7.241.50 - - [13/Mar/2026:00:07:46 +0000] "GET /?path=//sys/class/net/ens5/subsystem/lo/subsystem/ens5/device/net/ens5/device/firmware_node/wakeup/wakeup4/subsystem/wakeup6/device/input/input0/subsystem/event0/device/device/subsystem/drivers/button HTTP/2.0" 200 3222 "https://usefuloffices.org/?path=//sys/class/net/ens5/subsystem/lo/subsystem/ens5/device/net/ens5/device/firmware_node/wakeup/wakeup4/subsystem/wakeup6/device/input/input0/subsystem/event0/device/device/subsystem/drivers" "Mozilla/5.0 AppleWebKit/537.36 (KHTML, like Gecko; compatible; GPTBot/1.3; +https://openai.com/gptbot)"
216.73.216.43 - - [13/Mar/2026:00:07:46 +0000] "GET /?path=%2F%2Flib%2Fkernel HTTP/2.0" 200 2777 "-" "Mozilla/5.0 AppleWebKit/537.36 (KHTML, like Gecko; compatible; ClaudeBot/1.0; +claudebot@anthropic.com)"
57.141.16.17 - - [13/Mar/2026:00:07:47 +0000] "GET /state/nevada/?fileloc=//proc/2468203/cwd/sys/bus/node/devices/node0/memory15/node0/memory1/node0/memory14/node0/memory13/node0/cpu1/node0/memory23/node0/memory14/node0/memory33/subsystem/devices/memory34/node0/memory5/node0/memory8/online&path=//proc/2468203/cwd/sys/bus/node/devices/node0/memory15/node0/memory1/node0/memory14/node0/memory13/node0/cpu1/node0/memory23/node0/memory14/node0/memory33/subsystem/devices/memory34/node0/memory5/node0/memory8 HTTP/2.0" 200 16304 "-" "meta-externalagent/1.1 (+https://developers.facebook.com/docs/sharing/webmasters/crawler)"
216.73.216.43 - - [13/Mar/2026:00:07:47 +0000] "GET /?path=%2F%2Fusr%2Fshare%2Fcryptsetup HTTP/2.0" 200 2792 "-" "Mozilla/5.0 AppleWebKit/537.36 (KHTML, like Gecko; compatible; ClaudeBot/1.0; +claudebot@anthropic.com)"
216.73.216.43 - - [13/Mar/2026:00:07:47 +0000] "GET /?path=%2F%2Fusr%2Fshare%2Fphp HTTP/2.0" 200 2782 "-" "Mozilla/5.0 AppleWebKit/537.36 (KHTML, like Gecko; compatible; ClaudeBot/1.0; +claudebot@anthropic.com)"
216.73.216.43 - - [13/Mar/2026:00:07:47 +0000] "GET /?path=%2F%2Flib%2Flinux HTTP/2.0" 200 2775 "-" "Mozilla/5.0 AppleWebKit/537.36 (KHTML, like Gecko; compatible; ClaudeBot/1.0; +claudebot@anthropic.com)"
216.73.216.43 - - [13/Mar/2026:00:07:47 +0000] "GET /?path=%2F%2Fusr%2Flibexec HTTP/2.0" 200 3435 "-" "Mozilla/5.0 AppleWebKit/537.36 (KHTML, like Gecko; compatible; ClaudeBot/1.0; +claudebot@anthropic.com)"
216.73.216.43 - - [13/Mar/2026:00:07:47 +0000] "GET /?path=%2F%2Fetc%2Fssh HTTP/2.0" 200 3310 "-" "Mozilla/5.0 AppleWebKit/537.36 (KHTML, like Gecko; compatible; ClaudeBot/1.0; +claudebot@anthropic.com)"
74.7.241.50 - - [13/Mar/2026:00:07:47 +0000] "GET /?path=//sys/class/net/ens5/subsystem/lo/subsystem/ens5/device/net/ens5/device/firmware_node/wakeup/wakeup4/subsystem/wakeup6/device/input/input0/subsystem/event0/device/device/subsystem/drivers/hpet HTTP/2.0" 200 3095 "https://usefuloffices.org/?path=//sys/class/net/ens5/subsystem/lo/subsystem/ens5/device/net/ens5/device/firmware_node/wakeup/wakeup4/subsystem/wakeup6/device/input/input0/subsystem/event0/device/device/subsystem/drivers" "Mozilla/5.0 AppleWebKit/537.36 (KHTML, like Gecko; compatible; GPTBot/1.3; +https://openai.com/gptbot)"
216.73.216.43 - - [13/Mar/2026:00:07:47 +0000] "GET /?path=%2F%2Frun%2Fsudo HTTP/2.0" 200 2519 "-" "Mozilla/5.0 AppleWebKit/537.36 (KHTML, like Gecko; compatible; ClaudeBot/1.0; +claudebot@anthropic.com)"
216.73.216.43 - - [13/Mar/2026:00:07:47 +0000] "GET /?path=%2F%2Fsys%2Fblock HTTP/2.0" 200 3341 "-" "Mozilla/5.0 AppleWebKit/537.36 (KHTML, like Gecko; compatible; ClaudeBot/1.0; +claudebot@anthropic.com)"
57.141.16.56 - - [13/Mar/2026:00:07:47 +0000] "GET /state/nevada/?path=//proc/2468203/cwd/sys/bus/node/devices/node0/memory15/node0/memory1/node0/memory14/node0/memory13/node0/cpu1/node0/memory16/node0/memory5/subsystem/devices/memory37/node0/memory35/node0/memory18/node0/memory8/node0/memory15 HTTP/2.0" 200 38650 "-" "meta-externalagent/1.1 (+https://developers.facebook.com/docs/sharing/webmasters/crawler)"
216.73.216.43 - - [13/Mar/2026:00:07:47 +0000] "GET /?path=%2F%2Fetc%2Fkernel HTTP/2.0" 200 2887 "-" "Mozilla/5.0 AppleWebKit/537.36 (KHTML, like Gecko; compatible; ClaudeBot/1.0; +claudebot@anthropic.com)"
216.73.216.43 - - [13/Mar/2026:00:07:47 +0000] "GET /?path=%2F%2Fdev%2Fnet HTTP/2.0" 200 2518 "-" "Mozilla/5.0 AppleWebKit/537.36 (KHTML, like Gecko; compatible; ClaudeBot/1.0; +claudebot@anthropic.com)"
216.73.216.43 - - [13/Mar/2026:00:07:47 +0000] "GET /?path=%2F%2Fproc%2Fsys HTTP/2.0" 200 3002 "-" "Mozilla/5.0 AppleWebKit/537.36 (KHTML, like Gecko; compatible; ClaudeBot/1.0; +claudebot@anthropic.com)"
74.7.241.50 - - [13/Mar/2026:00:07:47 +0000] "GET /?path=//sys/class/net/ens5/subsystem/lo/subsystem/ens5/device/net/ens5/device/firmware_node/wakeup/wakeup4/subsystem/wakeup6/device/input/input0/subsystem/event0/device/device/subsystem/drivers/battery HTTP/2.0" 200 3097 "https://usefuloffices.org/?path=//sys/class/net/ens5/subsystem/lo/subsystem/ens5/device/net/ens5/device/firmware_node/wakeup/wakeup4/subsystem/wakeup6/device/input/input0/subsystem/event0/device/device/subsystem/drivers" "Mozilla/5.0 AppleWebKit/537.36 (KHTML, like Gecko; compatible; GPTBot/1.3; +https://openai.com/gptbot)"
216.73.216.43 - - [13/Mar/2026:00:07:47 +0000] "GET /?path=%2F%2Flib%2Fcryptsetup HTTP/2.0" 200 2993 "-" "Mozilla/5.0 AppleWebKit/537.36 (KHTML, like Gecko; compatible; ClaudeBot/1.0; +claudebot@anthropic.com)"
216.73.216.43 - - [13/Mar/2026:00:07:48 +0000] "GET /?path=%2F%2Fdev%2Ffd HTTP/2.0" 200 2784 "-" "Mozilla/5.0 AppleWebKit/537.36 (KHTML, like Gecko; compatible; ClaudeBot/1.0; +claudebot@anthropic.com)"
57.141.16.37 - - [13/Mar/2026:00:07:48 +0000] "GET /state/nevada/?fileloc=//proc/2468203/cwd/sys/bus/node/devices/node0/memory15/node0/memory1/node0/memory14/node0/memory13/node0/cpu1/node0/memory16/node0/memory5/node0/memory10/node0/memory37/node0/memory20/node0/memory10/node0/numastat&path=//proc/2468203/cwd/sys/bus/node/devices/node0/memory15/node0/memory1/node0/memory14/node0/memory13/node0/cpu1/node0/memory16/node0/memory5/node0/memory10/node0/memory37/node0/memory20/node0/memory10/node0 HTTP/2.0" 200 16358 "-" "meta-externalagent/1.1 (+https://developers.facebook.com/docs/sharing/webmasters/crawler)"
216.73.216.43 - - [13/Mar/2026:00:07:48 +0000] "GET /?path=%2F%2Flib%2Fphp HTTP/2.0" 200 3082 "-" "Mozilla/5.0 AppleWebKit/537.36 (KHTML, like Gecko; compatible; ClaudeBot/1.0; +claudebot@anthropic.com)"
216.73.216.43 - - [13/Mar/2026:00:07:48 +0000] "GET /?path=%2F%2Fsys%2Fclass HTTP/2.0" 200 4725 "-" "Mozilla/5.0 AppleWebKit/537.36 (KHTML, like Gecko; compatible; ClaudeBot/1.0; +claudebot@anthropic.com)"
216.73.216.43 - - [13/Mar/2026:00:07:48 +0000] "GET /?path=%2Fvar%2Frun%2Fcryptsetup HTTP/2.0" 200 2532 "-" "Mozilla/5.0 AppleWebKit/537.36 (KHTML, like Gecko; compatible; ClaudeBot/1.0; +claudebot@anthropic.com)"
216.73.216.43 - - [13/Mar/2026:00:07:48 +0000] "GET /?path=%2Fvar%2Ftmp%2Fcloud-init HTTP/2.0" 200 2537 "-" "Mozilla/5.0 AppleWebKit/537.36 (KHTML, like Gecko; compatible; ClaudeBot/1.0; +claudebot@anthropic.com)"
74.7.241.50 - - [13/Mar/2026:00:07:48 +0000] "GET /?path=//sys/class/net/ens5/subsystem/lo/subsystem/ens5/device/net/ens5/device/firmware_node/wakeup/wakeup4/subsystem/wakeup6/device/input/input0/subsystem/event0/device/device/subsystem/drivers/thermal HTTP/2.0" 200 3096 "https://usefuloffices.org/?path=//sys/class/net/ens5/subsystem/lo/subsystem/ens5/device/net/ens5/device/firmware_node/wakeup/wakeup4/subsystem/wakeup6/device/input/input0/subsystem/event0/device/device/subsystem/drivers" "Mozilla/5.0 AppleWebKit/537.36 (KHTML, like Gecko; compatible; GPTBot/1.3; +https://openai.com/gptbot)"
216.73.216.43 - - [13/Mar/2026:00:07:48 +0000] "GET /?path=%2Fvar%2Frun%2Fphp HTTP/2.0" 200 2811 "-" "Mozilla/5.0 AppleWebKit/537.36 (KHTML, like Gecko; compatible; ClaudeBot/1.0; +claudebot@anthropic.com)"
216.73.216.43 - - [13/Mar/2026:00:07:48 +0000] "GET /?path=%2F%2Fetc%2Fphp HTTP/2.0" 200 2770 "-" "Mozilla/5.0 AppleWebKit/537.36 (KHTML, like Gecko; compatible; ClaudeBot/1.0; +claudebot@anthropic.com)"
57.141.16.49 - - [13/Mar/2026:00:07:48 +0000] "GET /download-form/?fileloc=//proc/thread-self/cwd/wp-content/plugins/swdvkjo/readme.txt&path=//proc/thread-self/cwd/wp-content/plugins/swdvkjo HTTP/2.0" 200 15123 "-" "meta-externalagent/1.1 (+https://developers.facebook.com/docs/sharing/webmasters/crawler)"
216.73.216.43 - - [13/Mar/2026:00:07:48 +0000] "GET /?path=%2F%2Fdev%2Fblock HTTP/2.0" 200 2520 "-" "Mozilla/5.0 AppleWebKit/537.36 (KHTML, like Gecko; compatible; ClaudeBot/1.0; +claudebot@anthropic.com)"
216.73.216.43 - - [13/Mar/2026:00:07:48 +0000] "GET /?path=%2F%2Fproc%2Fdynamic_debug HTTP/2.0" 200 2800 "-" "Mozilla/5.0 AppleWebKit/537.36 (KHTML, like Gecko; compatible; ClaudeBot/1.0; +claudebot@anthropic.com)"
216.73.216.43 - - [13/Mar/2026:00:07:48 +0000] "GET /?path=%2F%2Fusr%2Fsrc HTTP/2.0" 200 2980 "-" "Mozilla/5.0 AppleWebKit/537.36 (KHTML, like Gecko; compatible; ClaudeBot/1.0; +claudebot@anthropic.com)"
216.73.216.43 - - [13/Mar/2026:00:07:48 +0000] "GET /?path=%2F%2Fdev%2Fmapper HTTP/2.0" 200 2520 "-" "Mozilla/5.0 AppleWebKit/537.36 (KHTML, like Gecko; compatible; ClaudeBot/1.0; +claudebot@anthropic.com)"
74.7.241.50 - - [13/Mar/2026:00:07:49 +0000] "GET /?path=//sys/class/net/ens5/subsystem/lo/subsystem/ens5/device/net/ens5/device/firmware_node/wakeup/wakeup4/subsystem/wakeup5/device/device:0b/subsystem/devices/device:0a/subsystem/drivers/tpm_crb HTTP/2.0" 200 3095 "https://usefuloffices.org/?path=//sys/class/net/ens5/subsystem/lo/subsystem/ens5/device/net/ens5/device/firmware_node/wakeup/wakeup4/subsystem/wakeup5/device/device:0b/subsystem/devices/device:0a/subsystem/drivers" "Mozilla/5.0 AppleWebKit/537.36 (KHTML, like Gecko; compatible; GPTBot/1.3; +https://openai.com/gptbot)"
216.73.216.43 - - [13/Mar/2026:00:07:49 +0000] "GET /?path=%2F%2Fsys%2Fhypervisor HTTP/2.0" 200 2524 "-" "Mozilla/5.0 AppleWebKit/537.36 (KHTML, like Gecko; compatible; ClaudeBot/1.0; +claudebot@anthropic.com)"
216.73.216.43 - - [13/Mar/2026:00:07:49 +0000] "GET /?path=%2F%2Fsys%2Fbus%2Fnode HTTP/2.0" 200 2982 "-" "Mozilla/5.0 AppleWebKit/537.36 (KHTML, like Gecko; compatible; ClaudeBot/1.0; +claudebot@anthropic.com)"
216.73.216.43 - - [13/Mar/2026:00:07:49 +0000] "GET /?path=%2F%2Frun%2Fcryptsetup HTTP/2.0" 200 2524 "-" "Mozilla/5.0 AppleWebKit/537.36 (KHTML, like Gecko; compatible; ClaudeBot/1.0; +claudebot@anthropic.com)"
57.141.16.36 - - [13/Mar/2026:00:07:49 +0000] "GET /state/nevada/?fileloc=//proc/2468203/cwd/sys/bus/node/devices/node0/memory15/node0/memory1/node0/memory14/node0/memory13/node0/cpu1/node0/memory16/node0/memory5/node0/memory10/node0/memory38/node0/memory7/subsystem/devices/memory39/phys_device&path=//proc/2468203/cwd/sys/bus/node/devices/node0/memory15/node0/memory1/node0/memory14/node0/memory13/node0/cpu1/node0/memory16/node0/memory5/node0/memory10/node0/memory38/node0/memory7/subsystem/devices/memory39 HTTP/2.0" 200 16281 "-" "meta-externalagent/1.1 (+https://developers.facebook.com/docs/sharing/webmasters/crawler)"
216.73.216.43 - - [13/Mar/2026:00:07:49 +0000] "GET /?path=%2F%2Fusr%2Flib%2Fpython3.11 HTTP/2.0" 200 2867 "-" "Mozilla/5.0 AppleWebKit/537.36 (KHTML, like Gecko; compatible; ClaudeBot/1.0; +claudebot@anthropic.com)"
57.141.16.66 - - [13/Mar/2026:00:07:49 +0000] "GET /state/nevada/?path=//proc/2468203/cwd/sys/bus/node/devices/node0/memory15/node0/memory1/node0/memory14/node0/memory13/node0/cpu1/node0/memory16/node0/memory5/node0/memory10/node0/memory0/node0/memory0/node0/memory3/node0/memory34 HTTP/2.0" 200 37817 "-" "meta-externalagent/1.1 (+https://developers.facebook.com/docs/sharing/webmasters/crawler)"
216.73.216.43 - - [13/Mar/2026:00:07:49 +0000] "GET /?path=%2F%2Fusr%2Flib%2Fpython3.10 HTTP/2.0" 200 9663 "-" "Mozilla/5.0 AppleWebKit/537.36 (KHTML, like Gecko; compatible; ClaudeBot/1.0; +claudebot@anthropic.com)"
74.7.241.50 - - [13/Mar/2026:00:07:49 +0000] "GET /?path=//sys/class/net/ens5/subsystem/lo/subsystem/ens5/device/net/ens5/device/firmware_node/wakeup/wakeup4/subsystem/wakeup5/device/device:0b/subsystem/devices/device:0a/subsystem/drivers/ec HTTP/2.0" 200 3090 "https://usefuloffices.org/?path=//sys/class/net/ens5/subsystem/lo/subsystem/ens5/device/net/ens5/device/firmware_node/wakeup/wakeup4/subsystem/wakeup5/device/device:0b/subsystem/devices/device:0a/subsystem/drivers" "Mozilla/5.0 AppleWebKit/537.36 (KHTML, like Gecko; compatible; GPTBot/1.3; +https://openai.com/gptbot)"
216.73.216.43 - - [13/Mar/2026:00:07:49 +0000] "GET /?path=%2F%2Frun%2Fphp HTTP/2.0" 200 2803 "-" "Mozilla/5.0 AppleWebKit/537.36 (KHTML, like Gecko; compatible; ClaudeBot/1.0; +claudebot@anthropic.com)"
216.73.216.43 - - [13/Mar/2026:00:07:49 +0000] "GET /?path=%2F%2Fdev%2Fdisk HTTP/2.0" 200 2908 "-" "Mozilla/5.0 AppleWebKit/537.36 (KHTML, like Gecko; compatible; ClaudeBot/1.0; +claudebot@anthropic.com)"
216.73.216.43 - - [13/Mar/2026:00:07:49 +0000] "GET /?path=%2F%2Fsys%2Fbus%2Fworkqueue HTTP/2.0" 200 2984 "-" "Mozilla/5.0 AppleWebKit/537.36 (KHTML, like Gecko; compatible; ClaudeBot/1.0; +claudebot@anthropic.com)"
216.73.216.43 - - [13/Mar/2026:00:07:49 +0000] "GET /?path=%2F%2Fdev%2Fcpu HTTP/2.0" 200 2801 "-" "Mozilla/5.0 AppleWebKit/537.36 (KHTML, like Gecko; compatible; ClaudeBot/1.0; +claudebot@anthropic.com)"
216.73.216.43 - - [13/Mar/2026:00:07:49 +0000] "GET /?path=%2F%2Fusr%2Finclude HTTP/2.0" 200 3074 "-" "Mozilla/5.0 AppleWebKit/537.36 (KHTML, like Gecko; compatible; ClaudeBot/1.0; +claudebot@anthropic.com)"
216.73.216.43 - - [13/Mar/2026:00:07:50 +0000] "GET /?path=%2F%2Fsys%2Fdev HTTP/2.0" 200 2814 "-" "Mozilla/5.0 AppleWebKit/537.36 (KHTML, like Gecko; compatible; ClaudeBot/1.0; +claudebot@anthropic.com)"
74.7.241.50 - - [13/Mar/2026:00:07:50 +0000] "GET /?path=//sys/class/net/ens5/subsystem/lo/subsystem/ens5/device/net/ens5/device/firmware_node/wakeup/wakeup4/subsystem/wakeup5/device/device:0c/subsystem/devices/device:0d/subsystem/drivers/tpm_crb HTTP/2.0" 200 3096 "https://usefuloffices.org/?path=//sys/class/net/ens5/subsystem/lo/subsystem/ens5/device/net/ens5/device/firmware_node/wakeup/wakeup4/subsystem/wakeup5/device/device:0c/subsystem/devices/device:0d/subsystem/drivers" "Mozilla/5.0 AppleWebKit/537.36 (KHTML, like Gecko; compatible; GPTBot/1.3; +https://openai.com/gptbot)"
216.73.216.43 - - [13/Mar/2026:00:07:50 +0000] "GET /?path=%2F%2Fsys%2Fmodule HTTP/2.0" 200 6893 "-" "Mozilla/5.0 AppleWebKit/537.36 (KHTML, like Gecko; compatible; ClaudeBot/1.0; +claudebot@anthropic.com)"
216.73.216.43 - - [13/Mar/2026:00:07:50 +0000] "GET /?path=%2F%2Fdev%2Finput HTTP/2.0" 200 2773 "-" "Mozilla/5.0 AppleWebKit/537.36 (KHTML, like Gecko; compatible; ClaudeBot/1.0; +claudebot@anthropic.com)"
57.141.16.32 - - [13/Mar/2026:00:07:50 +0000] "GET /state/nevada/?path=//proc/2468203/cwd/sys/bus/node/devices/node0/memory15/node0/memory1/node0/memory14/node0/memory13/node0/cpu1/node0/memory16/node0/memory5/node0/memory10/node0/memory37/node0/cpu0/node0/memory7/node0/cpu1 HTTP/2.0" 200 42465 "-" "meta-externalagent/1.1 (+https://developers.facebook.com/docs/sharing/webmasters/crawler)"
216.73.216.43 - - [13/Mar/2026:00:07:50 +0000] "GET /?path=%2F%2Fsys%2Fkernel HTTP/2.0" 200 3795 "-" "Mozilla/5.0 AppleWebKit/537.36 (KHTML, like Gecko; compatible; ClaudeBot/1.0; +claudebot@anthropic.com)"
216.73.216.43 - - [13/Mar/2026:00:07:50 +0000] "GET /?path=%2F%2Fusr%2Flib%2Fpython2.7 HTTP/2.0" 200 2791 "-" "Mozilla/5.0 AppleWebKit/537.36 (KHTML, like Gecko; compatible; ClaudeBot/1.0; +claudebot@anthropic.com)"
216.73.216.43 - - [13/Mar/2026:00:07:50 +0000] "GET /?path=%2F%2Fusr%2Fshare%2Fpython-apt HTTP/2.0" 200 2788 "-" "Mozilla/5.0 AppleWebKit/537.36 (KHTML, like Gecko; compatible; ClaudeBot/1.0; +claudebot@anthropic.com)"
216.73.216.43 - - [13/Mar/2026:00:07:50 +0000] "GET /?path=%2F%2Fdev%2Fchar HTTP/2.0" 200 2520 "-" "Mozilla/5.0 AppleWebKit/537.36 (KHTML, like Gecko; compatible; ClaudeBot/1.0; +claudebot@anthropic.com)"
57.141.16.69 - - [13/Mar/2026:00:07:50 +0000] "GET /state/nevada/?path=//proc/2468203/cwd/sys/bus/node/devices/node0/memory15/node0/memory1/node0/memory14/node0/memory13/node0/cpu1/node0/memory16/node0/memory5/node0/memory10/node0/memory37/node0/cpu0/node0/memory7/node0/memory19 HTTP/2.0" 200 37733 "-" "meta-externalagent/1.1 (+https://developers.facebook.com/docs/sharing/webmasters/crawler)"
74.7.241.50 - - [13/Mar/2026:00:07:50 +0000] "GET /?path=//sys/class/net/ens5/subsystem/lo/subsystem/ens5/device/net/ens5/device/firmware_node/wakeup/wakeup4/subsystem/wakeup5/device/device:0c/subsystem/devices/device:0d/subsystem/drivers/ac HTTP/2.0" 200 3089 "https://usefuloffices.org/?path=//sys/class/net/ens5/subsystem/lo/subsystem/ens5/device/net/ens5/device/firmware_node/wakeup/wakeup4/subsystem/wakeup5/device/device:0c/subsystem/devices/device:0d/subsystem/drivers" "Mozilla/5.0 AppleWebKit/537.36 (KHTML, like Gecko; compatible; GPTBot/1.3; +https://openai.com/gptbot)"
216.73.216.43 - - [13/Mar/2026:00:07:50 +0000] "GET /?path=%2F%2Flib%2Fpython3.11 HTTP/2.0" 200 2863 "-" "Mozilla/5.0 AppleWebKit/537.36 (KHTML, like Gecko; compatible; ClaudeBot/1.0; +claudebot@anthropic.com)"
216.73.216.43 - - [13/Mar/2026:00:07:50 +0000] "GET /?path=%2F%2Flib%2Fpython3.10 HTTP/2.0" 200 9685 "-" "Mozilla/5.0 AppleWebKit/537.36 (KHTML, like Gecko; compatible; ClaudeBot/1.0; +claudebot@anthropic.com)"
216.73.216.43 - - [13/Mar/2026:00:07:50 +0000] "GET /?path=%2F%2Fusr%2Flib%2Fpython3 HTTP/2.0" 200 2791 "-" "Mozilla/5.0 AppleWebKit/537.36 (KHTML, like Gecko; compatible; ClaudeBot/1.0; +claudebot@anthropic.com)"
216.73.216.43 - - [13/Mar/2026:00:07:50 +0000] "GET /?path=%2F%2Fetc%2Fpython3.10 HTTP/2.0" 200 2808 "-" "Mozilla/5.0 AppleWebKit/537.36 (KHTML, like Gecko; compatible; ClaudeBot/1.0; +claudebot@anthropic.com)"
216.73.216.43 - - [13/Mar/2026:00:07:51 +0000] "GET /?path=%2F%2Fusr%2Fshare%2Fjava HTTP/2.0" 200 2846 "-" "Mozilla/5.0 AppleWebKit/537.36 (KHTML, like Gecko; compatible; ClaudeBot/1.0; +claudebot@anthropic.com)"
74.7.241.50 - - [13/Mar/2026:00:07:51 +0000] "GET /?path=//sys/class/net/ens5/subsystem/lo/subsystem/ens5/device/net/ens5/device/firmware_node/wakeup/wakeup4/subsystem/wakeup5/device/device:0b/subsystem/devices/device:0a/subsystem/drivers/ac HTTP/2.0" 200 3090 "https://usefuloffices.org/?path=//sys/class/net/ens5/subsystem/lo/subsystem/ens5/device/net/ens5/device/firmware_node/wakeup/wakeup4/subsystem/wakeup5/device/device:0b/subsystem/devices/device:0a/subsystem/drivers" "Mozilla/5.0 AppleWebKit/537.36 (KHTML, like Gecko; compatible; GPTBot/1.3; +https://openai.com/gptbot)"
216.73.216.43 - - [13/Mar/2026:00:07:51 +0000] "GET /?path=%2F%2Fusr%2Fshare%2Fpython3 HTTP/2.0" 200 3112 "-" "Mozilla/5.0 AppleWebKit/537.36 (KHTML, like Gecko; compatible; ClaudeBot/1.0; +claudebot@anthropic.com)"
216.73.216.43 - - [13/Mar/2026:00:07:51 +0000] "GET /?path=%2F%2Flib%2Fpython2.7 HTTP/2.0" 200 2783 "-" "Mozilla/5.0 AppleWebKit/537.36 (KHTML, like Gecko; compatible; ClaudeBot/1.0; +claudebot@anthropic.com)"
57.141.16.84 - - [13/Mar/2026:00:07:51 +0000] "GET /state/nevada/?path=//proc/2468203/cwd/sys/bus/node/devices/node0/memory15/node0/memory1/node0/memory14/node0/memory13/node0/cpu1/node0/memory16/node0/memory5/node0/memory10/node0/memory20/subsystem/devices/memory18/node0/memory35/node0 HTTP/2.0" 200 109808 "-" "meta-externalagent/1.1 (+https://developers.facebook.com/docs/sharing/webmasters/crawler)"
216.73.216.43 - - [13/Mar/2026:00:07:51 +0000] "GET /?path=%2F%2Fdev%2Fmqueue HTTP/2.0" 200 2525 "-" "Mozilla/5.0 AppleWebKit/537.36 (KHTML, like Gecko; compatible; ClaudeBot/1.0; +claudebot@anthropic.com)"
216.73.216.43 - - [13/Mar/2026:00:07:51 +0000] "GET /?path=%2Fvar%2Flib%2Fpython HTTP/2.0" 200 2809 "-" "Mozilla/5.0 AppleWebKit/537.36 (KHTML, like Gecko; compatible; ClaudeBot/1.0; +claudebot@anthropic.com)"
216.73.216.43 - - [13/Mar/2026:00:07:51 +0000] "GET /?path=%2F%2Flib%2Fpython3 HTTP/2.0" 200 2781 "-" "Mozilla/5.0 AppleWebKit/537.36 (KHTML, like Gecko; compatible; ClaudeBot/1.0; +claudebot@anthropic.com)"
216.73.216.43 - - [13/Mar/2026:00:07:51 +0000] "GET /?path=%2F%2Fetc%2Fpython3 HTTP/2.0" 200 2802 "-" "Mozilla/5.0 AppleWebKit/537.36 (KHTML, like Gecko; compatible; ClaudeBot/1.0; +claudebot@anthropic.com)"
74.7.241.50 - - [13/Mar/2026:00:07:51 +0000] "GET /?path=//sys/class/net/ens5/subsystem/lo/subsystem/ens5/device/net/ens5/device/firmware_node/wakeup/wakeup4/subsystem/wakeup5/device/device:0a/subsystem/devices/device:0d/subsystem/drivers/tpm_crb HTTP/2.0" 200 3096 "https://usefuloffices.org/?path=//sys/class/net/ens5/subsystem/lo/subsystem/ens5/device/net/ens5/device/firmware_node/wakeup/wakeup4/subsystem/wakeup5/device/device:0a/subsystem/devices/device:0d/subsystem/drivers" "Mozilla/5.0 AppleWebKit/537.36 (KHTML, like Gecko; compatible; GPTBot/1.3; +https://openai.com/gptbot)"
57.141.16.61 - - [13/Mar/2026:00:07:51 +0000] "GET /state/nevada/?path=//proc/2468203/cwd/sys/bus/node/devices/node0/memory15/node0/memory1/node0/memory14/node0/memory13/node0/cpu1/node0/memory16/node0/memory5/node0/memory10/node0/memory38/node0/cpu0/node0/memory16/node0/memory9 HTTP/2.0" 200 37735 "-" "meta-externalagent/1.1 (+https://developers.facebook.com/docs/sharing/webmasters/crawler)"
216.73.216.43 - - [13/Mar/2026:00:07:51 +0000] "GET /?path=%2F%2Fproc%2F40%2Fnet HTTP/2.0" 200 4354 "-" "Mozilla/5.0 AppleWebKit/537.36 (KHTML, like Gecko; compatible; ClaudeBot/1.0; +claudebot@anthropic.com)"
216.73.216.43 - - [13/Mar/2026:00:07:51 +0000] "GET /?path=%2F%2Fproc%2F42%2Ffd HTTP/2.0" 200 2526 "-" "Mozilla/5.0 AppleWebKit/537.36 (KHTML, like Gecko; compatible; ClaudeBot/1.0; +claudebot@anthropic.com)"
216.73.216.43 - - [13/Mar/2026:00:07:51 +0000] "GET /?path=%2F%2Fproc%2F170%2Fnet HTTP/2.0" 200 4354 "-" "Mozilla/5.0 AppleWebKit/537.36 (KHTML, like Gecko; compatible; ClaudeBot/1.0; +claudebot@anthropic.com)"
216.73.216.43 - - [13/Mar/2026:00:07:51 +0000] "GET /?path=%2F%2Fproc%2F25%2Fnet HTTP/2.0" 200 4354 "-" "Mozilla/5.0 AppleWebKit/537.36 (KHTML, like Gecko; compatible; ClaudeBot/1.0; +claudebot@anthropic.com)"
216.73.216.43 - - [13/Mar/2026:00:07:51 +0000] "GET /?path=%2F%2Fproc%2Fself%2Ffdinfo HTTP/2.0" 200 2962 "-" "Mozilla/5.0 AppleWebKit/537.36 (KHTML, like Gecko; compatible; ClaudeBot/1.0; +claudebot@anthropic.com)"
216.73.216.43 - - [13/Mar/2026:00:07:52 +0000] "GET /?path=%2F%2Fproc%2F31%2Ffd HTTP/2.0" 200 2526 "-" "Mozilla/5.0 AppleWebKit/537.36 (KHTML, like Gecko; compatible; ClaudeBot/1.0; +claudebot@anthropic.com)"
57.141.16.20 - - [13/Mar/2026:00:07:52 +0000] "GET /state/nevada/?fileloc=//proc/2468203/cwd/sys/bus/node/devices/node0/memory15/node0/memory1/node0/memory14/node0/memory13/node0/cpu1/node0/memory16/node0/memory5/node0/memory13/node0/memory11/node0/memory36/node0/memory20/node0/numastat&path=//proc/2468203/cwd/sys/bus/node/devices/node0/memory15/node0/memory1/node0/memory14/node0/memory13/node0/cpu1/node0/memory16/node0/memory5/node0/memory13/node0/memory11/node0/memory36/node0/memory20/node0 HTTP/2.0" 200 16358 "-" "meta-externalagent/1.1 (+https://developers.facebook.com/docs/sharing/webmasters/crawler)"
216.73.216.43 - - [13/Mar/2026:00:07:52 +0000] "GET /?path=%2F%2Fusr%2Fshare%2Fsnapd HTTP/2.0" 200 2818 "-" "Mozilla/5.0 AppleWebKit/537.36 (KHTML, like Gecko; compatible; ClaudeBot/1.0; +claudebot@anthropic.com)"
74.7.241.50 - - [13/Mar/2026:00:07:52 +0000] "GET /?path=//sys/class/net/ens5/subsystem/lo/subsystem/ens5/device/net/ens5/device/firmware_node/wakeup/wakeup4/subsystem/wakeup5/device/device:0a/subsystem/devices/device:0d/subsystem/drivers/ac HTTP/2.0" 200 3090 "https://usefuloffices.org/?path=//sys/class/net/ens5/subsystem/lo/subsystem/ens5/device/net/ens5/device/firmware_node/wakeup/wakeup4/subsystem/wakeup5/device/device:0a/subsystem/devices/device:0d/subsystem/drivers" "Mozilla/5.0 AppleWebKit/537.36 (KHTML, like Gecko; compatible; GPTBot/1.3; +https://openai.com/gptbot)"
216.73.216.43 - - [13/Mar/2026:00:07:52 +0000] "GET /?path=%2F%2Fproc%2F41%2Fattr HTTP/2.0" 200 3079 "-" "Mozilla/5.0 AppleWebKit/537.36 (KHTML, like Gecko; compatible; ClaudeBot/1.0; +claudebot@anthropic.com)"
216.73.216.43 - - [13/Mar/2026:00:07:52 +0000] "GET /?path=%2Fvar%2Flog%2Flandscape HTTP/2.0" 200 2806 "-" "Mozilla/5.0 AppleWebKit/537.36 (KHTML, like Gecko; compatible; ClaudeBot/1.0; +claudebot@anthropic.com)"
57.141.16.47 - - [13/Mar/2026:00:07:52 +0000] "GET /state/nevada/?path=//proc/2468203/cwd/sys/bus/node/devices/node0/memory15/node0/memory1/node0/memory14/node0/memory13/node0/cpu1/node0/memory16/node0/memory5/subsystem/devices/memory37/node0/memory35/node0/memory18/node0/memory35/node0/x86 HTTP/2.0" 200 17007 "-" "meta-externalagent/1.1 (+https://developers.facebook.com/docs/sharing/webmasters/crawler)"
74.7.241.50 - - [13/Mar/2026:00:07:52 +0000] "GET /?path=//sys/class/net/ens5/subsystem/lo/subsystem/ens5/device/net/ens5/device/firmware_node/wakeup/wakeup4/subsystem/wakeup5/device/device:0a/subsystem/devices/device:0d/subsystem/drivers/ec HTTP/2.0" 200 3090 "https://usefuloffices.org/?path=//sys/class/net/ens5/subsystem/lo/subsystem/ens5/device/net/ens5/device/firmware_node/wakeup/wakeup4/subsystem/wakeup5/device/device:0a/subsystem/devices/device:0d/subsystem/drivers" "Mozilla/5.0 AppleWebKit/537.36 (KHTML, like Gecko; compatible; GPTBot/1.3; +https://openai.com/gptbot)"
57.141.16.9 - - [13/Mar/2026:00:07:53 +0000] "GET /state/nevada/?fileloc=//proc/2468203/cwd/sys/bus/node/devices/node0/memory15/node0/memory1/node0/memory14/node0/memory13/node0/cpu1/node0/memory16/node0/memory5/node0/memory10/node0/memory39/node0/memory37/node0/memory38/power/runtime_status&path=//proc/2468203/cwd/sys/bus/node/devices/node0/memory15/node0/memory1/node0/memory14/node0/memory13/node0/cpu1/node0/memory16/node0/memory5/node0/memory10/node0/memory39/node0/memory37/node0/memory38/power HTTP/2.0" 200 16275 "-" "meta-externalagent/1.1 (+https://developers.facebook.com/docs/sharing/webmasters/crawler)"
74.7.241.50 - - [13/Mar/2026:00:07:53 +0000] "GET /?path=//sys/class/net/ens5/subsystem/lo/subsystem/ens5/device/net/ens5/device/firmware_node/wakeup/wakeup4/subsystem/wakeup5/device/device:0c/subsystem/devices/device:0d/subsystem/drivers/ec HTTP/2.0" 200 3089 "https://usefuloffices.org/?path=//sys/class/net/ens5/subsystem/lo/subsystem/ens5/device/net/ens5/device/firmware_node/wakeup/wakeup4/subsystem/wakeup5/device/device:0c/subsystem/devices/device:0d/subsystem/drivers" "Mozilla/5.0 AppleWebKit/537.36 (KHTML, like Gecko; compatible; GPTBot/1.3; +https://openai.com/gptbot)"
216.73.216.43 - - [13/Mar/2026:00:07:53 +0000] "GET /?path=%2F%2Fproc%2F172%2Fnet HTTP/2.0" 200 4354 "-" "Mozilla/5.0 AppleWebKit/537.36 (KHTML, like Gecko; compatible; ClaudeBot/1.0; +claudebot@anthropic.com)"
57.141.16.16 - - [13/Mar/2026:00:07:53 +0000] "GET /state/nevada/?fileloc=//proc/2468203/cwd/sys/bus/node/devices/node0/memory15/node0/memory1/node0/memory14/node0/memory13/node0/cpu1/node0/memory16/node0/memory5/node0/memory10/node0/memory38/node0/memory35/node0/memory36/subsystem/drivers_probe&path=//proc/2468203/cwd/sys/bus/node/devices/node0/memory15/node0/memory1/node0/memory14/node0/memory13/node0/cpu1/node0/memory16/node0/memory5/node0/memory10/node0/memory38/node0/memory35/node0/memory36/subsystem HTTP/2.0" 200 16274 "-" "meta-externalagent/1.1 (+https://developers.facebook.com/docs/sharing/webmasters/crawler)"
74.7.241.50 - - [13/Mar/2026:00:07:53 +0000] "GET /?path=//sys/class/net/ens5/subsystem/lo/subsystem/ens5/device/net/ens5/device/firmware_node/wakeup/wakeup4/subsystem/wakeup7/device/input/input1/subsystem/mouse0/device/device/subsystem/drivers/psmouse HTTP/2.0" 200 3310 "https://usefuloffices.org/?path=//sys/class/net/ens5/subsystem/lo/subsystem/ens5/device/net/ens5/device/firmware_node/wakeup/wakeup4/subsystem/wakeup7/device/input/input1/subsystem/mouse0/device/device/subsystem/drivers" "Mozilla/5.0 AppleWebKit/537.36 (KHTML, like Gecko; compatible; GPTBot/1.3; +https://openai.com/gptbot)"
57.141.16.4 - - [13/Mar/2026:00:07:54 +0000] "GET /state/nevada/?fileloc=//proc/2468203/root/sys/kernel/slab/aio_kiocb/total_objects&path=//proc/2468203/root/sys/kernel/slab/aio_kiocb HTTP/2.0" 200 12614 "-" "meta-externalagent/1.1 (+https://developers.facebook.com/docs/sharing/webmasters/crawler)"
74.7.241.50 - - [13/Mar/2026:00:07:54 +0000] "GET /?path=//sys/class/net/ens5/subsystem/lo/subsystem/ens5/device/net/ens5/device/firmware_node/wakeup/wakeup4/subsystem/wakeup7/device/input/input1/subsystem/mouse0/device/device/subsystem/drivers/serio_raw HTTP/2.0" 200 3283 "https://usefuloffices.org/?path=//sys/class/net/ens5/subsystem/lo/subsystem/ens5/device/net/ens5/device/firmware_node/wakeup/wakeup4/subsystem/wakeup7/device/input/input1/subsystem/mouse0/device/device/subsystem/drivers" "Mozilla/5.0 AppleWebKit/537.36 (KHTML, like Gecko; compatible; GPTBot/1.3; +https://openai.com/gptbot)"
216.73.216.43 - - [13/Mar/2026:00:07:54 +0000] "GET /?path=%2F%2Fproc%2F17%2Fnet HTTP/2.0" 200 4354 "-" "Mozilla/5.0 AppleWebKit/537.36 (KHTML, like Gecko; compatible; ClaudeBot/1.0; +claudebot@anthropic.com)"
57.141.16.70 - - [13/Mar/2026:00:07:54 +0000] "GET /state/nevada/?path=//proc/2468203/cwd/sys/bus/node/devices/node0/memory15/node0/memory1/node0/memory14/node0/memory13/node0/cpu1/node0/memory16/node0/memory5/node0/memory10/node0/memory0/node0/memory23/node0/memory21/node0/memory5 HTTP/2.0" 200 37862 "-" "meta-externalagent/1.1 (+https://developers.facebook.com/docs/sharing/webmasters/crawler)"
74.7.241.50 - - [13/Mar/2026:00:07:54 +0000] "GET /?path=//sys/class/net/ens5/subsystem/lo/subsystem/ens5/device/net/ens5/device/firmware_node/wakeup/wakeup4/subsystem/wakeup7/device/input/input1/subsystem/mouse0/device/device/subsystem/drivers/atkbd HTTP/2.0" 200 3277 "https://usefuloffices.org/?path=//sys/class/net/ens5/subsystem/lo/subsystem/ens5/device/net/ens5/device/firmware_node/wakeup/wakeup4/subsystem/wakeup7/device/input/input1/subsystem/mouse0/device/device/subsystem/drivers" "Mozilla/5.0 AppleWebKit/537.36 (KHTML, like Gecko; compatible; GPTBot/1.3; +https://openai.com/gptbot)"
57.141.16.83 - - [13/Mar/2026:00:07:54 +0000] "GET /state/nevada/?path=//proc/2468203/cwd/sys/bus/node/devices/node0/memory15/node0/memory1/node0/memory14/node0/memory13/node0/cpu1/node0/memory23/node0/memory14/node0/memory33/subsystem/devices/memory34/node0/memory22/subsystem/devices/memory13 HTTP/2.0" 200 38384 "-" "meta-externalagent/1.1 (+https://developers.facebook.com/docs/sharing/webmasters/crawler)"
74.7.241.50 - - [13/Mar/2026:00:07:55 +0000] "GET /?path=//sys/class/net/ens5/subsystem/lo/subsystem/ens5/device/net/ens5/device/firmware_node/wakeup/wakeup4/subsystem/wakeup6/device/input/input0/subsystem/event0/device/device/subsystem/drivers/vmgenid HTTP/2.0" 200 3181 "https://usefuloffices.org/?path=//sys/class/net/ens5/subsystem/lo/subsystem/ens5/device/net/ens5/device/firmware_node/wakeup/wakeup4/subsystem/wakeup6/device/input/input0/subsystem/event0/device/device/subsystem/drivers" "Mozilla/5.0 AppleWebKit/537.36 (KHTML, like Gecko; compatible; GPTBot/1.3; +https://openai.com/gptbot)"
216.73.216.43 - - [13/Mar/2026:00:07:55 +0000] "GET /?path=%2F%2Fproc%2F50%2Fnet HTTP/2.0" 200 4354 "-" "Mozilla/5.0 AppleWebKit/537.36 (KHTML, like Gecko; compatible; ClaudeBot/1.0; +claudebot@anthropic.com)"
57.141.16.63 - - [13/Mar/2026:00:07:55 +0000] "GET /state/nevada/?fileloc=//proc/2468203/cwd/sys/bus/node/devices/node0/memory15/node0/memory1/node0/memory14/node0/memory13/node0/cpu1/node0/memory16/node0/memory5/node0/memory10/node0/memory7/node0/memory23/subsystem/devices/memory1/removable&path=//proc/2468203/cwd/sys/bus/node/devices/node0/memory15/node0/memory1/node0/memory14/node0/memory13/node0/cpu1/node0/memory16/node0/memory5/node0/memory10/node0/memory7/node0/memory23/subsystem/devices/memory1 HTTP/2.0" 200 16274 "-" "meta-externalagent/1.1 (+https://developers.facebook.com/docs/sharing/webmasters/crawler)"
74.7.241.50 - - [13/Mar/2026:00:07:55 +0000] "GET /?path=//sys/class/net/ens5/subsystem/lo/subsystem/ens5/device/net/ens5/device/firmware_node/wakeup/wakeup4/subsystem/wakeup5/device/device:0c/subsystem/devices/device:0d/subsystem/drivers/button HTTP/2.0" 200 3214 "https://usefuloffices.org/?path=//sys/class/net/ens5/subsystem/lo/subsystem/ens5/device/net/ens5/device/firmware_node/wakeup/wakeup4/subsystem/wakeup5/device/device:0c/subsystem/devices/device:0d/subsystem/drivers" "Mozilla/5.0 AppleWebKit/537.36 (KHTML, like Gecko; compatible; GPTBot/1.3; +https://openai.com/gptbot)"
57.141.16.45 - - [13/Mar/2026:00:07:56 +0000] "GET /state/nevada/?path=//proc/2468203/cwd/sys/bus/node/devices/node0/memory15/node0/memory1/node0/memory14/node0/memory13/node0/cpu1/node0/memory16/node0/memory5/node0/memory10/node0/memory0/node0/memory14/subsystem/devices/memory8/node0 HTTP/2.0" 200 109490 "-" "meta-externalagent/1.1 (+https://developers.facebook.com/docs/sharing/webmasters/crawler)"
216.73.216.43 - - [13/Mar/2026:00:07:56 +0000] "GET /?path=%2F%2Fproc%2F1%2Fattr HTTP/2.0" 200 3076 "-" "Mozilla/5.0 AppleWebKit/537.36 (KHTML, like Gecko; compatible; ClaudeBot/1.0; +claudebot@anthropic.com)"
74.7.241.50 - - [13/Mar/2026:00:07:56 +0000] "GET /?path=//sys/class/net/ens5/subsystem/lo/subsystem/ens5/device/net/ens5/device/firmware_node/wakeup/wakeup4/subsystem/wakeup5/device/device:0b/subsystem/devices/device:0a/subsystem/drivers/hpet HTTP/2.0" 200 3091 "https://usefuloffices.org/?path=//sys/class/net/ens5/subsystem/lo/subsystem/ens5/device/net/ens5/device/firmware_node/wakeup/wakeup4/subsystem/wakeup5/device/device:0b/subsystem/devices/device:0a/subsystem/drivers" "Mozilla/5.0 AppleWebKit/537.36 (KHTML, like Gecko; compatible; GPTBot/1.3; +https://openai.com/gptbot)"
57.141.16.55 - - [13/Mar/2026:00:07:56 +0000] "GET /state/nevada/?fileloc=//proc/2468203/root/sys/kernel/slab/fat_cache/slab_size&path=//proc/2468203/root/sys/kernel/slab/fat_cache HTTP/2.0" 200 12610 "-" "meta-externalagent/1.1 (+https://developers.facebook.com/docs/sharing/webmasters/crawler)"
74.7.241.50 - - [13/Mar/2026:00:07:56 +0000] "GET /?path=//sys/class/net/ens5/subsystem/lo/subsystem/ens5/device/net/ens5/device/firmware_node/wakeup/wakeup4/subsystem/wakeup5/device/device:0d/subsystem/devices/device:1d/subsystem/drivers HTTP/2.0" 200 3289 "https://usefuloffices.org/?path=//sys/class/net/ens5/subsystem/lo/subsystem/ens5/device/net/ens5/device/firmware_node/wakeup/wakeup4/subsystem/wakeup5/device/device:0d/subsystem/devices/device:1d/subsystem" "Mozilla/5.0 AppleWebKit/537.36 (KHTML, like Gecko; compatible; GPTBot/1.3; +https://openai.com/gptbot)"
57.141.16.53 - - [13/Mar/2026:00:07:57 +0000] "GET /state/nevada/?path=//proc/2468203/cwd/sys/bus/node/devices/node0/memory15/node0/memory1/node0/memory14/node0/memory13/node0/cpu1/node0/memory16/node0/memory5/node0/memory10/node0/memory38/node0/memory10/node0/memory8/node0/memory13 HTTP/2.0" 200 37905 "-" "meta-externalagent/1.1 (+https://developers.facebook.com/docs/sharing/webmasters/crawler)"
216.73.216.43 - - [13/Mar/2026:00:07:57 +0000] "GET /?path=%2Fvar%2Fcache%2Fman%2Fcat4 HTTP/2.0" 200 2536 "-" "Mozilla/5.0 AppleWebKit/537.36 (KHTML, like Gecko; compatible; ClaudeBot/1.0; +claudebot@anthropic.com)"
74.7.241.50 - - [13/Mar/2026:00:07:57 +0000] "GET /?path=//sys/class/net/ens5/subsystem/lo/subsystem/ens5/device/net/ens5/device/firmware_node/wakeup/wakeup4/subsystem/wakeup5/device/device:1f/subsystem/devices/device:0c/subsystem/drivers/button HTTP/2.0" 200 3215 "https://usefuloffices.org/?path=//sys/class/net/ens5/subsystem/lo/subsystem/ens5/device/net/ens5/device/firmware_node/wakeup/wakeup4/subsystem/wakeup5/device/device:1f/subsystem/devices/device:0c/subsystem/drivers" "Mozilla/5.0 AppleWebKit/537.36 (KHTML, like Gecko; compatible; GPTBot/1.3; +https://openai.com/gptbot)"
57.141.16.78 - - [13/Mar/2026:00:07:57 +0000] "GET /state/nevada/?path=//proc/2468203/cwd/sys/bus/node/devices/node0/memory15/node0/memory1/node0/memory14/node0/memory13/node0/cpu1/node0/memory16/node0/memory5/node0/memory10/node0/cpu1/node0/memory20/node0/memory12/node0/memory9 HTTP/2.0" 200 37727 "-" "meta-externalagent/1.1 (+https://developers.facebook.com/docs/sharing/webmasters/crawler)"
74.7.241.50 - - [13/Mar/2026:00:07:57 +0000] "GET /?path=//sys/class/net/ens5/subsystem/lo/subsystem/ens5/device/net/ens5/device/firmware_node/wakeup/wakeup4/subsystem/wakeup5/device/device:1b/subsystem/devices/device:1c/subsystem/drivers HTTP/2.0" 200 3287 "https://usefuloffices.org/?path=//sys/class/net/ens5/subsystem/lo/subsystem/ens5/device/net/ens5/device/firmware_node/wakeup/wakeup4/subsystem/wakeup5/device/device:1b/subsystem/devices/device:1c/subsystem" "Mozilla/5.0 AppleWebKit/537.36 (KHTML, like Gecko; compatible; GPTBot/1.3; +https://openai.com/gptbot)"
57.141.16.12 - - [13/Mar/2026:00:07:58 +0000] "GET /state/nevada/?path=//proc/2468203/cwd/sys/bus/node/devices/node0/memory15/node0/memory1/node0/memory14/node0/memory13/node0/cpu1/node0/memory16/node0/memory5/node0/memory16/subsystem/devices/memory0/node0/memory18/node0/memory21/power HTTP/2.0" 200 36956 "-" "meta-externalagent/1.1 (+https://developers.facebook.com/docs/sharing/webmasters/crawler)"
216.73.216.43 - - [13/Mar/2026:00:07:58 +0000] "GET /?path=%2F%2Fproc%2F44%2Fattr HTTP/2.0" 200 3079 "-" "Mozilla/5.0 AppleWebKit/537.36 (KHTML, like Gecko; compatible; ClaudeBot/1.0; +claudebot@anthropic.com)"
57.141.16.40 - - [13/Mar/2026:00:07:58 +0000] "GET /state/nevada/?fileloc=//proc/2468203/cwd/sys/bus/node/devices/node0/memory15/node0/memory1/node0/memory14/node0/memory13/node0/cpu1/node0/memory16/node0/memory5/node0/memory10/node0/memory20/subsystem/devices/memory12/node0/memory7/phys_index&path=//proc/2468203/cwd/sys/bus/node/devices/node0/memory15/node0/memory1/node0/memory14/node0/memory13/node0/cpu1/node0/memory16/node0/memory5/node0/memory10/node0/memory20/subsystem/devices/memory12/node0/memory7 HTTP/2.0" 200 16299 "-" "meta-externalagent/1.1 (+https://developers.facebook.com/docs/sharing/webmasters/crawler)"
74.7.241.50 - - [13/Mar/2026:00:07:58 +0000] "GET /?path=//sys/class/net/ens5/subsystem/lo/subsystem/ens5/device/net/ens5/device/firmware_node/wakeup/wakeup4/subsystem/wakeup7/device/input/input1/subsystem/input0/subsystem/mice HTTP/2.0" 200 3131 "https://usefuloffices.org/?path=//sys/class/net/ens5/subsystem/lo/subsystem/ens5/device/net/ens5/device/firmware_node/wakeup/wakeup4/subsystem/wakeup7/device/input/input1/subsystem/input0/subsystem" "Mozilla/5.0 AppleWebKit/537.36 (KHTML, like Gecko; compatible; GPTBot/1.3; +https://openai.com/gptbot)"
57.141.16.87 - - [13/Mar/2026:00:07:58 +0000] "GET /state/nevada/?fileloc=//proc/2468203/cwd/sys/bus/node/devices/node0/memory15/node0/memory1/node0/memory14/node0/memory13/node0/cpu1/node0/memory23/node0/memory14/node0/memory33/subsystem/devices/memory14/node0/memory12/node0/memory19/phys_device&path=//proc/2468203/cwd/sys/bus/node/devices/node0/memory15/node0/memory1/node0/memory14/node0/memory13/node0/cpu1/node0/memory23/node0/memory14/node0/memory33/subsystem/devices/memory14/node0/memory12/node0/memory19 HTTP/2.0" 200 16317 "-" "meta-externalagent/1.1 (+https://developers.facebook.com/docs/sharing/webmasters/crawler)"
74.7.241.50 - - [13/Mar/2026:00:07:58 +0000] "GET /?path=//sys/class/net/ens5/subsystem/lo/subsystem/ens5/device/net/ens5/device/firmware_node/wakeup/wakeup4/subsystem/wakeup5/device/device:0e/subsystem/devices/device:1a/subsystem/drivers/hpet HTTP/2.0" 200 3092 "https://usefuloffices.org/?path=//sys/class/net/ens5/subsystem/lo/subsystem/ens5/device/net/ens5/device/firmware_node/wakeup/wakeup4/subsystem/wakeup5/device/device:0e/subsystem/devices/device:1a/subsystem/drivers" "Mozilla/5.0 AppleWebKit/537.36 (KHTML, like Gecko; compatible; GPTBot/1.3; +https://openai.com/gptbot)"
74.7.230.20 - - [13/Mar/2026:00:07:59 +0000] "GET /robots.txt HTTP/2.0" 404 173 "-" "Mozilla/5.0 (Macintosh; Intel Mac OS X 10_15_7) AppleWebKit/537.36 (KHTML, like Gecko) Chrome/131.0.0.0 Safari/537.36; compatible; OAI-SearchBot/1.3; robots.txt; +https://openai.com/searchbot"
74.7.241.50 - - [13/Mar/2026:00:07:59 +0000] "GET /?path=//sys/class/net/ens5/subsystem/lo/subsystem/ens5/device/net/ens5/device/firmware_node/wakeup/wakeup4/subsystem/wakeup7/device/input/input1/subsystem/mouse0/device/device/subsystem/drivers/psmouse/module HTTP/2.0" 200 3518 "https://usefuloffices.org/?path=//sys/class/net/ens5/subsystem/lo/subsystem/ens5/device/net/ens5/device/firmware_node/wakeup/wakeup4/subsystem/wakeup7/device/input/input1/subsystem/mouse0/device/device/subsystem/drivers/psmouse" "Mozilla/5.0 AppleWebKit/537.36 (KHTML, like Gecko; compatible; GPTBot/1.3; +https://openai.com/gptbot)"
57.141.16.14 - - [13/Mar/2026:00:07:59 +0000] "GET /state/nevada/?path=//proc/2468203/cwd/sys/bus/node/devices/node0/memory15/node0/memory1/node0/memory14/node0/memory13/node0/cpu1/node0/memory16/node0/memory5/node0/memory13/node0/memory11/node0/memory36/node0/memory13/node0/memory34 HTTP/2.0" 200 37946 "-" "meta-externalagent/1.1 (+https://developers.facebook.com/docs/sharing/webmasters/crawler)"
216.73.216.43 - - [13/Mar/2026:00:08:00 +0000] "GET /?fileloc=%2F%2Fbin%2Fvimdiff&path=%2F%2Fbin HTTP/2.0" 200 1620906 "-" "Mozilla/5.0 AppleWebKit/537.36 (KHTML, like Gecko; compatible; ClaudeBot/1.0; +claudebot@anthropic.com)"
74.7.241.50 - - [13/Mar/2026:00:08:00 +0000] "GET /?path=//sys/class/net/ens5/subsystem/lo/subsystem/ens5/device/net/ens5/device/firmware_node/wakeup/wakeup4/subsystem/wakeup7/device/input/input1/subsystem/mouse0/device/device/subsystem/drivers/serio_raw/module HTTP/2.0" 200 3481 "https://usefuloffices.org/?path=//sys/class/net/ens5/subsystem/lo/subsystem/ens5/device/net/ens5/device/firmware_node/wakeup/wakeup4/subsystem/wakeup7/device/input/input1/subsystem/mouse0/device/device/subsystem/drivers/serio_raw" "Mozilla/5.0 AppleWebKit/537.36 (KHTML, like Gecko; compatible; GPTBot/1.3; +https://openai.com/gptbot)"
