216.73.216.43 - - [13/Mar/2026:00:12:46 +0000] "GET /?path=%2F%2Fproc%2F50%2Ftask HTTP/2.0" 200 2779 "-" "Mozilla/5.0 AppleWebKit/537.36 (KHTML, like Gecko; compatible; ClaudeBot/1.0; +claudebot@anthropic.com)"
57.141.16.58 - - [13/Mar/2026:00:12:46 +0000] "GET /state/nevada/?fileloc=//proc/2468203/cwd/sys/bus/node/devices/node0/memory15/node0/memory1/node0/memory14/node0/memory13/node0/cpu1/node0/memory2/node0/memory16/node0/memory33/node0/memory37/node0/cpu0/driver/cpu1/cache/index3/id&path=//proc/2468203/cwd/sys/bus/node/devices/node0/memory15/node0/memory1/node0/memory14/node0/memory13/node0/cpu1/node0/memory2/node0/memory16/node0/memory33/node0/memory37/node0/cpu0/driver/cpu1/cache/index3 HTTP/2.0" 200 16455 "-" "meta-externalagent/1.1 (+https://developers.facebook.com/docs/sharing/webmasters/crawler)"
216.73.216.43 - - [13/Mar/2026:00:12:46 +0000] "GET /?path=%2F%2Fproc%2F17%2Ftask HTTP/2.0" 200 2779 "-" "Mozilla/5.0 AppleWebKit/537.36 (KHTML, like Gecko; compatible; ClaudeBot/1.0; +claudebot@anthropic.com)"
216.73.216.43 - - [13/Mar/2026:00:12:46 +0000] "GET /?path=%2F%2Fproc%2F595%2Ftask HTTP/2.0" 200 2852 "-" "Mozilla/5.0 AppleWebKit/537.36 (KHTML, like Gecko; compatible; ClaudeBot/1.0; +claudebot@anthropic.com)"
216.73.216.43 - - [13/Mar/2026:00:12:46 +0000] "GET /?path=%2F%2Fproc%2F20%2Ftask HTTP/2.0" 200 2778 "-" "Mozilla/5.0 AppleWebKit/537.36 (KHTML, like Gecko; compatible; ClaudeBot/1.0; +claudebot@anthropic.com)"
216.73.216.43 - - [13/Mar/2026:00:12:47 +0000] "GET /?path=%2F%2Fproc%2F464%2Ftask HTTP/2.0" 200 2782 "-" "Mozilla/5.0 AppleWebKit/537.36 (KHTML, like Gecko; compatible; ClaudeBot/1.0; +claudebot@anthropic.com)"
74.7.241.50 - - [13/Mar/2026:00:12:47 +0000] "GET /?path=//sys/class/net/ens5/subsystem/lo/subsystem/ens5/device/net/ens5/device/firmware_node/wakeup/wakeup4/subsystem/wakeup7/device/input/input1/subsystem/mice/subsystem/input0/id HTTP/2.0" 200 3123 "https://usefuloffices.org/?path=//sys/class/net/ens5/subsystem/lo/subsystem/ens5/device/net/ens5/device/firmware_node/wakeup/wakeup4/subsystem/wakeup7/device/input/input1/subsystem/mice/subsystem/input0" "Mozilla/5.0 AppleWebKit/537.36 (KHTML, like Gecko; compatible; GPTBot/1.3; +https://openai.com/gptbot)"
216.73.216.43 - - [13/Mar/2026:00:12:47 +0000] "GET /?path=%2F%2Fproc%2F66%2Ftask HTTP/2.0" 200 2779 "-" "Mozilla/5.0 AppleWebKit/537.36 (KHTML, like Gecko; compatible; ClaudeBot/1.0; +claudebot@anthropic.com)"
57.141.16.4 - - [13/Mar/2026:00:12:47 +0000] "GET /state/nevada/?path=//proc/2468203/cwd/sys/bus/node/devices/node0/memory15/node0/memory1/node0/memory14/node0/memory13/node0/cpu1/node0/memory16/node0/memory5/subsystem/devices/memory37/node0/memory35/node0/memory18/node0/memory1/node0/memory3 HTTP/2.0" 200 38611 "-" "meta-externalagent/1.1 (+https://developers.facebook.com/docs/sharing/webmasters/crawler)"
216.73.216.43 - - [13/Mar/2026:00:12:47 +0000] "GET /?path=%2F%2Fproc%2F57%2Ftask HTTP/2.0" 200 2780 "-" "Mozilla/5.0 AppleWebKit/537.36 (KHTML, like Gecko; compatible; ClaudeBot/1.0; +claudebot@anthropic.com)"
216.73.216.43 - - [13/Mar/2026:00:12:47 +0000] "GET /?path=%2F%2Fproc%2F11%2Ftask HTTP/2.0" 200 2778 "-" "Mozilla/5.0 AppleWebKit/537.36 (KHTML, like Gecko; compatible; ClaudeBot/1.0; +claudebot@anthropic.com)"
216.73.216.43 - - [13/Mar/2026:00:12:47 +0000] "GET /?path=%2F%2Fproc%2F19%2Ftask HTTP/2.0" 200 2779 "-" "Mozilla/5.0 AppleWebKit/537.36 (KHTML, like Gecko; compatible; ClaudeBot/1.0; +claudebot@anthropic.com)"
216.73.216.43 - - [13/Mar/2026:00:12:47 +0000] "GET /?path=%2F%2Fproc%2F56%2Ftask HTTP/2.0" 200 2779 "-" "Mozilla/5.0 AppleWebKit/537.36 (KHTML, like Gecko; compatible; ClaudeBot/1.0; +claudebot@anthropic.com)"
74.7.241.50 - - [13/Mar/2026:00:12:47 +0000] "GET /?path=//sys/class/net/ens5/subsystem/lo/subsystem/ens5/device/net/ens5/device/firmware_node/wakeup/wakeup4/subsystem/wakeup7/device/input/input1/subsystem/mice/subsystem/input0/subsystem HTTP/2.0" 200 3271 "https://usefuloffices.org/?path=//sys/class/net/ens5/subsystem/lo/subsystem/ens5/device/net/ens5/device/firmware_node/wakeup/wakeup4/subsystem/wakeup7/device/input/input1/subsystem/mice/subsystem/input0" "Mozilla/5.0 AppleWebKit/537.36 (KHTML, like Gecko; compatible; GPTBot/1.3; +https://openai.com/gptbot)"
216.73.216.43 - - [13/Mar/2026:00:12:47 +0000] "GET /?path=%2F%2Fproc%2F13%2Ftask HTTP/2.0" 200 2779 "-" "Mozilla/5.0 AppleWebKit/537.36 (KHTML, like Gecko; compatible; ClaudeBot/1.0; +claudebot@anthropic.com)"
216.73.216.43 - - [13/Mar/2026:00:12:47 +0000] "GET /?path=%2F%2Fproc%2F38%2Ftask HTTP/2.0" 200 2779 "-" "Mozilla/5.0 AppleWebKit/537.36 (KHTML, like Gecko; compatible; ClaudeBot/1.0; +claudebot@anthropic.com)"
57.141.16.18 - - [13/Mar/2026:00:12:47 +0000] "GET /state/nevada/?fileloc=//proc/2468203/cwd/sys/bus/node/devices/node0/memory15/node0/memory1/node0/memory14/node0/memory13/node0/cpu1/node0/memory16/node0/memory5/node0/memory10/node0/memory37/node0/cpu0/node0/cpu0/power/control&path=//proc/2468203/cwd/sys/bus/node/devices/node0/memory15/node0/memory1/node0/memory14/node0/memory13/node0/cpu1/node0/memory16/node0/memory5/node0/memory10/node0/memory37/node0/cpu0/node0/cpu0/power HTTP/2.0" 200 16221 "-" "meta-externalagent/1.1 (+https://developers.facebook.com/docs/sharing/webmasters/crawler)"
216.73.216.43 - - [13/Mar/2026:00:12:47 +0000] "GET /?path=%2F%2Fproc%2F16%2Ftask HTTP/2.0" 200 2779 "-" "Mozilla/5.0 AppleWebKit/537.36 (KHTML, like Gecko; compatible; ClaudeBot/1.0; +claudebot@anthropic.com)"
216.73.216.43 - - [13/Mar/2026:00:12:47 +0000] "GET /?path=%2F%2Fproc%2F39%2Ftask HTTP/2.0" 200 2779 "-" "Mozilla/5.0 AppleWebKit/537.36 (KHTML, like Gecko; compatible; ClaudeBot/1.0; +claudebot@anthropic.com)"
216.73.216.43 - - [13/Mar/2026:00:12:48 +0000] "GET /?path=%2F%2Fusr%2Flocal%2Fsrc HTTP/2.0" 200 2528 "-" "Mozilla/5.0 AppleWebKit/537.36 (KHTML, like Gecko; compatible; ClaudeBot/1.0; +claudebot@anthropic.com)"
74.7.241.50 - - [13/Mar/2026:00:12:48 +0000] "GET /?path=//sys/class/net/ens5/subsystem/lo/subsystem/ens5/device/net/ens5/device/firmware_node/wakeup/wakeup4/subsystem/wakeup5/device/device:1a/subsystem/devices/device:1b/subsystem/drivers/tpm_crb HTTP/2.0" 200 3095 "https://usefuloffices.org/?path=//sys/class/net/ens5/subsystem/lo/subsystem/ens5/device/net/ens5/device/firmware_node/wakeup/wakeup4/subsystem/wakeup5/device/device:1a/subsystem/devices/device:1b/subsystem/drivers" "Mozilla/5.0 AppleWebKit/537.36 (KHTML, like Gecko; compatible; GPTBot/1.3; +https://openai.com/gptbot)"
57.141.16.74 - - [13/Mar/2026:00:12:48 +0000] "GET /state/nevada/?fileloc=//proc/2468203/cwd/sys/bus/node/devices/node0/memory15/node0/memory1/node0/memory14/node0/memory13/node0/cpu1/node0/memory2/node0/memory16/node0/memory33/node0/memory14/node0/cpu1/node0/memory22/node0/memory18/valid_zones&path=//proc/2468203/cwd/sys/bus/node/devices/node0/memory15/node0/memory1/node0/memory14/node0/memory13/node0/cpu1/node0/memory2/node0/memory16/node0/memory33/node0/memory14/node0/cpu1/node0/memory22/node0/memory18 HTTP/2.0" 200 16488 "-" "meta-externalagent/1.1 (+https://developers.facebook.com/docs/sharing/webmasters/crawler)"
216.73.216.43 - - [13/Mar/2026:00:12:48 +0000] "GET /?path=%2F%2Fusr%2Fshare%2Fphp8.1-mbstring HTTP/2.0" 200 2791 "-" "Mozilla/5.0 AppleWebKit/537.36 (KHTML, like Gecko; compatible; ClaudeBot/1.0; +claudebot@anthropic.com)"
216.73.216.43 - - [13/Mar/2026:00:12:48 +0000] "GET /?path=%2F%2Fsys%2Fbus%2Fclocksource HTTP/2.0" 200 2985 "-" "Mozilla/5.0 AppleWebKit/537.36 (KHTML, like Gecko; compatible; ClaudeBot/1.0; +claudebot@anthropic.com)"
216.73.216.43 - - [13/Mar/2026:00:12:48 +0000] "GET /?path=%2F%2Fproc%2F53%2Ftask HTTP/2.0" 200 2779 "-" "Mozilla/5.0 AppleWebKit/537.36 (KHTML, like Gecko; compatible; ClaudeBot/1.0; +claudebot@anthropic.com)"
216.73.216.43 - - [13/Mar/2026:00:12:48 +0000] "GET /?path=%2F%2Frun%2Fsystemd%2Fusers HTTP/2.0" 200 2530 "-" "Mozilla/5.0 AppleWebKit/537.36 (KHTML, like Gecko; compatible; ClaudeBot/1.0; +claudebot@anthropic.com)"
57.141.16.72 - - [13/Mar/2026:00:12:48 +0000] "GET /state/nevada/?path=//proc/2468203/cwd/sys/bus/node/devices/node0/memory15/node0/memory1/node0/memory14/node0/memory13/node0/cpu1/node0/memory16/node0/memory5/node0/memory13/node0/memory11/node0/memory36/node0/memory21/node0/memory20 HTTP/2.0" 200 37946 "-" "meta-externalagent/1.1 (+https://developers.facebook.com/docs/sharing/webmasters/crawler)"
216.73.216.43 - - [13/Mar/2026:00:12:48 +0000] "GET /?path=%2F%2Fproc%2F18%2Ftask HTTP/2.0" 200 2779 "-" "Mozilla/5.0 AppleWebKit/537.36 (KHTML, like Gecko; compatible; ClaudeBot/1.0; +claudebot@anthropic.com)"
74.7.241.50 - - [13/Mar/2026:00:12:48 +0000] "GET /?path=//sys/class/net/ens5/subsystem/lo/subsystem/ens5/device/net/ens5/device/firmware_node/wakeup/wakeup4/subsystem/wakeup5/device/device:1a/subsystem/devices/device:1b/subsystem/drivers/ec HTTP/2.0" 200 3090 "https://usefuloffices.org/?path=//sys/class/net/ens5/subsystem/lo/subsystem/ens5/device/net/ens5/device/firmware_node/wakeup/wakeup4/subsystem/wakeup5/device/device:1a/subsystem/devices/device:1b/subsystem/drivers" "Mozilla/5.0 AppleWebKit/537.36 (KHTML, like Gecko; compatible; GPTBot/1.3; +https://openai.com/gptbot)"
216.73.216.43 - - [13/Mar/2026:00:12:48 +0000] "GET /?path=%2F%2Fproc%2F26%2Ftask HTTP/2.0" 200 2779 "-" "Mozilla/5.0 AppleWebKit/537.36 (KHTML, like Gecko; compatible; ClaudeBot/1.0; +claudebot@anthropic.com)"
216.73.216.43 - - [13/Mar/2026:00:12:48 +0000] "GET /?path=%2F%2Fusr%2Fshare%2Fawk HTTP/2.0" 200 3793 "-" "Mozilla/5.0 AppleWebKit/537.36 (KHTML, like Gecko; compatible; ClaudeBot/1.0; +claudebot@anthropic.com)"
216.73.216.43 - - [13/Mar/2026:00:12:48 +0000] "GET /?path=%2F%2Fproc%2F58%2Ftask HTTP/2.0" 200 2779 "-" "Mozilla/5.0 AppleWebKit/537.36 (KHTML, like Gecko; compatible; ClaudeBot/1.0; +claudebot@anthropic.com)"
216.73.216.43 - - [13/Mar/2026:00:12:48 +0000] "GET /?path=%2F%2Fusr%2Flib%2Fmodules HTTP/2.0" 200 4061 "-" "Mozilla/5.0 AppleWebKit/537.36 (KHTML, like Gecko; compatible; ClaudeBot/1.0; +claudebot@anthropic.com)"
57.141.16.42 - - [13/Mar/2026:00:12:49 +0000] "GET /state/nevada/?path=//proc/2468203/cwd/sys/bus/node/devices/node0/memory15/node0/memory1/node0/memory14/node0/memory13/node0/cpu1/node0/memory16/node0/memory5/node0/memory10/node0/memory20/subsystem/devices/memory5/subsystem/devices/memory32 HTTP/2.0" 200 38284 "-" "meta-externalagent/1.1 (+https://developers.facebook.com/docs/sharing/webmasters/crawler)"
216.73.216.43 - - [13/Mar/2026:00:12:49 +0000] "GET /?path=%2F%2Fproc%2F36%2Ftask HTTP/2.0" 200 2779 "-" "Mozilla/5.0 AppleWebKit/537.36 (KHTML, like Gecko; compatible; ClaudeBot/1.0; +claudebot@anthropic.com)"
216.73.216.43 - - [13/Mar/2026:00:12:49 +0000] "GET /?path=%2F%2Fproc%2F404%2Ftask HTTP/2.0" 200 2780 "-" "Mozilla/5.0 AppleWebKit/537.36 (KHTML, like Gecko; compatible; ClaudeBot/1.0; +claudebot@anthropic.com)"
74.7.241.50 - - [13/Mar/2026:00:12:49 +0000] "GET /?path=//sys/class/net/ens5/subsystem/lo/subsystem/ens5/device/net/ens5/device/firmware_node/wakeup/wakeup4/subsystem/wakeup7/device/input/input1/event1/device/device/subsystem/devices HTTP/2.0" 200 4561 "https://usefuloffices.org/?path=//sys/class/net/ens5/subsystem/lo/subsystem/ens5/device/net/ens5/device/firmware_node/wakeup/wakeup4/subsystem/wakeup7/device/input/input1/event1/device/device/subsystem" "Mozilla/5.0 AppleWebKit/537.36 (KHTML, like Gecko; compatible; GPTBot/1.3; +https://openai.com/gptbot)"
216.73.216.43 - - [13/Mar/2026:00:12:49 +0000] "GET /?path=%2F%2Fproc%2F48%2Ftask HTTP/2.0" 200 2779 "-" "Mozilla/5.0 AppleWebKit/537.36 (KHTML, like Gecko; compatible; ClaudeBot/1.0; +claudebot@anthropic.com)"
216.73.216.43 - - [13/Mar/2026:00:12:49 +0000] "GET /?path=%2F%2Fusr%2Fshare%2Fgit-core HTTP/2.0" 200 2829 "-" "Mozilla/5.0 AppleWebKit/537.36 (KHTML, like Gecko; compatible; ClaudeBot/1.0; +claudebot@anthropic.com)"
216.73.216.43 - - [13/Mar/2026:00:12:49 +0000] "GET /?path=%2F%2Fproc%2F68%2Ftask HTTP/2.0" 200 2779 "-" "Mozilla/5.0 AppleWebKit/537.36 (KHTML, like Gecko; compatible; ClaudeBot/1.0; +claudebot@anthropic.com)"
216.73.216.43 - - [13/Mar/2026:00:12:49 +0000] "GET /?path=%2F%2Fproc%2F55%2Ftask HTTP/2.0" 200 2779 "-" "Mozilla/5.0 AppleWebKit/537.36 (KHTML, like Gecko; compatible; ClaudeBot/1.0; +claudebot@anthropic.com)"
57.141.16.38 - - [13/Mar/2026:00:12:49 +0000] "GET /state/nevada/?path=//proc/2468203/cwd/sys/bus/node/devices/node0/memory15/node0/memory1/node0/memory14/node0/memory13/node0/cpu1/node0/memory16/node0/memory5/subsystem/devices/memory37/node0/memory35/node0/memory18/node0/memory8/node0/memory19 HTTP/2.0" 200 38650 "-" "meta-externalagent/1.1 (+https://developers.facebook.com/docs/sharing/webmasters/crawler)"
216.73.216.43 - - [13/Mar/2026:00:12:49 +0000] "GET /?path=%2F%2Fproc%2F34%2Ftask HTTP/2.0" 200 2779 "-" "Mozilla/5.0 AppleWebKit/537.36 (KHTML, like Gecko; compatible; ClaudeBot/1.0; +claudebot@anthropic.com)"
74.7.241.50 - - [13/Mar/2026:00:12:49 +0000] "GET /?path=//sys/class/net/ens5/subsystem/lo/subsystem/ens5/device/net/ens5/device/firmware_node/wakeup/wakeup4/subsystem/wakeup7/device/input/input1/subsystem/mice/subsystem/input0/capabilities HTTP/2.0" 200 3321 "https://usefuloffices.org/?path=//sys/class/net/ens5/subsystem/lo/subsystem/ens5/device/net/ens5/device/firmware_node/wakeup/wakeup4/subsystem/wakeup7/device/input/input1/subsystem/mice/subsystem/input0" "Mozilla/5.0 AppleWebKit/537.36 (KHTML, like Gecko; compatible; GPTBot/1.3; +https://openai.com/gptbot)"
216.73.216.43 - - [13/Mar/2026:00:12:49 +0000] "GET /?path=%2F%2Flib%2Fsysctl.d HTTP/2.0" 200 2905 "-" "Mozilla/5.0 AppleWebKit/537.36 (KHTML, like Gecko; compatible; ClaudeBot/1.0; +claudebot@anthropic.com)"
216.73.216.43 - - [13/Mar/2026:00:12:49 +0000] "GET /?path=%2F%2Fproc%2F49%2Ftask HTTP/2.0" 200 2779 "-" "Mozilla/5.0 AppleWebKit/537.36 (KHTML, like Gecko; compatible; ClaudeBot/1.0; +claudebot@anthropic.com)"
216.73.216.43 - - [13/Mar/2026:00:12:49 +0000] "GET /?path=%2F%2Fproc%2F665%2Ftask HTTP/2.0" 200 2780 "-" "Mozilla/5.0 AppleWebKit/537.36 (KHTML, like Gecko; compatible; ClaudeBot/1.0; +claudebot@anthropic.com)"
57.141.16.9 - - [13/Mar/2026:00:12:50 +0000] "GET /state/nevada/?fileloc=//proc/2468203/cwd/sys/bus/node/devices/node0/memory15/node0/memory1/node0/memory14/node0/memory13/node0/cpu1/node0/memory16/node0/memory5/node0/memory10/node0/memory0/node0/memory11/node0/memory13/power/runtime_usage&path=//proc/2468203/cwd/sys/bus/node/devices/node0/memory15/node0/memory1/node0/memory14/node0/memory13/node0/cpu1/node0/memory16/node0/memory5/node0/memory10/node0/memory0/node0/memory11/node0/memory13/power HTTP/2.0" 200 16256 "-" "meta-externalagent/1.1 (+https://developers.facebook.com/docs/sharing/webmasters/crawler)"
216.73.216.43 - - [13/Mar/2026:00:12:50 +0000] "GET /?path=%2Fvar%2Fcache%2Fnginx%2Fproxy_temp HTTP/2.0" 200 2545 "-" "Mozilla/5.0 AppleWebKit/537.36 (KHTML, like Gecko; compatible; ClaudeBot/1.0; +claudebot@anthropic.com)"
216.73.216.43 - - [13/Mar/2026:00:12:50 +0000] "GET /?path=%2F%2Fproc%2F37%2Ftask HTTP/2.0" 200 2780 "-" "Mozilla/5.0 AppleWebKit/537.36 (KHTML, like Gecko; compatible; ClaudeBot/1.0; +claudebot@anthropic.com)"
74.7.241.50 - - [13/Mar/2026:00:12:50 +0000] "GET /?path=//sys/class/net/ens5/subsystem/lo/subsystem/ens5/device/net/ens5/device/firmware_node/wakeup/wakeup4/subsystem/wakeup5/device/device:1d/subsystem/devices/device:0a/subsystem/drivers/hpet HTTP/2.0" 200 3093 "https://usefuloffices.org/?path=//sys/class/net/ens5/subsystem/lo/subsystem/ens5/device/net/ens5/device/firmware_node/wakeup/wakeup4/subsystem/wakeup5/device/device:1d/subsystem/devices/device:0a/subsystem/drivers" "Mozilla/5.0 AppleWebKit/537.36 (KHTML, like Gecko; compatible; GPTBot/1.3; +https://openai.com/gptbot)"
216.73.216.43 - - [13/Mar/2026:00:12:50 +0000] "GET /?path=%2F%2Fsys%2Fbus%2Fmachinecheck HTTP/2.0" 200 2985 "-" "Mozilla/5.0 AppleWebKit/537.36 (KHTML, like Gecko; compatible; ClaudeBot/1.0; +claudebot@anthropic.com)"
216.73.216.43 - - [13/Mar/2026:00:12:50 +0000] "GET /?path=%2F%2Fproc%2F43%2Ftask HTTP/2.0" 200 2779 "-" "Mozilla/5.0 AppleWebKit/537.36 (KHTML, like Gecko; compatible; ClaudeBot/1.0; +claudebot@anthropic.com)"
216.73.216.43 - - [13/Mar/2026:00:12:50 +0000] "GET /?path=%2F%2Flib%2Finit HTTP/2.0" 200 2857 "-" "Mozilla/5.0 AppleWebKit/537.36 (KHTML, like Gecko; compatible; ClaudeBot/1.0; +claudebot@anthropic.com)"
216.73.216.43 - - [13/Mar/2026:00:12:50 +0000] "GET /?path=%2F%2Fdev%2Fvfio HTTP/2.0" 200 2519 "-" "Mozilla/5.0 AppleWebKit/537.36 (KHTML, like Gecko; compatible; ClaudeBot/1.0; +claudebot@anthropic.com)"
57.141.16.30 - - [13/Mar/2026:00:12:50 +0000] "GET /state/nevada/?fileloc=//proc/2468203/root/sys/kernel/slab/numa_policy/sanity_checks&path=//proc/2468203/root/sys/kernel/slab/numa_policy HTTP/2.0" 200 12620 "-" "meta-externalagent/1.1 (+https://developers.facebook.com/docs/sharing/webmasters/crawler)"
216.73.216.43 - - [13/Mar/2026:00:12:50 +0000] "GET /?path=%2F%2Fproc%2Fbus%2Finput HTTP/2.0" 200 2839 "-" "Mozilla/5.0 AppleWebKit/537.36 (KHTML, like Gecko; compatible; ClaudeBot/1.0; +claudebot@anthropic.com)"
74.7.241.50 - - [13/Mar/2026:00:12:50 +0000] "GET /?path=//sys/class/net/ens5/subsystem/lo/subsystem/ens5/device/net/ens5/device/firmware_node/wakeup/wakeup4/subsystem/wakeup5/device/device:1a/subsystem/devices/device:1b/subsystem/drivers/hpet HTTP/2.0" 200 3092 "https://usefuloffices.org/?path=//sys/class/net/ens5/subsystem/lo/subsystem/ens5/device/net/ens5/device/firmware_node/wakeup/wakeup4/subsystem/wakeup5/device/device:1a/subsystem/devices/device:1b/subsystem/drivers" "Mozilla/5.0 AppleWebKit/537.36 (KHTML, like Gecko; compatible; GPTBot/1.3; +https://openai.com/gptbot)"
216.73.216.43 - - [13/Mar/2026:00:12:50 +0000] "GET /?path=%2F%2Fsys%2Fbus%2Fplatform HTTP/2.0" 200 2985 "-" "Mozilla/5.0 AppleWebKit/537.36 (KHTML, like Gecko; compatible; ClaudeBot/1.0; +claudebot@anthropic.com)"
216.73.216.43 - - [13/Mar/2026:00:12:50 +0000] "GET /?path=%2F%2Fproc%2F74%2Ftask HTTP/2.0" 200 2780 "-" "Mozilla/5.0 AppleWebKit/537.36 (KHTML, like Gecko; compatible; ClaudeBot/1.0; +claudebot@anthropic.com)"
216.73.216.43 - - [13/Mar/2026:00:12:50 +0000] "GET /?path=%2F%2Fproc%2F22%2Ftask HTTP/2.0" 200 2778 "-" "Mozilla/5.0 AppleWebKit/537.36 (KHTML, like Gecko; compatible; ClaudeBot/1.0; +claudebot@anthropic.com)"
216.73.216.43 - - [13/Mar/2026:00:12:51 +0000] "GET /?path=%2F%2Fusr%2Fshare%2Fvim HTTP/2.0" 200 2988 "-" "Mozilla/5.0 AppleWebKit/537.36 (KHTML, like Gecko; compatible; ClaudeBot/1.0; +claudebot@anthropic.com)"
216.73.216.43 - - [13/Mar/2026:00:12:51 +0000] "GET /?path=%2F%2Fproc%2F433%2Ftask HTTP/2.0" 200 2780 "-" "Mozilla/5.0 AppleWebKit/537.36 (KHTML, like Gecko; compatible; ClaudeBot/1.0; +claudebot@anthropic.com)"
57.141.16.82 - - [13/Mar/2026:00:12:51 +0000] "GET /state/nevada/?path=//proc/2468203/cwd/sys/bus/node/devices/node0/memory15/node0/memory1/node0/memory14/node0/memory13/node0/cpu1/node0/memory16/node0/memory5/node0/memory10/node0/memory38/node0/memory4/node0/memory13/node0/memory17 HTTP/2.0" 200 37903 "-" "meta-externalagent/1.1 (+https://developers.facebook.com/docs/sharing/webmasters/crawler)"
74.7.241.50 - - [13/Mar/2026:00:12:51 +0000] "GET /?path=//sys/class/net/ens5/subsystem/lo/subsystem/ens5/device/net/ens5/device/firmware_node/wakeup/wakeup4/subsystem/wakeup7/device/input/input1/subsystem/mice/subsystem/input0/power HTTP/2.0" 200 3352 "https://usefuloffices.org/?path=//sys/class/net/ens5/subsystem/lo/subsystem/ens5/device/net/ens5/device/firmware_node/wakeup/wakeup4/subsystem/wakeup7/device/input/input1/subsystem/mice/subsystem/input0" "Mozilla/5.0 AppleWebKit/537.36 (KHTML, like Gecko; compatible; GPTBot/1.3; +https://openai.com/gptbot)"
216.73.216.43 - - [13/Mar/2026:00:12:51 +0000] "GET /?path=%2F%2Fproc%2F52%2Ftask HTTP/2.0" 200 2779 "-" "Mozilla/5.0 AppleWebKit/537.36 (KHTML, like Gecko; compatible; ClaudeBot/1.0; +claudebot@anthropic.com)"
57.141.16.102 - - [13/Mar/2026:00:12:51 +0000] "GET /state/nevada/?path=//proc/2468203/cwd/sys/bus/node/devices/node0/memory15/node0/memory1/node0/memory14/node0/memory13/node0/cpu1/node0/memory2/node0/memory16/node0/memory33/node0/memory14/node0/cpu1/node0/memory22/node0/memory18/node0 HTTP/2.0" 200 109847 "-" "meta-externalagent/1.1 (+https://developers.facebook.com/docs/sharing/webmasters/crawler)"
74.7.241.50 - - [13/Mar/2026:00:12:51 +0000] "GET /?path=//sys/class/net/ens5/subsystem/lo/subsystem/ens5/device/net/ens5/device/firmware_node/wakeup/wakeup4/subsystem/wakeup5/device/device:1a/subsystem/devices/device:1b/subsystem/drivers/button HTTP/2.0" 200 3214 "https://usefuloffices.org/?path=//sys/class/net/ens5/subsystem/lo/subsystem/ens5/device/net/ens5/device/firmware_node/wakeup/wakeup4/subsystem/wakeup5/device/device:1a/subsystem/devices/device:1b/subsystem/drivers" "Mozilla/5.0 AppleWebKit/537.36 (KHTML, like Gecko; compatible; GPTBot/1.3; +https://openai.com/gptbot)"
57.141.16.101 - - [13/Mar/2026:00:12:52 +0000] "GET /state/nevada/?fileloc=//proc/2468203/cwd/sys/bus/node/devices/node0/memory15/node0/memory1/node0/memory14/node0/memory13/node0/cpu1/node0/memory16/node0/memory5/node0/memory10/node0/memory38/node0/memory18/node0/memory39/power/autosuspend_delay_ms&path=//proc/2468203/cwd/sys/bus/node/devices/node0/memory15/node0/memory1/node0/memory14/node0/memory13/node0/cpu1/node0/memory16/node0/memory5/node0/memory10/node0/memory38/node0/memory18/node0/memory39/power HTTP/2.0" 200 16269 "-" "meta-externalagent/1.1 (+https://developers.facebook.com/docs/sharing/webmasters/crawler)"
74.7.241.50 - - [13/Mar/2026:00:12:52 +0000] "GET /?path=//sys/class/net/ens5/subsystem/lo/subsystem/ens5/device/net/ens5/device/firmware_node/wakeup/wakeup4/subsystem/wakeup5/device/device:1c/subsystem/devices/device:0e/subsystem/drivers/hpet HTTP/2.0" 200 3092 "https://usefuloffices.org/?path=//sys/class/net/ens5/subsystem/lo/subsystem/ens5/device/net/ens5/device/firmware_node/wakeup/wakeup4/subsystem/wakeup5/device/device:1c/subsystem/devices/device:0e/subsystem/drivers" "Mozilla/5.0 AppleWebKit/537.36 (KHTML, like Gecko; compatible; GPTBot/1.3; +https://openai.com/gptbot)"
57.141.16.32 - - [13/Mar/2026:00:12:52 +0000] "GET /state/nevada/?fileloc=//proc/2468203/cwd/sys/bus/node/devices/node0/memory15/node0/memory1/node0/memory14/node0/memory13/node0/cpu1/node0/memory16/node0/memory5/node0/memory10/node0/cpu0/subsystem/devices/cpu0/node0/memory19/valid_zones&path=//proc/2468203/cwd/sys/bus/node/devices/node0/memory15/node0/memory1/node0/memory14/node0/memory13/node0/cpu1/node0/memory16/node0/memory5/node0/memory10/node0/cpu0/subsystem/devices/cpu0/node0/memory19 HTTP/2.0" 200 16248 "-" "meta-externalagent/1.1 (+https://developers.facebook.com/docs/sharing/webmasters/crawler)"
74.7.241.50 - - [13/Mar/2026:00:12:52 +0000] "GET /?path=//sys/class/net/ens5/subsystem/lo/subsystem/ens5/device/net/ens5/device/firmware_node/wakeup/wakeup4/subsystem/wakeup7/device/input/input1/subsystem/input1/device/driver HTTP/2.0" 200 3181 "https://usefuloffices.org/?path=//sys/class/net/ens5/subsystem/lo/subsystem/ens5/device/net/ens5/device/firmware_node/wakeup/wakeup4/subsystem/wakeup7/device/input/input1/subsystem/input1/device" "Mozilla/5.0 AppleWebKit/537.36 (KHTML, like Gecko; compatible; GPTBot/1.3; +https://openai.com/gptbot)"
216.73.216.43 - - [13/Mar/2026:00:12:52 +0000] "GET /?path=%2F%2Fsys%2Fbus%2Fscsi HTTP/2.0" 200 2983 "-" "Mozilla/5.0 AppleWebKit/537.36 (KHTML, like Gecko; compatible; ClaudeBot/1.0; +claudebot@anthropic.com)"
216.73.216.43 - - [13/Mar/2026:00:12:52 +0000] "GET /?path=%2F%2Fproc%2F5%2Fnet HTTP/2.0" 200 4358 "-" "Mozilla/5.0 AppleWebKit/537.36 (KHTML, like Gecko; compatible; ClaudeBot/1.0; +claudebot@anthropic.com)"
216.73.216.43 - - [13/Mar/2026:00:12:53 +0000] "GET /?path=%2F%2Fproc%2F15%2Fmap_files HTTP/2.0" 200 2532 "-" "Mozilla/5.0 AppleWebKit/537.36 (KHTML, like Gecko; compatible; ClaudeBot/1.0; +claudebot@anthropic.com)"
216.73.216.43 - - [13/Mar/2026:00:12:53 +0000] "GET /?path=%2Fvar%2Fcache%2Fman%2Fpt HTTP/2.0" 200 3025 "-" "Mozilla/5.0 AppleWebKit/537.36 (KHTML, like Gecko; compatible; ClaudeBot/1.0; +claudebot@anthropic.com)"
216.73.216.43 - - [13/Mar/2026:00:12:53 +0000] "GET /?path=%2F%2Fproc%2F665%2Ffd HTTP/2.0" 200 2527 "-" "Mozilla/5.0 AppleWebKit/537.36 (KHTML, like Gecko; compatible; ClaudeBot/1.0; +claudebot@anthropic.com)"
216.73.216.43 - - [13/Mar/2026:00:12:53 +0000] "GET /?path=%2F%2Fproc%2F402%2Fmap_files HTTP/2.0" 200 2533 "-" "Mozilla/5.0 AppleWebKit/537.36 (KHTML, like Gecko; compatible; ClaudeBot/1.0; +claudebot@anthropic.com)"
216.73.216.43 - - [13/Mar/2026:00:12:53 +0000] "GET /?path=%2F%2Fproc%2F54%2Fmap_files HTTP/2.0" 200 2532 "-" "Mozilla/5.0 AppleWebKit/537.36 (KHTML, like Gecko; compatible; ClaudeBot/1.0; +claudebot@anthropic.com)"
216.73.216.43 - - [13/Mar/2026:00:12:53 +0000] "GET /?path=%2F%2Frun%2Fsystemd%2Ftransient HTTP/2.0" 200 2531 "-" "Mozilla/5.0 AppleWebKit/537.36 (KHTML, like Gecko; compatible; ClaudeBot/1.0; +claudebot@anthropic.com)"
216.73.216.43 - - [13/Mar/2026:00:12:53 +0000] "GET /?path=%2F%2Fproc%2F49%2Ffd HTTP/2.0" 200 2527 "-" "Mozilla/5.0 AppleWebKit/537.36 (KHTML, like Gecko; compatible; ClaudeBot/1.0; +claudebot@anthropic.com)"
216.73.216.43 - - [13/Mar/2026:00:12:53 +0000] "GET /?path=%2Fvar%2Fcache%2Fman%2Fja HTTP/2.0" 200 2996 "-" "Mozilla/5.0 AppleWebKit/537.36 (KHTML, like Gecko; compatible; ClaudeBot/1.0; +claudebot@anthropic.com)"
57.141.16.29 - - [13/Mar/2026:00:12:53 +0000] "GET /state/nevada/?fileloc=//proc/2468203/cwd/sys/bus/node/devices/node0/memory15/node0/memory1/node0/memory14/node0/memory13/node0/cpu1/node0/memory16/node0/memory5/node0/memory10/node0/memory39/node0/memory37/node0/memory17/node0/compact&path=//proc/2468203/cwd/sys/bus/node/devices/node0/memory15/node0/memory1/node0/memory14/node0/memory13/node0/cpu1/node0/memory16/node0/memory5/node0/memory10/node0/memory39/node0/memory37/node0/memory17/node0 HTTP/2.0" 200 16256 "-" "meta-externalagent/1.1 (+https://developers.facebook.com/docs/sharing/webmasters/crawler)"
74.7.241.50 - - [13/Mar/2026:00:12:53 +0000] "GET /?path=//sys/class/net/ens5/subsystem/lo/subsystem/ens5/device/net/ens5/device/firmware_node/wakeup/wakeup4/subsystem/wakeup5/device/device:1b/subsystem/devices/device:0e/subsystem/drivers/button HTTP/2.0" 200 3215 "https://usefuloffices.org/?path=//sys/class/net/ens5/subsystem/lo/subsystem/ens5/device/net/ens5/device/firmware_node/wakeup/wakeup4/subsystem/wakeup5/device/device:1b/subsystem/devices/device:0e/subsystem/drivers" "Mozilla/5.0 AppleWebKit/537.36 (KHTML, like Gecko; compatible; GPTBot/1.3; +https://openai.com/gptbot)"
216.73.216.43 - - [13/Mar/2026:00:12:53 +0000] "GET /?path=%2F%2Fusr%2Fshare%2Ffile HTTP/2.0" 200 2874 "-" "Mozilla/5.0 AppleWebKit/537.36 (KHTML, like Gecko; compatible; ClaudeBot/1.0; +claudebot@anthropic.com)"
216.73.216.43 - - [13/Mar/2026:00:12:53 +0000] "GET /?path=%2F%2Fproc%2F466%2Fmap_files HTTP/2.0" 200 2533 "-" "Mozilla/5.0 AppleWebKit/537.36 (KHTML, like Gecko; compatible; ClaudeBot/1.0; +claudebot@anthropic.com)"
216.73.216.43 - - [13/Mar/2026:00:12:53 +0000] "GET /?path=%2F%2Fsnap%2Fcore18 HTTP/2.0" 200 2848 "-" "Mozilla/5.0 AppleWebKit/537.36 (KHTML, like Gecko; compatible; ClaudeBot/1.0; +claudebot@anthropic.com)"
216.73.216.43 - - [13/Mar/2026:00:12:53 +0000] "GET /?path=%2F%2Fproc%2F14%2Fmap_files HTTP/2.0" 200 2532 "-" "Mozilla/5.0 AppleWebKit/537.36 (KHTML, like Gecko; compatible; ClaudeBot/1.0; +claudebot@anthropic.com)"
57.141.16.79 - - [13/Mar/2026:00:12:53 +0000] "GET /state/nevada/?path=//proc/2468203/cwd/sys/bus/node/devices/node0/memory15/node0/memory1/node0/memory14/node0/memory13/node0/cpu1/node0/memory16/node0/memory5/node0/memory13/node0/memory35/node0/memory22/node0/memory15/node0/memory11 HTTP/2.0" 200 37946 "-" "meta-externalagent/1.1 (+https://developers.facebook.com/docs/sharing/webmasters/crawler)"
216.73.216.43 - - [13/Mar/2026:00:12:53 +0000] "GET /?path=%2F%2Fproc%2F12%2Fmap_files HTTP/2.0" 200 2532 "-" "Mozilla/5.0 AppleWebKit/537.36 (KHTML, like Gecko; compatible; ClaudeBot/1.0; +claudebot@anthropic.com)"
216.73.216.43 - - [13/Mar/2026:00:12:53 +0000] "GET /?path=%2Fvar%2Fcache%2Fman%2Fsl HTTP/2.0" 200 2867 "-" "Mozilla/5.0 AppleWebKit/537.36 (KHTML, like Gecko; compatible; ClaudeBot/1.0; +claudebot@anthropic.com)"
74.7.241.50 - - [13/Mar/2026:00:12:53 +0000] "GET /?path=//sys/class/net/ens5/subsystem/lo/subsystem/ens5/device/net/ens5/device/firmware_node/wakeup/wakeup4/subsystem/wakeup5/device/device:1f/subsystem/devices/device:1b/subsystem/drivers/button HTTP/2.0" 200 3214 "https://usefuloffices.org/?path=//sys/class/net/ens5/subsystem/lo/subsystem/ens5/device/net/ens5/device/firmware_node/wakeup/wakeup4/subsystem/wakeup5/device/device:1f/subsystem/devices/device:1b/subsystem/drivers" "Mozilla/5.0 AppleWebKit/537.36 (KHTML, like Gecko; compatible; GPTBot/1.3; +https://openai.com/gptbot)"
216.73.216.43 - - [13/Mar/2026:00:12:53 +0000] "GET /?path=%2Fvar%2Frun%2Fsnapd HTTP/2.0" 200 2820 "-" "Mozilla/5.0 AppleWebKit/537.36 (KHTML, like Gecko; compatible; ClaudeBot/1.0; +claudebot@anthropic.com)"
216.73.216.43 - - [13/Mar/2026:00:12:53 +0000] "GET /?path=%2Fvar%2Fcache%2Fman%2Fes HTTP/2.0" 200 2995 "-" "Mozilla/5.0 AppleWebKit/537.36 (KHTML, like Gecko; compatible; ClaudeBot/1.0; +claudebot@anthropic.com)"
57.141.16.7 - - [13/Mar/2026:00:12:54 +0000] "GET /state/nevada/?path=//proc/2468203/cwd/sys/bus/node/devices/node0/memory15/node0/memory1/node0/memory14/node0/memory13/node0/cpu1/node0/memory16/node0/memory5/subsystem/devices/memory37/node0/memory35/node0/memory18/node0/memory8/node0/memory_failure HTTP/2.0" 200 28391 "-" "meta-externalagent/1.1 (+https://developers.facebook.com/docs/sharing/webmasters/crawler)"
216.73.216.43 - - [13/Mar/2026:00:12:54 +0000] "GET /?path=%2F%2Fproc%2F205%2Fmap_files HTTP/2.0" 200 2533 "-" "Mozilla/5.0 AppleWebKit/537.36 (KHTML, like Gecko; compatible; ClaudeBot/1.0; +claudebot@anthropic.com)"
216.73.216.43 - - [13/Mar/2026:00:12:54 +0000] "GET /?path=%2F%2Fproc%2F37%2Ffd HTTP/2.0" 200 2527 "-" "Mozilla/5.0 AppleWebKit/537.36 (KHTML, like Gecko; compatible; ClaudeBot/1.0; +claudebot@anthropic.com)"
216.73.216.43 - - [13/Mar/2026:00:12:54 +0000] "GET /?path=%2F%2Fetc%2Fldap HTTP/2.0" 200 2792 "-" "Mozilla/5.0 AppleWebKit/537.36 (KHTML, like Gecko; compatible; ClaudeBot/1.0; +claudebot@anthropic.com)"
74.7.241.50 - - [13/Mar/2026:00:12:54 +0000] "GET /?path=//sys/class/net/ens5/subsystem/lo/subsystem/ens5/device/net/ens5/device/firmware_node/wakeup/wakeup4/subsystem/wakeup7/device/input/input1/subsystem/event1/device/device HTTP/2.0" 200 3284 "https://usefuloffices.org/?path=//sys/class/net/ens5/subsystem/lo/subsystem/ens5/device/net/ens5/device/firmware_node/wakeup/wakeup4/subsystem/wakeup7/device/input/input1/subsystem/event1/device" "Mozilla/5.0 AppleWebKit/537.36 (KHTML, like Gecko; compatible; GPTBot/1.3; +https://openai.com/gptbot)"
216.73.216.43 - - [13/Mar/2026:00:12:54 +0000] "GET /?path=%2F%2Fproc%2F170%2Fmap_files HTTP/2.0" 200 2533 "-" "Mozilla/5.0 AppleWebKit/537.36 (KHTML, like Gecko; compatible; ClaudeBot/1.0; +claudebot@anthropic.com)"
57.141.16.79 - - [13/Mar/2026:00:12:54 +0000] "GET /state/nevada/?fileloc=//proc/2468203/cwd/sys/bus/node/devices/node0/memory15/node0/memory1/node0/memory14/node0/memory13/node0/cpu1/node0/memory16/node0/memory5/node0/memory10/node0/cpu1/node0/memory13/node0/memory5/node0/cpumap&path=//proc/2468203/cwd/sys/bus/node/devices/node0/memory15/node0/memory1/node0/memory14/node0/memory13/node0/cpu1/node0/memory16/node0/memory5/node0/memory10/node0/cpu1/node0/memory13/node0/memory5/node0 HTTP/2.0" 200 16221 "-" "meta-externalagent/1.1 (+https://developers.facebook.com/docs/sharing/webmasters/crawler)"
216.73.216.43 - - [13/Mar/2026:00:12:54 +0000] "GET /?path=%2F%2Fproc%2F24%2Fmap_files HTTP/2.0" 200 2532 "-" "Mozilla/5.0 AppleWebKit/537.36 (KHTML, like Gecko; compatible; ClaudeBot/1.0; +claudebot@anthropic.com)"
216.73.216.43 - - [13/Mar/2026:00:12:54 +0000] "GET /?path=%2F%2Fetc%2Fupdate-manager HTTP/2.0" 200 2921 "-" "Mozilla/5.0 AppleWebKit/537.36 (KHTML, like Gecko; compatible; ClaudeBot/1.0; +claudebot@anthropic.com)"
216.73.216.43 - - [13/Mar/2026:00:12:54 +0000] "GET /?path=%2F%2Fproc%2F40%2Fmap_files HTTP/2.0" 200 2532 "-" "Mozilla/5.0 AppleWebKit/537.36 (KHTML, like Gecko; compatible; ClaudeBot/1.0; +claudebot@anthropic.com)"
216.73.216.43 - - [13/Mar/2026:00:12:54 +0000] "GET /?path=%2F%2Fproc%2F25%2Fmap_files HTTP/2.0" 200 2532 "-" "Mozilla/5.0 AppleWebKit/537.36 (KHTML, like Gecko; compatible; ClaudeBot/1.0; +claudebot@anthropic.com)"
216.73.216.43 - - [13/Mar/2026:00:12:54 +0000] "GET /?path=%2F%2Fproc%2F43%2Ffd HTTP/2.0" 200 2526 "-" "Mozilla/5.0 AppleWebKit/537.36 (KHTML, like Gecko; compatible; ClaudeBot/1.0; +claudebot@anthropic.com)"
74.7.241.50 - - [13/Mar/2026:00:12:54 +0000] "GET /?path=//sys/class/net/ens5/subsystem/lo/subsystem/ens5/device/net/ens5/device/firmware_node/wakeup/wakeup4/subsystem/wakeup5/device/device:1c/subsystem/devices/device:1f/subsystem/drivers/hpet HTTP/2.0" 200 3091 "https://usefuloffices.org/?path=//sys/class/net/ens5/subsystem/lo/subsystem/ens5/device/net/ens5/device/firmware_node/wakeup/wakeup4/subsystem/wakeup5/device/device:1c/subsystem/devices/device:1f/subsystem/drivers" "Mozilla/5.0 AppleWebKit/537.36 (KHTML, like Gecko; compatible; GPTBot/1.3; +https://openai.com/gptbot)"
216.73.216.43 - - [13/Mar/2026:00:12:55 +0000] "GET /?path=%2F%2Fproc%2F172%2Fmap_files HTTP/2.0" 200 2533 "-" "Mozilla/5.0 AppleWebKit/537.36 (KHTML, like Gecko; compatible; ClaudeBot/1.0; +claudebot@anthropic.com)"
216.73.216.43 - - [13/Mar/2026:00:12:55 +0000] "GET /?path=%2F%2Fusr%2Flocal%2Fbin HTTP/2.0" 200 2528 "-" "Mozilla/5.0 AppleWebKit/537.36 (KHTML, like Gecko; compatible; ClaudeBot/1.0; +claudebot@anthropic.com)"
216.73.216.43 - - [13/Mar/2026:00:12:55 +0000] "GET /?path=%2F%2Fproc%2F50%2Fmap_files HTTP/2.0" 200 2532 "-" "Mozilla/5.0 AppleWebKit/537.36 (KHTML, like Gecko; compatible; ClaudeBot/1.0; +claudebot@anthropic.com)"
57.141.16.41 - - [13/Mar/2026:00:12:55 +0000] "GET /state/nevada/?fileloc=//proc/2468203/cwd/sys/bus/node/devices/node0/memory15/node0/memory1/node0/memory14/node0/memory13/node0/cpu1/node0/memory16/node0/memory5/node0/memory10/node0/memory0/node0/memory11/subsystem/devices/memory9/online&path=//proc/2468203/cwd/sys/bus/node/devices/node0/memory15/node0/memory1/node0/memory14/node0/memory13/node0/cpu1/node0/memory16/node0/memory5/node0/memory10/node0/memory0/node0/memory11/subsystem/devices/memory9 HTTP/2.0" 200 16271 "-" "meta-externalagent/1.1 (+https://developers.facebook.com/docs/sharing/webmasters/crawler)"
216.73.216.43 - - [13/Mar/2026:00:12:55 +0000] "GET /?path=%2F%2Fproc%2F74%2Ffd HTTP/2.0" 200 2527 "-" "Mozilla/5.0 AppleWebKit/537.36 (KHTML, like Gecko; compatible; ClaudeBot/1.0; +claudebot@anthropic.com)"
216.73.216.43 - - [13/Mar/2026:00:12:55 +0000] "GET /?path=%2F%2Fproc%2F17%2Fmap_files HTTP/2.0" 200 2533 "-" "Mozilla/5.0 AppleWebKit/537.36 (KHTML, like Gecko; compatible; ClaudeBot/1.0; +claudebot@anthropic.com)"
74.7.241.50 - - [13/Mar/2026:00:12:55 +0000] "GET /?path=//sys/class/net/ens5/subsystem/lo/subsystem/ens5/device/net/ens5/device/firmware_node/wakeup/wakeup4/subsystem/wakeup7/device/input/input1/subsystem/event3/device/device/driver HTTP/2.0" 200 3290 "https://usefuloffices.org/?path=//sys/class/net/ens5/subsystem/lo/subsystem/ens5/device/net/ens5/device/firmware_node/wakeup/wakeup4/subsystem/wakeup7/device/input/input1/subsystem/event3/device/device" "Mozilla/5.0 AppleWebKit/537.36 (KHTML, like Gecko; compatible; GPTBot/1.3; +https://openai.com/gptbot)"
216.73.216.43 - - [13/Mar/2026:00:12:55 +0000] "GET /?path=%2F%2Fvar%2Flib HTTP/2.0" 200 4121 "-" "Mozilla/5.0 AppleWebKit/537.36 (KHTML, like Gecko; compatible; ClaudeBot/1.0; +claudebot@anthropic.com)"
216.73.216.43 - - [13/Mar/2026:00:12:55 +0000] "GET /?path=%2F%2Fusr%2Flib%2Fssl HTTP/2.0" 200 2959 "-" "Mozilla/5.0 AppleWebKit/537.36 (KHTML, like Gecko; compatible; ClaudeBot/1.0; +claudebot@anthropic.com)"
216.73.216.43 - - [13/Mar/2026:00:12:55 +0000] "GET /?path=%2F%2Fsys%2Ffs%2Fcgroup HTTP/2.0" 200 3939 "-" "Mozilla/5.0 AppleWebKit/537.36 (KHTML, like Gecko; compatible; ClaudeBot/1.0; +claudebot@anthropic.com)"
216.73.216.43 - - [13/Mar/2026:00:12:55 +0000] "GET /?path=%2F%2Fproc%2F595%2Fmap_files HTTP/2.0" 200 2533 "-" "Mozilla/5.0 AppleWebKit/537.36 (KHTML, like Gecko; compatible; ClaudeBot/1.0; +claudebot@anthropic.com)"
57.141.16.47 - - [13/Mar/2026:00:12:55 +0000] "GET /state/nevada/?path=//proc/2468203/cwd/sys/bus/node/devices/node0/memory15/node0/memory1/node0/memory14/node0/memory13/node0/cpu1/node0/memory16/node0/memory5/node0/memory10/node0/memory20/subsystem/devices/memory39/subsystem/devices/memory16 HTTP/2.0" 200 38326 "-" "meta-externalagent/1.1 (+https://developers.facebook.com/docs/sharing/webmasters/crawler)"
216.73.216.43 - - [13/Mar/2026:00:12:55 +0000] "GET /?path=%2F%2Frun%2Famazon%2Famazon-cloudwatch-agent HTTP/2.0" 200 2820 "-" "Mozilla/5.0 AppleWebKit/537.36 (KHTML, like Gecko; compatible; ClaudeBot/1.0; +claudebot@anthropic.com)"
74.7.241.50 - - [13/Mar/2026:00:12:56 +0000] "GET /?path=//sys/class/net/ens5/subsystem/lo/subsystem/ens5/device/net/ens5/device/firmware_node/wakeup/wakeup4/subsystem/wakeup7/device/input/input1/subsystem/mouse0/subsystem/mice/power HTTP/2.0" 200 3353 "https://usefuloffices.org/?path=//sys/class/net/ens5/subsystem/lo/subsystem/ens5/device/net/ens5/device/firmware_node/wakeup/wakeup4/subsystem/wakeup7/device/input/input1/subsystem/mouse0/subsystem/mice" "Mozilla/5.0 AppleWebKit/537.36 (KHTML, like Gecko; compatible; GPTBot/1.3; +https://openai.com/gptbot)"
216.73.216.43 - - [13/Mar/2026:00:12:56 +0000] "GET /?path=%2F%2Fproc%2F22%2Ffd HTTP/2.0" 200 2526 "-" "Mozilla/5.0 AppleWebKit/537.36 (KHTML, like Gecko; compatible; ClaudeBot/1.0; +claudebot@anthropic.com)"
216.73.216.43 - - [13/Mar/2026:00:12:56 +0000] "GET /?path=%2F%2Fsys%2Fbus%2Feisa HTTP/2.0" 200 2982 "-" "Mozilla/5.0 AppleWebKit/537.36 (KHTML, like Gecko; compatible; ClaudeBot/1.0; +claudebot@anthropic.com)"
216.73.216.43 - - [13/Mar/2026:00:12:56 +0000] "GET /?path=%2F%2Fusr%2Fshare%2Fopenssh HTTP/2.0" 200 2860 "-" "Mozilla/5.0 AppleWebKit/537.36 (KHTML, like Gecko; compatible; ClaudeBot/1.0; +claudebot@anthropic.com)"
216.73.216.43 - - [13/Mar/2026:00:12:56 +0000] "GET /?path=%2F%2Fproc%2F20%2Fmap_files HTTP/2.0" 200 2532 "-" "Mozilla/5.0 AppleWebKit/537.36 (KHTML, like Gecko; compatible; ClaudeBot/1.0; +claudebot@anthropic.com)"
216.73.216.43 - - [13/Mar/2026:00:12:56 +0000] "GET /?path=%2F%2Fproc%2F464%2Fmap_files HTTP/2.0" 200 2535 "-" "Mozilla/5.0 AppleWebKit/537.36 (KHTML, like Gecko; compatible; ClaudeBot/1.0; +claudebot@anthropic.com)"
74.7.241.50 - - [13/Mar/2026:00:12:56 +0000] "GET /?path=//sys/class/net/ens5/subsystem/lo/subsystem/ens5/device/net/ens5/device/firmware_node/wakeup/wakeup4/subsystem/wakeup5/device/device:0e/subsystem/devices/device:1a/subsystem/drivers/button HTTP/2.0" 200 3214 "https://usefuloffices.org/?path=//sys/class/net/ens5/subsystem/lo/subsystem/ens5/device/net/ens5/device/firmware_node/wakeup/wakeup4/subsystem/wakeup5/device/device:0e/subsystem/devices/device:1a/subsystem/drivers" "Mozilla/5.0 AppleWebKit/537.36 (KHTML, like Gecko; compatible; GPTBot/1.3; +https://openai.com/gptbot)"
216.73.216.43 - - [13/Mar/2026:00:12:56 +0000] "GET /?path=%2F%2Fsys%2Fbus%2Fgpio HTTP/2.0" 200 2982 "-" "Mozilla/5.0 AppleWebKit/537.36 (KHTML, like Gecko; compatible; ClaudeBot/1.0; +claudebot@anthropic.com)"
57.141.16.23 - - [13/Mar/2026:00:12:56 +0000] "GET /state/nevada/?path=//proc/2468203/cwd/sys/bus/node/devices/node0/memory15/node0/memory1/node0/memory14/node0/memory13/node0/cpu1/node0/memory16/node0/memory5/node0/memory10/node0/memory20/subsystem/devices/memory39/subsystem/devices/memory32 HTTP/2.0" 200 38326 "-" "meta-externalagent/1.1 (+https://developers.facebook.com/docs/sharing/webmasters/crawler)"
216.73.216.43 - - [13/Mar/2026:00:12:56 +0000] "GET /?path=%2Fvar%2Flib%2FPackageKit HTTP/2.0" 200 2809 "-" "Mozilla/5.0 AppleWebKit/537.36 (KHTML, like Gecko; compatible; ClaudeBot/1.0; +claudebot@anthropic.com)"
216.73.216.43 - - [13/Mar/2026:00:12:56 +0000] "GET /?path=%2F%2Fproc%2F66%2Fmap_files HTTP/2.0" 200 2532 "-" "Mozilla/5.0 AppleWebKit/537.36 (KHTML, like Gecko; compatible; ClaudeBot/1.0; +claudebot@anthropic.com)"
216.73.216.43 - - [13/Mar/2026:00:12:56 +0000] "GET /?path=%2F%2Flib%2Fudev HTTP/2.0" 200 3517 "-" "Mozilla/5.0 AppleWebKit/537.36 (KHTML, like Gecko; compatible; ClaudeBot/1.0; +claudebot@anthropic.com)"
216.73.216.43 - - [13/Mar/2026:00:12:56 +0000] "GET /?path=%2F%2Fproc%2F57%2Fmap_files HTTP/2.0" 200 2533 "-" "Mozilla/5.0 AppleWebKit/537.36 (KHTML, like Gecko; compatible; ClaudeBot/1.0; +claudebot@anthropic.com)"
57.141.16.22 - - [13/Mar/2026:00:12:56 +0000] "GET /download-form/?path=//proc/thread-self/cwd/wp-content/plugins/fancy-elementor-gallery-box/widgets HTTP/2.0" 200 16547 "-" "meta-externalagent/1.1 (+https://developers.facebook.com/docs/sharing/webmasters/crawler)"
216.73.216.43 - - [13/Mar/2026:00:12:57 +0000] "GET /?path=%2F%2Fproc%2F433%2Ffd HTTP/2.0" 200 2527 "-" "Mozilla/5.0 AppleWebKit/537.36 (KHTML, like Gecko; compatible; ClaudeBot/1.0; +claudebot@anthropic.com)"
74.7.241.50 - - [13/Mar/2026:00:12:57 +0000] "GET /?path=//sys/class/net/ens5/subsystem/lo/subsystem/ens5/device/net/ens5/device/firmware_node/wakeup/wakeup4/subsystem/wakeup5/device/device:0f/subsystem/devices/device:1a/subsystem/drivers/button HTTP/2.0" 200 3215 "https://usefuloffices.org/?path=//sys/class/net/ens5/subsystem/lo/subsystem/ens5/device/net/ens5/device/firmware_node/wakeup/wakeup4/subsystem/wakeup5/device/device:0f/subsystem/devices/device:1a/subsystem/drivers" "Mozilla/5.0 AppleWebKit/537.36 (KHTML, like Gecko; compatible; GPTBot/1.3; +https://openai.com/gptbot)"
216.73.216.43 - - [13/Mar/2026:00:12:57 +0000] "GET /?path=%2F%2Fproc%2Fthread-self%2Fcwd HTTP/2.0" 200 3757 "-" "Mozilla/5.0 AppleWebKit/537.36 (KHTML, like Gecko; compatible; ClaudeBot/1.0; +claudebot@anthropic.com)"
216.73.216.43 - - [13/Mar/2026:00:12:57 +0000] "GET /?path=%2F%2Fproc%2Fself%2Fns HTTP/2.0" 200 2528 "-" "Mozilla/5.0 AppleWebKit/537.36 (KHTML, like Gecko; compatible; ClaudeBot/1.0; +claudebot@anthropic.com)"
216.73.216.43 - - [13/Mar/2026:00:12:57 +0000] "GET /?path=%2F%2Fusr%2Flib%2Fmodprobe.d HTTP/2.0" 200 3053 "-" "Mozilla/5.0 AppleWebKit/537.36 (KHTML, like Gecko; compatible; ClaudeBot/1.0; +claudebot@anthropic.com)"
57.141.16.100 - - [13/Mar/2026:00:12:57 +0000] "GET /state/nevada/?fileloc=//proc/2468203/cwd/sys/bus/node/devices/node0/memory15/node0/memory1/node0/memory14/node0/memory13/node0/cpu1/node0/memory16/node0/memory5/subsystem/devices/memory37/node0/memory10/subsystem/devices/memory4/node0/power/async&path=//proc/2468203/cwd/sys/bus/node/devices/node0/memory15/node0/memory1/node0/memory14/node0/memory13/node0/cpu1/node0/memory16/node0/memory5/subsystem/devices/memory37/node0/memory10/subsystem/devices/memory4/node0/power HTTP/2.0" 200 16584 "-" "meta-externalagent/1.1 (+https://developers.facebook.com/docs/sharing/webmasters/crawler)"
216.73.216.43 - - [13/Mar/2026:00:12:57 +0000] "GET /?path=%2F%2Fproc%2F52%2Ffd HTTP/2.0" 200 2526 "-" "Mozilla/5.0 AppleWebKit/537.36 (KHTML, like Gecko; compatible; ClaudeBot/1.0; +claudebot@anthropic.com)"
216.73.216.43 - - [13/Mar/2026:00:12:57 +0000] "GET /?path=%2F%2Fusr%2Fshare%2Fiptables HTTP/2.0" 200 2809 "-" "Mozilla/5.0 AppleWebKit/537.36 (KHTML, like Gecko; compatible; ClaudeBot/1.0; +claudebot@anthropic.com)"
74.7.241.50 - - [13/Mar/2026:00:12:57 +0000] "GET /?path=//sys/class/net/ens5/subsystem/lo/subsystem/ens5/device/net/ens5/device/firmware_node/wakeup/wakeup4/subsystem/wakeup5/device/device:0c/subsystem/devices/device:0a/subsystem/drivers/button HTTP/2.0" 200 3214 "https://usefuloffices.org/?path=//sys/class/net/ens5/subsystem/lo/subsystem/ens5/device/net/ens5/device/firmware_node/wakeup/wakeup4/subsystem/wakeup5/device/device:0c/subsystem/devices/device:0a/subsystem/drivers" "Mozilla/5.0 AppleWebKit/537.36 (KHTML, like Gecko; compatible; GPTBot/1.3; +https://openai.com/gptbot)"
216.73.216.43 - - [13/Mar/2026:00:12:57 +0000] "GET /?path=%2Fvar%2Flib%2Fapt HTTP/2.0" 200 2996 "-" "Mozilla/5.0 AppleWebKit/537.36 (KHTML, like Gecko; compatible; ClaudeBot/1.0; +claudebot@anthropic.com)"
216.73.216.43 - - [13/Mar/2026:00:12:57 +0000] "GET /?path=%2F%2Flib%2Finitcpio HTTP/2.0" 200 2777 "-" "Mozilla/5.0 AppleWebKit/537.36 (KHTML, like Gecko; compatible; ClaudeBot/1.0; +claudebot@anthropic.com)"
216.73.216.43 - - [13/Mar/2026:00:12:57 +0000] "GET /?path=%2F%2Fsys%2Ffirmware%2Fdmi HTTP/2.0" 200 2788 "-" "Mozilla/5.0 AppleWebKit/537.36 (KHTML, like Gecko; compatible; ClaudeBot/1.0; +claudebot@anthropic.com)"
216.73.216.43 - - [13/Mar/2026:00:12:57 +0000] "GET /?path=%2F%2Fusr%2Flib%2Fmultipath HTTP/2.0" 200 3554 "-" "Mozilla/5.0 AppleWebKit/537.36 (KHTML, like Gecko; compatible; ClaudeBot/1.0; +claudebot@anthropic.com)"
57.141.16.7 - - [13/Mar/2026:00:12:57 +0000] "GET /state/nevada/?path=//proc/2468203/cwd/sys/bus/node/devices/node0/memory15/node0/memory1/node0/memory14/node0/memory13/node0/cpu1/node0/memory16/node0/memory5/node0/memory10/node0/memory23/subsystem/devices/memory6/node0/cpu1/subsystem HTTP/2.0" 200 27305 "-" "meta-externalagent/1.1 (+https://developers.facebook.com/docs/sharing/webmasters/crawler)"
216.73.216.43 - - [13/Mar/2026:00:12:58 +0000] "GET /?path=%2F%2Fproc%2F11%2Fmap_files HTTP/2.0" 200 2532 "-" "Mozilla/5.0 AppleWebKit/537.36 (KHTML, like Gecko; compatible; ClaudeBot/1.0; +claudebot@anthropic.com)"
57.141.16.74 - - [13/Mar/2026:00:12:58 +0000] "GET /state/nevada/?path=//proc/2468203/cwd/sys/bus/node/devices/node0/memory15/node0/memory1/node0/memory14/node0/memory13/node0/cpu1/node0/memory16/node0/memory5/node0/memory10/node0/memory23/subsystem/devices/memory19/subsystem/devices/memory6 HTTP/2.0" 200 38287 "-" "meta-externalagent/1.1 (+https://developers.facebook.com/docs/sharing/webmasters/crawler)"
74.7.241.50 - - [13/Mar/2026:00:12:58 +0000] "GET /?path=//sys/class/net/ens5/subsystem/lo/subsystem/ens5/device/net/ens5/device/firmware_node/wakeup/wakeup4/subsystem/wakeup5/device/device:0e/subsystem/devices/device:0c/subsystem/drivers/button HTTP/2.0" 200 3213 "https://usefuloffices.org/?path=//sys/class/net/ens5/subsystem/lo/subsystem/ens5/device/net/ens5/device/firmware_node/wakeup/wakeup4/subsystem/wakeup5/device/device:0e/subsystem/devices/device:0c/subsystem/drivers" "Mozilla/5.0 AppleWebKit/537.36 (KHTML, like Gecko; compatible; GPTBot/1.3; +https://openai.com/gptbot)"
216.73.216.43 - - [13/Mar/2026:00:12:58 +0000] "GET /?path=%2F%2Fetc%2Fupdate-notifier HTTP/2.0" 200 2526 "-" "Mozilla/5.0 AppleWebKit/537.36 (KHTML, like Gecko; compatible; ClaudeBot/1.0; +claudebot@anthropic.com)"
216.73.216.43 - - [13/Mar/2026:00:12:58 +0000] "GET /?path=%2F%2Fsys%2Fbus%2Fdax HTTP/2.0" 200 2982 "-" "Mozilla/5.0 AppleWebKit/537.36 (KHTML, like Gecko; compatible; ClaudeBot/1.0; +claudebot@anthropic.com)"
216.73.216.43 - - [13/Mar/2026:00:12:58 +0000] "GET /?path=%2F%2Fetc%2Fnginx HTTP/2.0" 200 3249 "-" "Mozilla/5.0 AppleWebKit/537.36 (KHTML, like Gecko; compatible; ClaudeBot/1.0; +claudebot@anthropic.com)"
216.73.216.43 - - [13/Mar/2026:00:12:58 +0000] "GET /?path=%2F%2Fproc%2F35%2Ffd HTTP/2.0" 200 2526 "-" "Mozilla/5.0 AppleWebKit/537.36 (KHTML, like Gecko; compatible; ClaudeBot/1.0; +claudebot@anthropic.com)"
216.73.216.43 - - [13/Mar/2026:00:12:58 +0000] "GET /?path=%2F%2Fsys%2Ffs%2Fbpf HTTP/2.0" 200 2525 "-" "Mozilla/5.0 AppleWebKit/537.36 (KHTML, like Gecko; compatible; ClaudeBot/1.0; +claudebot@anthropic.com)"
216.73.216.43 - - [13/Mar/2026:00:12:58 +0000] "GET /?path=%2F%2Fetc%2Finitramfs-tools HTTP/2.0" 200 3029 "-" "Mozilla/5.0 AppleWebKit/537.36 (KHTML, like Gecko; compatible; ClaudeBot/1.0; +claudebot@anthropic.com)"
74.7.241.50 - - [13/Mar/2026:00:12:58 +0000] "GET /?path=//sys/class/net/ens5/subsystem/lo/subsystem/ens5/device/net/ens5/device/firmware_node/wakeup/wakeup4/subsystem/wakeup7/device/input/input1/subsystem/event2/device/device/input HTTP/2.0" 200 2966 "https://usefuloffices.org/?path=//sys/class/net/ens5/subsystem/lo/subsystem/ens5/device/net/ens5/device/firmware_node/wakeup/wakeup4/subsystem/wakeup7/device/input/input1/subsystem/event2/device/device" "Mozilla/5.0 AppleWebKit/537.36 (KHTML, like Gecko; compatible; GPTBot/1.3; +https://openai.com/gptbot)"
216.73.216.43 - - [13/Mar/2026:00:12:58 +0000] "GET /?path=%2F%2Fsys%2Fbus%2Fedac HTTP/2.0" 200 2983 "-" "Mozilla/5.0 AppleWebKit/537.36 (KHTML, like Gecko; compatible; ClaudeBot/1.0; +claudebot@anthropic.com)"
57.141.16.103 - - [13/Mar/2026:00:12:58 +0000] "GET /state/nevada/?fileloc=//proc/2468203/cwd/sys/bus/node/devices/node0/memory15/node0/memory1/node0/memory14/node0/memory13/node0/cpu1/node0/memory16/node0/memory5/node0/memory10/node0/memory38/node0/memory8/node0/memory8/node0/cpulist&path=//proc/2468203/cwd/sys/bus/node/devices/node0/memory15/node0/memory1/node0/memory14/node0/memory13/node0/cpu1/node0/memory16/node0/memory5/node0/memory10/node0/memory38/node0/memory8/node0/memory8/node0 HTTP/2.0" 200 16250 "-" "meta-externalagent/1.1 (+https://developers.facebook.com/docs/sharing/webmasters/crawler)"
216.73.216.43 - - [13/Mar/2026:00:12:58 +0000] "GET /?path=%2F%2Fproc%2F4%2Fnet HTTP/2.0" 200 4358 "-" "Mozilla/5.0 AppleWebKit/537.36 (KHTML, like Gecko; compatible; ClaudeBot/1.0; +claudebot@anthropic.com)"
216.73.216.43 - - [13/Mar/2026:00:12:58 +0000] "GET /?path=%2F%2Fproc%2F19%2Fmap_files HTTP/2.0" 200 2532 "-" "Mozilla/5.0 AppleWebKit/537.36 (KHTML, like Gecko; compatible; ClaudeBot/1.0; +claudebot@anthropic.com)"
216.73.216.43 - - [13/Mar/2026:00:12:59 +0000] "GET /?path=%2F%2Fproc%2F6%2Ffd HTTP/2.0" 200 2525 "-" "Mozilla/5.0 AppleWebKit/537.36 (KHTML, like Gecko; compatible; ClaudeBot/1.0; +claudebot@anthropic.com)"
