74.7.241.50 - - [13/Mar/2026:00:12:59 +0000] "GET /?path=//sys/class/net/ens5/subsystem/lo/subsystem/ens5/device/net/ens5/device/firmware_node/wakeup/wakeup4/subsystem/wakeup5/device/device:0e/subsystem/devices/device:1b/subsystem/drivers/button HTTP/2.0" 200 3215 "https://usefuloffices.org/?path=//sys/class/net/ens5/subsystem/lo/subsystem/ens5/device/net/ens5/device/firmware_node/wakeup/wakeup4/subsystem/wakeup5/device/device:0e/subsystem/devices/device:1b/subsystem/drivers" "Mozilla/5.0 AppleWebKit/537.36 (KHTML, like Gecko; compatible; GPTBot/1.3; +https://openai.com/gptbot)"
216.73.216.43 - - [13/Mar/2026:00:12:59 +0000] "GET /?path=%2F%2Fvar%2Fsnap HTTP/2.0" 200 3035 "-" "Mozilla/5.0 AppleWebKit/537.36 (KHTML, like Gecko; compatible; ClaudeBot/1.0; +claudebot@anthropic.com)"
57.141.16.52 - - [13/Mar/2026:00:12:59 +0000] "GET /download-form/?path=//usr/share/locale/tt/LC_MESSAGES HTTP/2.0" 200 24948 "-" "meta-externalagent/1.1 (+https://developers.facebook.com/docs/sharing/webmasters/crawler)"
216.73.216.43 - - [13/Mar/2026:00:12:59 +0000] "GET /?path=%2F%2Fproc%2F56%2Fmap_files HTTP/2.0" 200 2532 "-" "Mozilla/5.0 AppleWebKit/537.36 (KHTML, like Gecko; compatible; ClaudeBot/1.0; +claudebot@anthropic.com)"
216.73.216.43 - - [13/Mar/2026:00:12:59 +0000] "GET /?path=%2F%2Fproc%2F13%2Fmap_files HTTP/2.0" 200 2532 "-" "Mozilla/5.0 AppleWebKit/537.36 (KHTML, like Gecko; compatible; ClaudeBot/1.0; +claudebot@anthropic.com)"
216.73.216.43 - - [13/Mar/2026:00:12:59 +0000] "GET /?path=%2F%2Fproc%2F2117971 HTTP/2.0" 200 4490 "-" "Mozilla/5.0 AppleWebKit/537.36 (KHTML, like Gecko; compatible; ClaudeBot/1.0; +claudebot@anthropic.com)"
216.73.216.43 - - [13/Mar/2026:00:12:59 +0000] "GET /?path=%2F%2Fusr%2Flib%2Fapt HTTP/2.0" 200 2992 "-" "Mozilla/5.0 AppleWebKit/537.36 (KHTML, like Gecko; compatible; ClaudeBot/1.0; +claudebot@anthropic.com)"
57.141.16.91 - - [13/Mar/2026:00:12:59 +0000] "GET /state/nevada/?path=//proc/2468203/cwd/sys/bus/node/devices/node0/memory15/node0/memory1/node0/memory14/node0/memory13/node0/cpu1/node0/memory16/node0/memory5/node0/memory10/node0/memory38/node0/memory8/node0/memory8/node0/memory17 HTTP/2.0" 200 37862 "-" "meta-externalagent/1.1 (+https://developers.facebook.com/docs/sharing/webmasters/crawler)"
216.73.216.43 - - [13/Mar/2026:00:12:59 +0000] "GET /?path=%2F%2Fproc%2F38%2Fmap_files HTTP/2.0" 200 2532 "-" "Mozilla/5.0 AppleWebKit/537.36 (KHTML, like Gecko; compatible; ClaudeBot/1.0; +claudebot@anthropic.com)"
74.7.230.20 - - [13/Mar/2026:00:12:59 +0000] "GET /robots.txt HTTP/2.0" 404 173 "-" "Mozilla/5.0 (Macintosh; Intel Mac OS X 10_15_7) AppleWebKit/537.36 (KHTML, like Gecko) Chrome/131.0.0.0 Safari/537.36; compatible; OAI-SearchBot/1.3; robots.txt; +https://openai.com/searchbot"
74.7.241.50 - - [13/Mar/2026:00:12:59 +0000] "GET /?path=//sys/class/net/ens5/subsystem/lo/subsystem/ens5/device/net/ens5/device/firmware_node/wakeup/wakeup4/subsystem/wakeup5/device/device:1a/subsystem/devices/device:1c/subsystem/drivers/button HTTP/2.0" 200 3214 "https://usefuloffices.org/?path=//sys/class/net/ens5/subsystem/lo/subsystem/ens5/device/net/ens5/device/firmware_node/wakeup/wakeup4/subsystem/wakeup5/device/device:1a/subsystem/devices/device:1c/subsystem/drivers" "Mozilla/5.0 AppleWebKit/537.36 (KHTML, like Gecko; compatible; GPTBot/1.3; +https://openai.com/gptbot)"
216.73.216.43 - - [13/Mar/2026:00:12:59 +0000] "GET /?path=%2F%2Fproc%2F41%2Ffd HTTP/2.0" 200 2526 "-" "Mozilla/5.0 AppleWebKit/537.36 (KHTML, like Gecko; compatible; ClaudeBot/1.0; +claudebot@anthropic.com)"
216.73.216.43 - - [13/Mar/2026:00:12:59 +0000] "GET /?path=%2F%2Fproc%2F16%2Fmap_files HTTP/2.0" 200 2532 "-" "Mozilla/5.0 AppleWebKit/537.36 (KHTML, like Gecko; compatible; ClaudeBot/1.0; +claudebot@anthropic.com)"
216.73.216.43 - - [13/Mar/2026:00:12:59 +0000] "GET /?path=%2F%2Fproc%2F39%2Fmap_files HTTP/2.0" 200 2533 "-" "Mozilla/5.0 AppleWebKit/537.36 (KHTML, like Gecko; compatible; ClaudeBot/1.0; +claudebot@anthropic.com)"
216.73.216.43 - - [13/Mar/2026:00:13:00 +0000] "GET /?path=%2F%2Fproc%2F1%2Ffd HTTP/2.0" 200 2524 "-" "Mozilla/5.0 AppleWebKit/537.36 (KHTML, like Gecko; compatible; ClaudeBot/1.0; +claudebot@anthropic.com)"
216.73.216.43 - - [13/Mar/2026:00:13:00 +0000] "GET /?path=%2F%2Fproc%2F44%2Ffd HTTP/2.0" 200 2526 "-" "Mozilla/5.0 AppleWebKit/537.36 (KHTML, like Gecko; compatible; ClaudeBot/1.0; +claudebot@anthropic.com)"
74.7.241.50 - - [13/Mar/2026:00:13:00 +0000] "GET /?path=//sys/class/net/ens5/subsystem/lo/subsystem/ens5/device/net/ens5/device/firmware_node/wakeup/wakeup4/subsystem/wakeup7/device/input/input1/subsystem/event1/device/device/subsystem HTTP/2.0" 200 3190 "https://usefuloffices.org/?path=//sys/class/net/ens5/subsystem/lo/subsystem/ens5/device/net/ens5/device/firmware_node/wakeup/wakeup4/subsystem/wakeup7/device/input/input1/subsystem/event1/device/device" "Mozilla/5.0 AppleWebKit/537.36 (KHTML, like Gecko; compatible; GPTBot/1.3; +https://openai.com/gptbot)"
216.73.216.43 - - [13/Mar/2026:00:13:00 +0000] "GET /?path=%2Fvar%2Fspool%2Fcron HTTP/2.0" 200 2785 "-" "Mozilla/5.0 AppleWebKit/537.36 (KHTML, like Gecko; compatible; ClaudeBot/1.0; +claudebot@anthropic.com)"
57.141.16.76 - - [13/Mar/2026:00:13:00 +0000] "GET /state/nevada/?path=//proc/2468203/cwd/sys/bus/node/devices/node0/memory15/node0/memory1/node0/memory14/node0/memory13/node0/cpu1/node0/memory16/node0/memory5/node0/memory10/node0/memory39/node0/memory15/node0/memory6/node0/memory39 HTTP/2.0" 200 37905 "-" "meta-externalagent/1.1 (+https://developers.facebook.com/docs/sharing/webmasters/crawler)"
216.73.216.43 - - [13/Mar/2026:00:13:00 +0000] "GET /?path=%2F%2Fetc%2Fbinfmt.d HTTP/2.0" 200 2522 "-" "Mozilla/5.0 AppleWebKit/537.36 (KHTML, like Gecko; compatible; ClaudeBot/1.0; +claudebot@anthropic.com)"
216.73.216.43 - - [13/Mar/2026:00:13:00 +0000] "GET /?path=%2F%2Fproc%2F45%2Ffd HTTP/2.0" 200 2526 "-" "Mozilla/5.0 AppleWebKit/537.36 (KHTML, like Gecko; compatible; ClaudeBot/1.0; +claudebot@anthropic.com)"
57.141.16.34 - - [13/Mar/2026:00:13:00 +0000] "GET /state/nevada/?path=//proc/2468203/cwd/sys/bus/node/devices/node0/memory15/node0/memory1/node0/memory14/node0/memory13/node0/cpu1/node0/memory16/node0/memory5/node0/memory10/node0/memory38/node0/memory8/node0/memory35/node0/memory34 HTTP/2.0" 200 37903 "-" "meta-externalagent/1.1 (+https://developers.facebook.com/docs/sharing/webmasters/crawler)"
216.73.216.43 - - [13/Mar/2026:00:13:00 +0000] "GET /?path=%2F%2Fusr%2Flib%2Fklibc HTTP/2.0" 200 2781 "-" "Mozilla/5.0 AppleWebKit/537.36 (KHTML, like Gecko; compatible; ClaudeBot/1.0; +claudebot@anthropic.com)"
216.73.216.43 - - [13/Mar/2026:00:13:00 +0000] "GET /?path=%2F%2Fproc%2F53%2Fmap_files HTTP/2.0" 200 2532 "-" "Mozilla/5.0 AppleWebKit/537.36 (KHTML, like Gecko; compatible; ClaudeBot/1.0; +claudebot@anthropic.com)"
216.73.216.43 - - [13/Mar/2026:00:13:00 +0000] "GET /?path=%2Fvar%2Flog%2Fnginx HTTP/2.0" 200 5990 "-" "Mozilla/5.0 AppleWebKit/537.36 (KHTML, like Gecko; compatible; ClaudeBot/1.0; +claudebot@anthropic.com)"
74.7.241.50 - - [13/Mar/2026:00:13:00 +0000] "GET /?path=//sys/class/net/ens5/subsystem/lo/subsystem/ens5/device/net/ens5/device/firmware_node/wakeup/wakeup4/subsystem/wakeup7/device/input/input1/subsystem/event1/device/device/power HTTP/2.0" 200 3687 "https://usefuloffices.org/?path=//sys/class/net/ens5/subsystem/lo/subsystem/ens5/device/net/ens5/device/firmware_node/wakeup/wakeup4/subsystem/wakeup7/device/input/input1/subsystem/event1/device/device" "Mozilla/5.0 AppleWebKit/537.36 (KHTML, like Gecko; compatible; GPTBot/1.3; +https://openai.com/gptbot)"
216.73.216.43 - - [13/Mar/2026:00:13:00 +0000] "GET /?path=%2F%2Fproc%2F28%2Ffd HTTP/2.0" 200 2526 "-" "Mozilla/5.0 AppleWebKit/537.36 (KHTML, like Gecko; compatible; ClaudeBot/1.0; +claudebot@anthropic.com)"
216.73.216.43 - - [13/Mar/2026:00:13:00 +0000] "GET /?path=%2F%2Fproc%2F72%2Ffd HTTP/2.0" 200 2527 "-" "Mozilla/5.0 AppleWebKit/537.36 (KHTML, like Gecko; compatible; ClaudeBot/1.0; +claudebot@anthropic.com)"
216.73.216.43 - - [13/Mar/2026:00:13:01 +0000] "GET /?path=%2F%2Fproc%2F18%2Fmap_files HTTP/2.0" 200 2532 "-" "Mozilla/5.0 AppleWebKit/537.36 (KHTML, like Gecko; compatible; ClaudeBot/1.0; +claudebot@anthropic.com)"
216.73.216.43 - - [13/Mar/2026:00:13:01 +0000] "GET /?path=%2F%2Fproc%2F26%2Fmap_files HTTP/2.0" 200 2532 "-" "Mozilla/5.0 AppleWebKit/537.36 (KHTML, like Gecko; compatible; ClaudeBot/1.0; +claudebot@anthropic.com)"
57.141.16.29 - - [13/Mar/2026:00:13:01 +0000] "GET /state/nevada/?fileloc=//proc/2468203/cwd/sys/bus/node/devices/node0/memory15/node0/memory1/node0/memory14/node0/memory13/node0/cpu1/node0/memory16/node0/memory5/node0/memory13/node0/memory35/node0/memory22/node0/memory13/power/runtime_usage&path=//proc/2468203/cwd/sys/bus/node/devices/node0/memory15/node0/memory1/node0/memory14/node0/memory13/node0/cpu1/node0/memory16/node0/memory5/node0/memory13/node0/memory35/node0/memory22/node0/memory13/power HTTP/2.0" 200 16264 "-" "meta-externalagent/1.1 (+https://developers.facebook.com/docs/sharing/webmasters/crawler)"
216.73.216.43 - - [13/Mar/2026:00:13:01 +0000] "GET /?path=%2F%2Fproc%2F76%2Ffd HTTP/2.0" 200 2527 "-" "Mozilla/5.0 AppleWebKit/537.36 (KHTML, like Gecko; compatible; ClaudeBot/1.0; +claudebot@anthropic.com)"
216.73.216.43 - - [13/Mar/2026:00:13:01 +0000] "GET /?path=%2F%2Fetc%2Fgroff HTTP/2.0" 200 2838 "-" "Mozilla/5.0 AppleWebKit/537.36 (KHTML, like Gecko; compatible; ClaudeBot/1.0; +claudebot@anthropic.com)"
74.7.241.50 - - [13/Mar/2026:00:13:01 +0000] "GET /?path=//sys/class/net/ens5/subsystem/lo/subsystem/ens5/device/net/ens5/device/firmware_node/wakeup/wakeup4/subsystem/wakeup7/device/input/input1/subsystem/event1/device/device/driver HTTP/2.0" 200 3199 "https://usefuloffices.org/?path=//sys/class/net/ens5/subsystem/lo/subsystem/ens5/device/net/ens5/device/firmware_node/wakeup/wakeup4/subsystem/wakeup7/device/input/input1/subsystem/event1/device/device" "Mozilla/5.0 AppleWebKit/537.36 (KHTML, like Gecko; compatible; GPTBot/1.3; +https://openai.com/gptbot)"
216.73.216.43 - - [13/Mar/2026:00:13:01 +0000] "GET /?path=%2F%2Fusr%2Fshare%2Fiso-codes HTTP/2.0" 200 2788 "-" "Mozilla/5.0 AppleWebKit/537.36 (KHTML, like Gecko; compatible; ClaudeBot/1.0; +claudebot@anthropic.com)"
216.73.216.43 - - [13/Mar/2026:00:13:01 +0000] "GET /?path=%2F%2Fproc%2F8%2Ffd HTTP/2.0" 200 2524 "-" "Mozilla/5.0 AppleWebKit/537.36 (KHTML, like Gecko; compatible; ClaudeBot/1.0; +claudebot@anthropic.com)"
216.73.216.43 - - [13/Mar/2026:00:13:01 +0000] "GET /?path=%2F%2Flib%2Ffile HTTP/2.0" 200 2791 "-" "Mozilla/5.0 AppleWebKit/537.36 (KHTML, like Gecko; compatible; ClaudeBot/1.0; +claudebot@anthropic.com)"
216.73.216.43 - - [13/Mar/2026:00:13:01 +0000] "GET /?path=%2F%2Frun%2Fsystemd%2Fpropagate HTTP/2.0" 200 2533 "-" "Mozilla/5.0 AppleWebKit/537.36 (KHTML, like Gecko; compatible; ClaudeBot/1.0; +claudebot@anthropic.com)"
74.7.241.50 - - [13/Mar/2026:00:13:01 +0000] "GET /?fileloc=//sys/class/net/ens5/subsystem/lo/subsystem/ens5/device/net/ens5/device/firmware_node/wakeup/wakeup4/subsystem/wakeup7/device/input/input1/subsystem/mouse0/subsystem/mice/power/async&path=//sys/class/net/ens5/subsystem/lo/subsystem/ens5/device/net/ens5/device/firmware_node/wakeup/wakeup4/subsystem/wakeup7/device/input/input1/subsystem/mouse0/subsystem/mice/power HTTP/2.0" 200 2669 "https://usefuloffices.org/?path=//sys/class/net/ens5/subsystem/lo/subsystem/ens5/device/net/ens5/device/firmware_node/wakeup/wakeup4/subsystem/wakeup7/device/input/input1/subsystem/mouse0/subsystem/mice/power" "Mozilla/5.0 AppleWebKit/537.36 (KHTML, like Gecko; compatible; GPTBot/1.3; +https://openai.com/gptbot)"
57.141.16.82 - - [13/Mar/2026:00:13:01 +0000] "GET /state/nevada/?path=//proc/2468203/cwd/sys/bus/node/devices/node0/memory15/node0/memory1/node0/memory14/node0/memory13/node0/cpu1/node0/memory16/node0/memory5/node0/memory10/node0/memory39/node0/memory15/subsystem/devices/memory21/subsystem HTTP/2.0" 200 27403 "-" "meta-externalagent/1.1 (+https://developers.facebook.com/docs/sharing/webmasters/crawler)"
216.73.216.43 - - [13/Mar/2026:00:13:01 +0000] "GET /?path=%2F%2Fproc%2F58%2Fmap_files HTTP/2.0" 200 2532 "-" "Mozilla/5.0 AppleWebKit/537.36 (KHTML, like Gecko; compatible; ClaudeBot/1.0; +claudebot@anthropic.com)"
216.73.216.43 - - [13/Mar/2026:00:13:01 +0000] "GET /?path=%2Fvar%2Flib%2Fpostfix HTTP/2.0" 200 2903 "-" "Mozilla/5.0 AppleWebKit/537.36 (KHTML, like Gecko; compatible; ClaudeBot/1.0; +claudebot@anthropic.com)"
216.73.216.43 - - [13/Mar/2026:00:13:02 +0000] "GET /?path=%2F%2Fproc%2F3%2Fnet HTTP/2.0" 200 4358 "-" "Mozilla/5.0 AppleWebKit/537.36 (KHTML, like Gecko; compatible; ClaudeBot/1.0; +claudebot@anthropic.com)"
57.141.16.98 - - [13/Mar/2026:00:13:02 +0000] "GET /state/nevada/?path=//proc/2468203/cwd/sys/bus/node/devices/node0/memory15/node0/memory1/node0/memory14/node0/memory13/node0/cpu1/node0/memory16/node0/memory5/node0/memory10/node0/memory20/subsystem/devices/memory39/subsystem/devices/memory9 HTTP/2.0" 200 38287 "-" "meta-externalagent/1.1 (+https://developers.facebook.com/docs/sharing/webmasters/crawler)"
216.73.216.43 - - [13/Mar/2026:00:13:02 +0000] "GET /?path=%2F%2Fsys%2Fbus%2Fsdio HTTP/2.0" 200 2982 "-" "Mozilla/5.0 AppleWebKit/537.36 (KHTML, like Gecko; compatible; ClaudeBot/1.0; +claudebot@anthropic.com)"
216.73.216.43 - - [13/Mar/2026:00:13:02 +0000] "GET /?path=%2F%2Fusr%2Fshare%2Fadduser HTTP/2.0" 200 2808 "-" "Mozilla/5.0 AppleWebKit/537.36 (KHTML, like Gecko; compatible; ClaudeBot/1.0; +claudebot@anthropic.com)"
74.7.241.50 - - [13/Mar/2026:00:13:02 +0000] "GET /?path=//sys/class/net/ens5/subsystem/lo/subsystem/ens5/device/net/ens5/device/firmware_node/wakeup/wakeup4/subsystem/wakeup7/device/input/input1/subsystem/event1/device/device/wakeup HTTP/2.0" 200 2963 "https://usefuloffices.org/?path=//sys/class/net/ens5/subsystem/lo/subsystem/ens5/device/net/ens5/device/firmware_node/wakeup/wakeup4/subsystem/wakeup7/device/input/input1/subsystem/event1/device/device" "Mozilla/5.0 AppleWebKit/537.36 (KHTML, like Gecko; compatible; GPTBot/1.3; +https://openai.com/gptbot)"
74.7.241.50 - - [13/Mar/2026:00:13:02 +0000] "GET /?path=//sys/class/net/ens5/subsystem/lo/subsystem/ens5/device/net/ens5/device/firmware_node/wakeup/wakeup4/subsystem/wakeup5/device/device:1a/subsystem/devices/device:0e/subsystem/drivers/button HTTP/2.0" 200 3215 "https://usefuloffices.org/?path=//sys/class/net/ens5/subsystem/lo/subsystem/ens5/device/net/ens5/device/firmware_node/wakeup/wakeup4/subsystem/wakeup5/device/device:1a/subsystem/devices/device:0e/subsystem/drivers" "Mozilla/5.0 AppleWebKit/537.36 (KHTML, like Gecko; compatible; GPTBot/1.3; +https://openai.com/gptbot)"
57.141.16.28 - - [13/Mar/2026:00:13:02 +0000] "GET /state/nevada/?path=//proc/2468203/cwd/sys/bus/node/devices/node0/memory15/node0/memory1/node0/memory14/node0/memory13/node0/cpu1/node0/memory16/node0/memory5/node0/memory10/node0/cpu1/node0/memory13/node0/memory18/node0/memory35 HTTP/2.0" 200 37766 "-" "meta-externalagent/1.1 (+https://developers.facebook.com/docs/sharing/webmasters/crawler)"
57.141.16.100 - - [13/Mar/2026:00:13:03 +0000] "GET /state/nevada/?fileloc=//proc/2468203/cwd/sys/bus/node/devices/node0/memory15/node0/memory1/node0/memory14/node0/memory13/node0/cpu1/node0/memory16/node0/memory5/node0/memory10/node0/memory38/node0/memory19/node0/memory12/node0/cpulist&path=//proc/2468203/cwd/sys/bus/node/devices/node0/memory15/node0/memory1/node0/memory14/node0/memory13/node0/cpu1/node0/memory16/node0/memory5/node0/memory10/node0/memory38/node0/memory19/node0/memory12/node0 HTTP/2.0" 200 16260 "-" "meta-externalagent/1.1 (+https://developers.facebook.com/docs/sharing/webmasters/crawler)"
74.7.241.50 - - [13/Mar/2026:00:13:03 +0000] "GET /?fileloc=//sys/class/net/ens5/subsystem/lo/subsystem/ens5/device/net/ens5/device/firmware_node/wakeup/wakeup4/subsystem/wakeup5/device/device:0c/subsystem/devices/device:0a/subsystem/drivers/button/unbind&path=//sys/class/net/ens5/subsystem/lo/subsystem/ens5/device/net/ens5/device/firmware_node/wakeup/wakeup4/subsystem/wakeup5/device/device:0c/subsystem/devices/device:0a/subsystem/drivers/button HTTP/2.0" 200 2671 "https://usefuloffices.org/?path=//sys/class/net/ens5/subsystem/lo/subsystem/ens5/device/net/ens5/device/firmware_node/wakeup/wakeup4/subsystem/wakeup5/device/device:0c/subsystem/devices/device:0a/subsystem/drivers/button" "Mozilla/5.0 AppleWebKit/537.36 (KHTML, like Gecko; compatible; GPTBot/1.3; +https://openai.com/gptbot)"
57.141.16.92 - - [13/Mar/2026:00:13:03 +0000] "GET /state/nevada/?fileloc=//proc/2468203/cwd/sys/bus/node/devices/node0/memory15/node0/memory1/node0/memory14/node0/memory13/node0/cpu1/node0/memory16/node0/memory5/node0/memory13/node0/memory10/node0/memory39/subsystem/devices/memory34/valid_zones&path=//proc/2468203/cwd/sys/bus/node/devices/node0/memory15/node0/memory1/node0/memory14/node0/memory13/node0/cpu1/node0/memory16/node0/memory5/node0/memory13/node0/memory10/node0/memory39/subsystem/devices/memory34 HTTP/2.0" 200 16292 "-" "meta-externalagent/1.1 (+https://developers.facebook.com/docs/sharing/webmasters/crawler)"
74.7.241.50 - - [13/Mar/2026:00:13:03 +0000] "GET /?path=//sys/class/net/ens5/subsystem/lo/subsystem/ens5/device/net/ens5/device/firmware_node/wakeup/wakeup4/subsystem/wakeup5/device/device:1e/subsystem/devices/device:1a/subsystem/drivers/button HTTP/2.0" 200 3213 "https://usefuloffices.org/?path=//sys/class/net/ens5/subsystem/lo/subsystem/ens5/device/net/ens5/device/firmware_node/wakeup/wakeup4/subsystem/wakeup5/device/device:1e/subsystem/devices/device:1a/subsystem/drivers" "Mozilla/5.0 AppleWebKit/537.36 (KHTML, like Gecko; compatible; GPTBot/1.3; +https://openai.com/gptbot)"
57.141.16.65 - - [13/Mar/2026:00:13:04 +0000] "GET /state/nevada/?fileloc=//proc/2468203/cwd/sys/bus/node/devices/node0/memory15/node0/memory1/node0/memory14/node0/memory13/node0/cpu1/node0/memory16/node0/memory5/node0/memory10/node0/memory7/node0/memory35/node0/memory39/power/autosuspend_delay_ms&path=//proc/2468203/cwd/sys/bus/node/devices/node0/memory15/node0/memory1/node0/memory14/node0/memory13/node0/cpu1/node0/memory16/node0/memory5/node0/memory10/node0/memory7/node0/memory35/node0/memory39/power HTTP/2.0" 200 16261 "-" "meta-externalagent/1.1 (+https://developers.facebook.com/docs/sharing/webmasters/crawler)"
74.7.241.50 - - [13/Mar/2026:00:13:04 +0000] "GET /?path=//sys/class/net/ens5/subsystem/lo/subsystem/ens5/device/net/ens5/device/firmware_node/wakeup/wakeup4/subsystem/wakeup5/device/device:0c/subsystem/devices/device:1b/subsystem/drivers HTTP/2.0" 200 3289 "https://usefuloffices.org/?path=//sys/class/net/ens5/subsystem/lo/subsystem/ens5/device/net/ens5/device/firmware_node/wakeup/wakeup4/subsystem/wakeup5/device/device:0c/subsystem/devices/device:1b/subsystem" "Mozilla/5.0 AppleWebKit/537.36 (KHTML, like Gecko; compatible; GPTBot/1.3; +https://openai.com/gptbot)"
57.141.16.102 - - [13/Mar/2026:00:13:04 +0000] "GET /download-form/?path=//usr/share/locale/mnw/LC_MESSAGES HTTP/2.0" 200 14388 "-" "meta-externalagent/1.1 (+https://developers.facebook.com/docs/sharing/webmasters/crawler)"
74.7.241.50 - - [13/Mar/2026:00:13:05 +0000] "GET /?path=//sys/class/net/ens5/subsystem/lo/subsystem/ens5/device/net/ens5/device/firmware_node/wakeup/wakeup4/subsystem/wakeup5/device/device:0a/subsystem/devices/device:0f/subsystem/drivers HTTP/2.0" 200 3287 "https://usefuloffices.org/?path=//sys/class/net/ens5/subsystem/lo/subsystem/ens5/device/net/ens5/device/firmware_node/wakeup/wakeup4/subsystem/wakeup5/device/device:0a/subsystem/devices/device:0f/subsystem" "Mozilla/5.0 AppleWebKit/537.36 (KHTML, like Gecko; compatible; GPTBot/1.3; +https://openai.com/gptbot)"
57.141.16.87 - - [13/Mar/2026:00:13:05 +0000] "GET /state/nevada/?path=//proc/2468203/cwd/sys/bus/node/devices/node0/memory15/node0/memory1/node0/memory14/node0/memory13/node0/cpu1/node0/memory16/node0/memory5/node0/memory10/node0/memory23/subsystem/devices/memory22/subsystem/devices/memory16 HTTP/2.0" 200 38326 "-" "meta-externalagent/1.1 (+https://developers.facebook.com/docs/sharing/webmasters/crawler)"
74.7.241.50 - - [13/Mar/2026:00:13:05 +0000] "GET /?path=//sys/class/net/ens5/subsystem/lo/subsystem/ens5/device/net/ens5/device/firmware_node/wakeup/wakeup4/subsystem/wakeup5/device/device:1b/subsystem/devices/device:1e/subsystem/drivers/button HTTP/2.0" 200 3216 "https://usefuloffices.org/?path=//sys/class/net/ens5/subsystem/lo/subsystem/ens5/device/net/ens5/device/firmware_node/wakeup/wakeup4/subsystem/wakeup5/device/device:1b/subsystem/devices/device:1e/subsystem/drivers" "Mozilla/5.0 AppleWebKit/537.36 (KHTML, like Gecko; compatible; GPTBot/1.3; +https://openai.com/gptbot)"
57.141.16.56 - - [13/Mar/2026:00:13:05 +0000] "GET /state/nevada/?path=//proc/2468203/cwd/sys/bus/node/devices/node0/memory15/node0/memory1/node0/memory14/node0/memory13/node0/cpu1/node0/memory16/node0/memory5/node0/memory10/node0/memory0/node0/memory23/node0/memory1/node0/memory8 HTTP/2.0" 200 37821 "-" "meta-externalagent/1.1 (+https://developers.facebook.com/docs/sharing/webmasters/crawler)"
74.7.241.50 - - [13/Mar/2026:00:13:06 +0000] "GET /?path=//sys/class/net/ens5/subsystem/lo/subsystem/ens5/device/net/ens5/device/firmware_node/wakeup/wakeup4/subsystem/wakeup7/device/input/input1/subsystem/event1/device/device/subsystem/devices HTTP/2.0" 200 4774 "https://usefuloffices.org/?path=//sys/class/net/ens5/subsystem/lo/subsystem/ens5/device/net/ens5/device/firmware_node/wakeup/wakeup4/subsystem/wakeup7/device/input/input1/subsystem/event1/device/device/subsystem" "Mozilla/5.0 AppleWebKit/537.36 (KHTML, like Gecko; compatible; GPTBot/1.3; +https://openai.com/gptbot)"
57.141.16.37 - - [13/Mar/2026:00:13:06 +0000] "GET /state/nevada/?fileloc=//proc/2468203/cwd/sys/bus/node/devices/node0/memory15/node0/memory1/node0/memory14/node0/memory13/node0/cpu1/node0/memory23/node0/memory14/node0/memory33/subsystem/devices/memory9/node0/memory5/node0/memory18/phys_index&path=//proc/2468203/cwd/sys/bus/node/devices/node0/memory15/node0/memory1/node0/memory14/node0/memory13/node0/cpu1/node0/memory23/node0/memory14/node0/memory33/subsystem/devices/memory9/node0/memory5/node0/memory18 HTTP/2.0" 200 16311 "-" "meta-externalagent/1.1 (+https://developers.facebook.com/docs/sharing/webmasters/crawler)"
74.7.241.50 - - [13/Mar/2026:00:13:06 +0000] "GET /?path=//sys/class/net/ens5/subsystem/lo/subsystem/ens5/device/net/ens5/device/firmware_node/wakeup/wakeup4/subsystem/wakeup7/device/input/input1/subsystem/event1/device/device/subsystem/drivers HTTP/2.0" 200 3301 "https://usefuloffices.org/?path=//sys/class/net/ens5/subsystem/lo/subsystem/ens5/device/net/ens5/device/firmware_node/wakeup/wakeup4/subsystem/wakeup7/device/input/input1/subsystem/event1/device/device/subsystem" "Mozilla/5.0 AppleWebKit/537.36 (KHTML, like Gecko; compatible; GPTBot/1.3; +https://openai.com/gptbot)"
57.141.16.62 - - [13/Mar/2026:00:13:06 +0000] "GET /state/nevada/?path=//proc/2468203/cwd/sys/bus/node/devices/node0/memory15/node0/memory1/node0/memory14/node0/memory13/node0/cpu1/node0/memory16/node0/memory5/node0/memory10/node0/memory37/node0/memory2/node0/memory34/node0/memory22 HTTP/2.0" 200 37903 "-" "meta-externalagent/1.1 (+https://developers.facebook.com/docs/sharing/webmasters/crawler)"
74.7.241.50 - - [13/Mar/2026:00:13:07 +0000] "GET /?path=//sys/class/net/ens5/subsystem/lo/subsystem/ens5/device/net/ens5/device/firmware_node/subsystem/devices/device:06/physical_node/nvme/nvme0/subsystem/nvme0/device/subsystem/drivers/agpgart-intel HTTP/2.0" 200 3187 "https://usefuloffices.org/?path=//sys/class/net/ens5/subsystem/lo/subsystem/ens5/device/net/ens5/device/firmware_node/subsystem/devices/device:06/physical_node/nvme/nvme0/subsystem/nvme0/device/subsystem/drivers" "Mozilla/5.0 AppleWebKit/537.36 (KHTML, like Gecko; compatible; GPTBot/1.3; +https://openai.com/gptbot)"
57.141.16.105 - - [13/Mar/2026:00:13:07 +0000] "GET /state/nevada/?fileloc=//proc/2468203/cwd/sys/bus/node/devices/node0/memory15/node0/memory1/node0/memory14/node0/memory13/node0/cpu1/node0/memory16/node0/memory5/subsystem/devices/memory37/node0/memory35/node0/memory18/node0/memory33/power/runtime_suspended_time&path=//proc/2468203/cwd/sys/bus/node/devices/node0/memory15/node0/memory1/node0/memory14/node0/memory13/node0/cpu1/node0/memory16/node0/memory5/subsystem/devices/memory37/node0/memory35/node0/memory18/node0/memory33/power HTTP/2.0" 200 16574 "-" "meta-externalagent/1.1 (+https://developers.facebook.com/docs/sharing/webmasters/crawler)"
216.73.216.43 - - [13/Mar/2026:00:13:07 +0000] "GET /?path=%2F%2Fproc%2F38%2Fattr HTTP/2.0" 200 3079 "-" "Mozilla/5.0 AppleWebKit/537.36 (KHTML, like Gecko; compatible; ClaudeBot/1.0; +claudebot@anthropic.com)"
216.73.216.43 - - [13/Mar/2026:00:13:07 +0000] "GET /?path=%2F%2Fproc%2F16%2Fattr HTTP/2.0" 200 3079 "-" "Mozilla/5.0 AppleWebKit/537.36 (KHTML, like Gecko; compatible; ClaudeBot/1.0; +claudebot@anthropic.com)"
216.73.216.43 - - [13/Mar/2026:00:13:07 +0000] "GET /?path=%2F%2Fetc%2Fcloud%2Ftemplates HTTP/2.0" 200 4569 "-" "Mozilla/5.0 AppleWebKit/537.36 (KHTML, like Gecko; compatible; ClaudeBot/1.0; +claudebot@anthropic.com)"
216.73.216.43 - - [13/Mar/2026:00:13:07 +0000] "GET /?path=%2F%2Flib%2Fvalgrind HTTP/2.0" 200 2802 "-" "Mozilla/5.0 AppleWebKit/537.36 (KHTML, like Gecko; compatible; ClaudeBot/1.0; +claudebot@anthropic.com)"
74.7.241.50 - - [13/Mar/2026:00:13:07 +0000] "GET /?path=//sys/class/net/ens5/subsystem/lo/subsystem/ens5/device/net/ens5/device/firmware_node/wakeup/wakeup4/subsystem/wakeup5/device/device:1b/subsystem/devices/device:0e/subsystem/drivers/hpet HTTP/2.0" 200 3092 "https://usefuloffices.org/?path=//sys/class/net/ens5/subsystem/lo/subsystem/ens5/device/net/ens5/device/firmware_node/wakeup/wakeup4/subsystem/wakeup5/device/device:1b/subsystem/devices/device:0e/subsystem/drivers" "Mozilla/5.0 AppleWebKit/537.36 (KHTML, like Gecko; compatible; GPTBot/1.3; +https://openai.com/gptbot)"
216.73.216.43 - - [13/Mar/2026:00:13:07 +0000] "GET /?path=%2F%2Fproc%2F39%2Fattr HTTP/2.0" 200 3079 "-" "Mozilla/5.0 AppleWebKit/537.36 (KHTML, like Gecko; compatible; ClaudeBot/1.0; +claudebot@anthropic.com)"
216.73.216.43 - - [13/Mar/2026:00:13:07 +0000] "GET /?path=%2F%2Fsys%2Fbus%2Fpci HTTP/2.0" 200 3089 "-" "Mozilla/5.0 AppleWebKit/537.36 (KHTML, like Gecko; compatible; ClaudeBot/1.0; +claudebot@anthropic.com)"
57.141.16.52 - - [13/Mar/2026:00:13:07 +0000] "GET /state/nevada/?path=//proc/2468203/cwd/sys/bus/node/devices/node0/memory15/node0/memory1/node0/memory14/node0/memory13/node0/cpu1/node0/memory16/node0/memory5/node0/memory10/node0/memory0/node0/memory14/node0/memory1/node0/memory5 HTTP/2.0" 200 37821 "-" "meta-externalagent/1.1 (+https://developers.facebook.com/docs/sharing/webmasters/crawler)"
216.73.216.43 - - [13/Mar/2026:00:13:07 +0000] "GET /?path=%2F%2Fproc%2F4%2Fns HTTP/2.0" 200 2524 "-" "Mozilla/5.0 AppleWebKit/537.36 (KHTML, like Gecko; compatible; ClaudeBot/1.0; +claudebot@anthropic.com)"
216.73.216.43 - - [13/Mar/2026:00:13:07 +0000] "GET /?path=%2F%2Fusr%2Flib%2Fbinfmt.d HTTP/2.0" 200 2814 "-" "Mozilla/5.0 AppleWebKit/537.36 (KHTML, like Gecko; compatible; ClaudeBot/1.0; +claudebot@anthropic.com)"
216.73.216.43 - - [13/Mar/2026:00:13:08 +0000] "GET /?path=%2F%2Fusr%2Flib%2Fnetplan HTTP/2.0" 200 2807 "-" "Mozilla/5.0 AppleWebKit/537.36 (KHTML, like Gecko; compatible; ClaudeBot/1.0; +claudebot@anthropic.com)"
74.7.241.50 - - [13/Mar/2026:00:13:08 +0000] "GET /?path=//sys/class/net/ens5/subsystem/lo/subsystem/ens5/device/net/ens5/device/firmware_node/wakeup/wakeup4/subsystem/wakeup5/device/device:1d/subsystem/devices/device:1c/subsystem/drivers/hpet HTTP/2.0" 200 3092 "https://usefuloffices.org/?path=//sys/class/net/ens5/subsystem/lo/subsystem/ens5/device/net/ens5/device/firmware_node/wakeup/wakeup4/subsystem/wakeup5/device/device:1d/subsystem/devices/device:1c/subsystem/drivers" "Mozilla/5.0 AppleWebKit/537.36 (KHTML, like Gecko; compatible; GPTBot/1.3; +https://openai.com/gptbot)"
216.73.216.43 - - [13/Mar/2026:00:13:08 +0000] "GET /?path=%2F%2Fusr%2Fshare%2Fconsoletrans HTTP/2.0" 200 3717 "-" "Mozilla/5.0 AppleWebKit/537.36 (KHTML, like Gecko; compatible; ClaudeBot/1.0; +claudebot@anthropic.com)"
216.73.216.43 - - [13/Mar/2026:00:13:08 +0000] "GET /?path=%2F%2Fproc%2F53%2Fattr HTTP/2.0" 200 3079 "-" "Mozilla/5.0 AppleWebKit/537.36 (KHTML, like Gecko; compatible; ClaudeBot/1.0; +claudebot@anthropic.com)"
216.73.216.43 - - [13/Mar/2026:00:13:08 +0000] "GET /?path=%2F%2Fproc%2F42%2Fnet HTTP/2.0" 200 4354 "-" "Mozilla/5.0 AppleWebKit/537.36 (KHTML, like Gecko; compatible; ClaudeBot/1.0; +claudebot@anthropic.com)"
216.73.216.43 - - [13/Mar/2026:00:13:08 +0000] "GET /?path=%2F%2Fproc%2F2517490 HTTP/2.0" 200 2524 "-" "Mozilla/5.0 AppleWebKit/537.36 (KHTML, like Gecko; compatible; ClaudeBot/1.0; +claudebot@anthropic.com)"
57.141.16.21 - - [13/Mar/2026:00:13:08 +0000] "GET /state/nevada/?path=//proc/2468203/cwd/sys/bus/node/devices/node0/memory15/node0/memory1/node0/memory14/node0/memory13/node0/cpu1/node0/memory16/node0/memory5/node0/memory10/node0/memory39/node0/memory15/node0/memory6/node0/memory19 HTTP/2.0" 200 37905 "-" "meta-externalagent/1.1 (+https://developers.facebook.com/docs/sharing/webmasters/crawler)"
216.73.216.43 - - [13/Mar/2026:00:13:08 +0000] "GET /?path=%2F%2Fusr%2Fshare%2Fzoneinfo HTTP/2.0" 200 5124 "-" "Mozilla/5.0 AppleWebKit/537.36 (KHTML, like Gecko; compatible; ClaudeBot/1.0; +claudebot@anthropic.com)"
216.73.216.43 - - [13/Mar/2026:00:13:08 +0000] "GET /?path=%2F%2Fproc%2F2%2Ffdinfo HTTP/2.0" 200 2525 "-" "Mozilla/5.0 AppleWebKit/537.36 (KHTML, like Gecko; compatible; ClaudeBot/1.0; +claudebot@anthropic.com)"
74.7.241.50 - - [13/Mar/2026:00:13:08 +0000] "GET /?path=//sys/class/net/ens5/subsystem/lo/subsystem/ens5/device/net/ens5/device/firmware_node/wakeup/wakeup4/subsystem/wakeup5/device/device:1f/subsystem/devices/device:1a/subsystem/drivers/hpet HTTP/2.0" 200 3091 "https://usefuloffices.org/?path=//sys/class/net/ens5/subsystem/lo/subsystem/ens5/device/net/ens5/device/firmware_node/wakeup/wakeup4/subsystem/wakeup5/device/device:1f/subsystem/devices/device:1a/subsystem/drivers" "Mozilla/5.0 AppleWebKit/537.36 (KHTML, like Gecko; compatible; GPTBot/1.3; +https://openai.com/gptbot)"
57.141.16.83 - - [13/Mar/2026:00:13:08 +0000] "GET /state/nevada/?fileloc=//proc/2468203/root/sys/kernel/slab/kmalloc-rcl-8/align&path=//proc/2468203/root/sys/kernel/slab/kmalloc-rcl-8 HTTP/2.0" 200 12618 "-" "meta-externalagent/1.1 (+https://developers.facebook.com/docs/sharing/webmasters/crawler)"
216.73.216.43 - - [13/Mar/2026:00:13:08 +0000] "GET /?path=%2F%2Fproc%2F1145290 HTTP/2.0" 200 4490 "-" "Mozilla/5.0 AppleWebKit/537.36 (KHTML, like Gecko; compatible; ClaudeBot/1.0; +claudebot@anthropic.com)"
216.73.216.43 - - [13/Mar/2026:00:13:08 +0000] "GET /?path=%2Fvar%2Fcache%2Fman%2Fcat6 HTTP/2.0" 200 2535 "-" "Mozilla/5.0 AppleWebKit/537.36 (KHTML, like Gecko; compatible; ClaudeBot/1.0; +claudebot@anthropic.com)"
216.73.216.43 - - [13/Mar/2026:00:13:08 +0000] "GET /?path=%2F%2Frun%2Fsystemd%2Fgenerator.early HTTP/2.0" 200 2804 "-" "Mozilla/5.0 AppleWebKit/537.36 (KHTML, like Gecko; compatible; ClaudeBot/1.0; +claudebot@anthropic.com)"
216.73.216.43 - - [13/Mar/2026:00:13:09 +0000] "GET /?path=%2F%2Fproc%2F18%2Fattr HTTP/2.0" 200 3079 "-" "Mozilla/5.0 AppleWebKit/537.36 (KHTML, like Gecko; compatible; ClaudeBot/1.0; +claudebot@anthropic.com)"
216.73.216.43 - - [13/Mar/2026:00:13:09 +0000] "GET /?path=%2F%2Frun%2Fsendsigs.omit.d HTTP/2.0" 200 2528 "-" "Mozilla/5.0 AppleWebKit/537.36 (KHTML, like Gecko; compatible; ClaudeBot/1.0; +claudebot@anthropic.com)"
74.7.241.50 - - [13/Mar/2026:00:13:09 +0000] "GET /?path=//sys/class/net/ens5/subsystem/lo/subsystem/ens5/device/net/ens5/device/firmware_node/wakeup/wakeup4/subsystem/wakeup6/device/input/input0/subsystem/input0/device/power HTTP/2.0" 200 3686 "https://usefuloffices.org/?path=//sys/class/net/ens5/subsystem/lo/subsystem/ens5/device/net/ens5/device/firmware_node/wakeup/wakeup4/subsystem/wakeup6/device/input/input0/subsystem/input0/device" "Mozilla/5.0 AppleWebKit/537.36 (KHTML, like Gecko; compatible; GPTBot/1.3; +https://openai.com/gptbot)"
216.73.216.43 - - [13/Mar/2026:00:13:09 +0000] "GET /?path=%2F%2Fproc%2F31%2Fnet HTTP/2.0" 200 4354 "-" "Mozilla/5.0 AppleWebKit/537.36 (KHTML, like Gecko; compatible; ClaudeBot/1.0; +claudebot@anthropic.com)"
57.141.16.87 - - [13/Mar/2026:00:13:09 +0000] "GET /state/nevada/?fileloc=//proc/2468203/cwd/sys/bus/node/devices/node0/memory15/node0/memory1/node0/memory14/node0/memory13/node0/cpu1/node0/memory16/node0/memory5/node0/memory10/node0/memory39/node0/memory37/node0/memory17/node0/meminfo&path=//proc/2468203/cwd/sys/bus/node/devices/node0/memory15/node0/memory1/node0/memory14/node0/memory13/node0/cpu1/node0/memory16/node0/memory5/node0/memory10/node0/memory39/node0/memory37/node0/memory17/node0 HTTP/2.0" 200 17534 "-" "meta-externalagent/1.1 (+https://developers.facebook.com/docs/sharing/webmasters/crawler)"
216.73.216.43 - - [13/Mar/2026:00:13:09 +0000] "GET /?path=%2F%2Fetc%2Frc0.d HTTP/2.0" 200 3446 "-" "Mozilla/5.0 AppleWebKit/537.36 (KHTML, like Gecko; compatible; ClaudeBot/1.0; +claudebot@anthropic.com)"
216.73.216.43 - - [13/Mar/2026:00:13:09 +0000] "GET /?path=%2F%2Fproc%2F26%2Fattr HTTP/2.0" 200 3079 "-" "Mozilla/5.0 AppleWebKit/537.36 (KHTML, like Gecko; compatible; ClaudeBot/1.0; +claudebot@anthropic.com)"
216.73.216.43 - - [13/Mar/2026:00:13:09 +0000] "GET /?path=%2F%2Fproc%2F58%2Fattr HTTP/2.0" 200 3079 "-" "Mozilla/5.0 AppleWebKit/537.36 (KHTML, like Gecko; compatible; ClaudeBot/1.0; +claudebot@anthropic.com)"
57.141.16.9 - - [13/Mar/2026:00:13:09 +0000] "GET /state/nevada/?fileloc=//proc/2468203/cwd/sys/bus/node/devices/node0/memory15/node0/memory1/node0/memory14/node0/memory13/node0/cpu1/node0/memory16/node0/memory5/node0/memory16/subsystem/devices/memory0/node0/memory18/node0/memory18/online&path=//proc/2468203/cwd/sys/bus/node/devices/node0/memory15/node0/memory1/node0/memory14/node0/memory13/node0/cpu1/node0/memory16/node0/memory5/node0/memory16/subsystem/devices/memory0/node0/memory18/node0/memory18 HTTP/2.0" 200 16293 "-" "meta-externalagent/1.1 (+https://developers.facebook.com/docs/sharing/webmasters/crawler)"
216.73.216.43 - - [13/Mar/2026:00:13:09 +0000] "GET /?path=%2F%2Fetc%2Fiscsi HTTP/2.0" 200 2858 "-" "Mozilla/5.0 AppleWebKit/537.36 (KHTML, like Gecko; compatible; ClaudeBot/1.0; +claudebot@anthropic.com)"
74.7.241.50 - - [13/Mar/2026:00:13:09 +0000] "GET /?path=//sys/class/net/ens5/subsystem/lo/subsystem/ens5/device/net/ens5/device/firmware_node/wakeup/wakeup4/subsystem/wakeup5/device/device:0b/subsystem/devices/device:1d/subsystem/drivers/hpet HTTP/2.0" 200 3093 "https://usefuloffices.org/?path=//sys/class/net/ens5/subsystem/lo/subsystem/ens5/device/net/ens5/device/firmware_node/wakeup/wakeup4/subsystem/wakeup5/device/device:0b/subsystem/devices/device:1d/subsystem/drivers" "Mozilla/5.0 AppleWebKit/537.36 (KHTML, like Gecko; compatible; GPTBot/1.3; +https://openai.com/gptbot)"
216.73.216.43 - - [13/Mar/2026:00:13:09 +0000] "GET /?path=%2F%2Fproc%2F36%2Fattr HTTP/2.0" 200 3079 "-" "Mozilla/5.0 AppleWebKit/537.36 (KHTML, like Gecko; compatible; ClaudeBot/1.0; +claudebot@anthropic.com)"
216.73.216.43 - - [13/Mar/2026:00:13:09 +0000] "GET /?path=%2F%2Fproc%2F48%2Fattr HTTP/2.0" 200 3079 "-" "Mozilla/5.0 AppleWebKit/537.36 (KHTML, like Gecko; compatible; ClaudeBot/1.0; +claudebot@anthropic.com)"
216.73.216.43 - - [13/Mar/2026:00:13:09 +0000] "GET /?path=%2F%2Fproc%2F404%2Fattr HTTP/2.0" 200 3081 "-" "Mozilla/5.0 AppleWebKit/537.36 (KHTML, like Gecko; compatible; ClaudeBot/1.0; +claudebot@anthropic.com)"
216.73.216.43 - - [13/Mar/2026:00:13:10 +0000] "GET /?path=%2F%2Fsys%2Fdevices%2Fmsr HTTP/2.0" 200 3062 "-" "Mozilla/5.0 AppleWebKit/537.36 (KHTML, like Gecko; compatible; ClaudeBot/1.0; +claudebot@anthropic.com)"
216.73.216.43 - - [13/Mar/2026:00:13:10 +0000] "GET /?path=%2F%2Fproc%2F68%2Fattr HTTP/2.0" 200 3079 "-" "Mozilla/5.0 AppleWebKit/537.36 (KHTML, like Gecko; compatible; ClaudeBot/1.0; +claudebot@anthropic.com)"
57.141.16.20 - - [13/Mar/2026:00:13:10 +0000] "GET /state/nevada/?path=//proc/2468203/cwd/sys/bus/node/devices/node0/memory15/node0/memory1/node0/memory14/node0/memory13/node0/cpu1/node0/memory16/node0/memory5/node0/memory10/node0/memory38/node0/memory7/subsystem/devices/memory1/power HTTP/2.0" 200 36900 "-" "meta-externalagent/1.1 (+https://developers.facebook.com/docs/sharing/webmasters/crawler)"
74.7.241.50 - - [13/Mar/2026:00:13:10 +0000] "GET /?path=//sys/class/net/ens5/subsystem/lo/subsystem/ens5/device/net/ens5/device/firmware_node/wakeup/wakeup4/subsystem/wakeup5/device/device:0c/subsystem/devices/device:1b/subsystem/drivers/ac HTTP/2.0" 200 3091 "https://usefuloffices.org/?path=//sys/class/net/ens5/subsystem/lo/subsystem/ens5/device/net/ens5/device/firmware_node/wakeup/wakeup4/subsystem/wakeup5/device/device:0c/subsystem/devices/device:1b/subsystem/drivers" "Mozilla/5.0 AppleWebKit/537.36 (KHTML, like Gecko; compatible; GPTBot/1.3; +https://openai.com/gptbot)"
216.73.216.43 - - [13/Mar/2026:00:13:10 +0000] "GET /?path=%2F%2Fetc%2Fperl HTTP/2.0" 200 2771 "-" "Mozilla/5.0 AppleWebKit/537.36 (KHTML, like Gecko; compatible; ClaudeBot/1.0; +claudebot@anthropic.com)"
216.73.216.43 - - [13/Mar/2026:00:13:10 +0000] "GET /?path=%2Fvar%2Fcache%2Fman%2Fcat9 HTTP/2.0" 200 2536 "-" "Mozilla/5.0 AppleWebKit/537.36 (KHTML, like Gecko; compatible; ClaudeBot/1.0; +claudebot@anthropic.com)"
216.73.216.43 - - [13/Mar/2026:00:13:10 +0000] "GET /?path=%2F%2Fproc%2F3%2Fns HTTP/2.0" 200 2524 "-" "Mozilla/5.0 AppleWebKit/537.36 (KHTML, like Gecko; compatible; ClaudeBot/1.0; +claudebot@anthropic.com)"
216.73.216.43 - - [13/Mar/2026:00:13:10 +0000] "GET /?path=%2F%2Fproc%2F55%2Fattr HTTP/2.0" 200 3079 "-" "Mozilla/5.0 AppleWebKit/537.36 (KHTML, like Gecko; compatible; ClaudeBot/1.0; +claudebot@anthropic.com)"
216.73.216.43 - - [13/Mar/2026:00:13:10 +0000] "GET /?path=%2F%2Fproc%2F34%2Fattr HTTP/2.0" 200 3079 "-" "Mozilla/5.0 AppleWebKit/537.36 (KHTML, like Gecko; compatible; ClaudeBot/1.0; +claudebot@anthropic.com)"
57.141.16.22 - - [13/Mar/2026:00:13:10 +0000] "GET /state/nevada/?path=//proc/2468203/cwd/sys/bus/node/devices/node0/memory15/node0/memory1/node0/memory14/node0/memory13/node0/cpu1/node0/memory16/node0/memory5/node0/memory13/node0/memory10/node0/memory39/node0/memory17/node0/memory22 HTTP/2.0" 200 37946 "-" "meta-externalagent/1.1 (+https://developers.facebook.com/docs/sharing/webmasters/crawler)"
74.7.241.50 - - [13/Mar/2026:00:13:10 +0000] "GET /?path=//sys/class/net/ens5/subsystem/lo/subsystem/ens5/device/net/ens5/device/firmware_node/wakeup/wakeup4/subsystem/wakeup5/device/device:0c/subsystem/devices/device:1b/subsystem/drivers/ec HTTP/2.0" 200 3091 "https://usefuloffices.org/?path=//sys/class/net/ens5/subsystem/lo/subsystem/ens5/device/net/ens5/device/firmware_node/wakeup/wakeup4/subsystem/wakeup5/device/device:0c/subsystem/devices/device:1b/subsystem/drivers" "Mozilla/5.0 AppleWebKit/537.36 (KHTML, like Gecko; compatible; GPTBot/1.3; +https://openai.com/gptbot)"
216.73.216.43 - - [13/Mar/2026:00:13:10 +0000] "GET /?path=%2F%2Fproc%2F398%2Fnet HTTP/2.0" 200 4354 "-" "Mozilla/5.0 AppleWebKit/537.36 (KHTML, like Gecko; compatible; ClaudeBot/1.0; +claudebot@anthropic.com)"
216.73.216.43 - - [13/Mar/2026:00:13:11 +0000] "GET /?path=%2F%2Fusr%2Fshare%2Fterminfo HTTP/2.0" 200 3748 "-" "Mozilla/5.0 AppleWebKit/537.36 (KHTML, like Gecko; compatible; ClaudeBot/1.0; +claudebot@anthropic.com)"
216.73.216.43 - - [13/Mar/2026:00:13:11 +0000] "GET /?path=%2F%2Fproc%2F526%2Fnet HTTP/2.0" 200 4353 "-" "Mozilla/5.0 AppleWebKit/537.36 (KHTML, like Gecko; compatible; ClaudeBot/1.0; +claudebot@anthropic.com)"
216.73.216.43 - - [13/Mar/2026:00:13:11 +0000] "GET /?path=%2F%2Fproc%2F474%2Fnet HTTP/2.0" 200 4354 "-" "Mozilla/5.0 AppleWebKit/537.36 (KHTML, like Gecko; compatible; ClaudeBot/1.0; +claudebot@anthropic.com)"
216.73.216.43 - - [13/Mar/2026:00:13:11 +0000] "GET /?path=%2F%2Fusr%2Flibx32 HTTP/2.0" 200 2521 "-" "Mozilla/5.0 AppleWebKit/537.36 (KHTML, like Gecko; compatible; ClaudeBot/1.0; +claudebot@anthropic.com)"
216.73.216.43 - - [13/Mar/2026:00:13:11 +0000] "GET /?fileloc=%2F%2Fbin%2Fvim.basic&path=%2F%2Fbin HTTP/2.0" 200 1620910 "-" "Mozilla/5.0 AppleWebKit/537.36 (KHTML, like Gecko; compatible; ClaudeBot/1.0; +claudebot@anthropic.com)"
74.7.241.50 - - [13/Mar/2026:00:13:11 +0000] "GET /?path=//sys/class/net/ens5/subsystem/lo/subsystem/ens5/device/net/ens5/device/firmware_node/wakeup/wakeup4/subsystem/wakeup5/device/device:0a/subsystem/devices/device:0f/subsystem/drivers/ec HTTP/2.0" 200 3090 "https://usefuloffices.org/?path=//sys/class/net/ens5/subsystem/lo/subsystem/ens5/device/net/ens5/device/firmware_node/wakeup/wakeup4/subsystem/wakeup5/device/device:0a/subsystem/devices/device:0f/subsystem/drivers" "Mozilla/5.0 AppleWebKit/537.36 (KHTML, like Gecko; compatible; GPTBot/1.3; +https://openai.com/gptbot)"
216.73.216.43 - - [13/Mar/2026:00:13:11 +0000] "GET /?path=%2F%2Fusr%2Flib%2Fx86_64-linux-gnu HTTP/2.0" 200 21368 "-" "Mozilla/5.0 AppleWebKit/537.36 (KHTML, like Gecko; compatible; ClaudeBot/1.0; +claudebot@anthropic.com)"
216.73.216.43 - - [13/Mar/2026:00:13:12 +0000] "GET /?path=%2F%2Fusr%2Flib%2Ffirmware HTTP/2.0" 200 2825 "-" "Mozilla/5.0 AppleWebKit/537.36 (KHTML, like Gecko; compatible; ClaudeBot/1.0; +claudebot@anthropic.com)"
216.73.216.43 - - [13/Mar/2026:00:13:12 +0000] "GET /?path=%2Fvar%2Fcache%2Fman%2Fcat8 HTTP/2.0" 200 2535 "-" "Mozilla/5.0 AppleWebKit/537.36 (KHTML, like Gecko; compatible; ClaudeBot/1.0; +claudebot@anthropic.com)"
216.73.216.43 - - [13/Mar/2026:00:13:12 +0000] "GET /?path=%2F%2Fusr%2Fshare%2Fphp8.1-mysql HTTP/2.0" 200 2790 "-" "Mozilla/5.0 AppleWebKit/537.36 (KHTML, like Gecko; compatible; ClaudeBot/1.0; +claudebot@anthropic.com)"
216.73.216.43 - - [13/Mar/2026:00:13:12 +0000] "GET /?path=%2F%2Fopt%2Faws%2Famazon-cloudwatch-agent HTTP/2.0" 200 3168 "-" "Mozilla/5.0 AppleWebKit/537.36 (KHTML, like Gecko; compatible; ClaudeBot/1.0; +claudebot@anthropic.com)"
216.73.216.43 - - [13/Mar/2026:00:13:12 +0000] "GET /?path=%2F%2Fusr%2Fshare%2Fssl-cert HTTP/2.0" 200 2811 "-" "Mozilla/5.0 AppleWebKit/537.36 (KHTML, like Gecko; compatible; ClaudeBot/1.0; +claudebot@anthropic.com)"
216.73.216.43 - - [13/Mar/2026:00:13:12 +0000] "GET /?path=%2F%2Fproc%2F49%2Fattr HTTP/2.0" 200 3079 "-" "Mozilla/5.0 AppleWebKit/537.36 (KHTML, like Gecko; compatible; ClaudeBot/1.0; +claudebot@anthropic.com)"
216.73.216.43 - - [13/Mar/2026:00:13:12 +0000] "GET /?path=%2F%2Fproc%2F665%2Fattr HTTP/2.0" 200 3082 "-" "Mozilla/5.0 AppleWebKit/537.36 (KHTML, like Gecko; compatible; ClaudeBot/1.0; +claudebot@anthropic.com)"
216.73.216.43 - - [13/Mar/2026:00:13:12 +0000] "GET /?path=%2F%2Fproc%2F1583447 HTTP/2.0" 200 4492 "-" "Mozilla/5.0 AppleWebKit/537.36 (KHTML, like Gecko; compatible; ClaudeBot/1.0; +claudebot@anthropic.com)"
74.7.241.50 - - [13/Mar/2026:00:13:12 +0000] "GET /?path=//sys/class/net/ens5/subsystem/lo/subsystem/ens5/device/net/ens5/device/firmware_node/wakeup/wakeup4/subsystem/wakeup5/device/device:0a/subsystem/devices/device:0f/subsystem/drivers/ac HTTP/2.0" 200 3090 "https://usefuloffices.org/?path=//sys/class/net/ens5/subsystem/lo/subsystem/ens5/device/net/ens5/device/firmware_node/wakeup/wakeup4/subsystem/wakeup5/device/device:0a/subsystem/devices/device:0f/subsystem/drivers" "Mozilla/5.0 AppleWebKit/537.36 (KHTML, like Gecko; compatible; GPTBot/1.3; +https://openai.com/gptbot)"
216.73.216.43 - - [13/Mar/2026:00:13:12 +0000] "GET /?path=%2F%2Fetc%2Fapparmor.d HTTP/2.0" 200 3358 "-" "Mozilla/5.0 AppleWebKit/537.36 (KHTML, like Gecko; compatible; ClaudeBot/1.0; +claudebot@anthropic.com)"
57.141.16.54 - - [13/Mar/2026:00:13:12 +0000] "GET /state/nevada/?path=//proc/2468203/cwd/sys/bus/node/devices/node0/memory15/node0/memory1/node0/memory14/node0/memory13/node0/cpu1/node0/memory16/node0/memory5/node0/memory10/node0/cpu1/node0/memory6/node0/memory9/node0/memory19 HTTP/2.0" 200 37682 "-" "meta-externalagent/1.1 (+https://developers.facebook.com/docs/sharing/webmasters/crawler)"
216.73.216.43 - - [13/Mar/2026:00:13:12 +0000] "GET /?path=%2F%2Fproc%2F411%2Ffd HTTP/2.0" 200 2527 "-" "Mozilla/5.0 AppleWebKit/537.36 (KHTML, like Gecko; compatible; ClaudeBot/1.0; +claudebot@anthropic.com)"
216.73.216.43 - - [13/Mar/2026:00:13:12 +0000] "GET /?path=%2F%2Flib%2Fterminfo HTTP/2.0" 200 3134 "-" "Mozilla/5.0 AppleWebKit/537.36 (KHTML, like Gecko; compatible; ClaudeBot/1.0; +claudebot@anthropic.com)"
216.73.216.43 - - [13/Mar/2026:00:13:12 +0000] "GET /?path=%2F%2Fproc%2F204%2Ffd HTTP/2.0" 200 2527 "-" "Mozilla/5.0 AppleWebKit/537.36 (KHTML, like Gecko; compatible; ClaudeBot/1.0; +claudebot@anthropic.com)"
57.141.16.94 - - [13/Mar/2026:00:13:12 +0000] "GET /state/nevada/?path=//proc/2468203/cwd/sys/bus/node/devices/node0/memory15/node0/memory1/node0/memory14/node0/memory13/node0/cpu1/node0/memory16/node0/memory5/node0/memory10/node0/memory0/node0/memory14/node0/memory38/node0/memory18 HTTP/2.0" 200 37901 "-" "meta-externalagent/1.1 (+https://developers.facebook.com/docs/sharing/webmasters/crawler)"
216.73.216.43 - - [13/Mar/2026:00:13:12 +0000] "GET /?path=%2F%2Fproc%2F2516804 HTTP/2.0" 200 2524 "-" "Mozilla/5.0 AppleWebKit/537.36 (KHTML, like Gecko; compatible; ClaudeBot/1.0; +claudebot@anthropic.com)"
74.7.241.50 - - [13/Mar/2026:00:13:12 +0000] "GET /?path=//sys/class/net/ens5/subsystem/lo/subsystem/ens5/device/net/ens5/device/firmware_node/wakeup/wakeup4/subsystem/wakeup7/device/input/input1/subsystem/event1/device/device/subsystem/drivers/ec HTTP/2.0" 200 3094 "https://usefuloffices.org/?path=//sys/class/net/ens5/subsystem/lo/subsystem/ens5/device/net/ens5/device/firmware_node/wakeup/wakeup4/subsystem/wakeup7/device/input/input1/subsystem/event1/device/device/subsystem/drivers" "Mozilla/5.0 AppleWebKit/537.36 (KHTML, like Gecko; compatible; GPTBot/1.3; +https://openai.com/gptbot)"
216.73.216.43 - - [13/Mar/2026:00:13:12 +0000] "GET /?path=%2Fvar%2Fcache%2Fman%2Fcat5 HTTP/2.0" 200 2535 "-" "Mozilla/5.0 AppleWebKit/537.36 (KHTML, like Gecko; compatible; ClaudeBot/1.0; +claudebot@anthropic.com)"
216.73.216.43 - - [13/Mar/2026:00:13:12 +0000] "GET /?path=%2F%2Fetc%2Famazon%2Famazon-cloudwatch-agent HTTP/2.0" 200 3038 "-" "Mozilla/5.0 AppleWebKit/537.36 (KHTML, like Gecko; compatible; ClaudeBot/1.0; +claudebot@anthropic.com)"
216.73.216.43 - - [13/Mar/2026:00:13:12 +0000] "GET /?path=%2F%2Fusr%2Fshare%2Fapport HTTP/2.0" 200 3647 "-" "Mozilla/5.0 AppleWebKit/537.36 (KHTML, like Gecko; compatible; ClaudeBot/1.0; +claudebot@anthropic.com)"
216.73.216.43 - - [13/Mar/2026:00:13:13 +0000] "GET /?path=%2F%2Fproc%2F30%2Fnet HTTP/2.0" 200 4354 "-" "Mozilla/5.0 AppleWebKit/537.36 (KHTML, like Gecko; compatible; ClaudeBot/1.0; +claudebot@anthropic.com)"
216.73.216.43 - - [13/Mar/2026:00:13:13 +0000] "GET /?path=%2F%2Fusr%2Fshare%2Fgdb HTTP/2.0" 200 2784 "-" "Mozilla/5.0 AppleWebKit/537.36 (KHTML, like Gecko; compatible; ClaudeBot/1.0; +claudebot@anthropic.com)"
74.7.241.50 - - [13/Mar/2026:00:13:13 +0000] "GET /?path=//sys/class/net/ens5/subsystem/lo/subsystem/ens5/device/net/ens5/device/firmware_node/wakeup/wakeup4/subsystem/wakeup7/device/input/input1/subsystem/event1/device/device/subsystem/drivers/thermal HTTP/2.0" 200 3096 "https://usefuloffices.org/?path=//sys/class/net/ens5/subsystem/lo/subsystem/ens5/device/net/ens5/device/firmware_node/wakeup/wakeup4/subsystem/wakeup7/device/input/input1/subsystem/event1/device/device/subsystem/drivers" "Mozilla/5.0 AppleWebKit/537.36 (KHTML, like Gecko; compatible; GPTBot/1.3; +https://openai.com/gptbot)"
57.141.16.61 - - [13/Mar/2026:00:13:13 +0000] "GET /state/nevada/?path=//proc/2468203/cwd/sys/bus/node/devices/node0/memory15/node0/memory1/node0/memory14/node0/memory13/node0/cpu1/node0/memory16/node0/memory5/node0/memory10/node0/memory38/node0/memory8/node0/memory35/node0/memory33 HTTP/2.0" 200 37903 "-" "meta-externalagent/1.1 (+https://developers.facebook.com/docs/sharing/webmasters/crawler)"
216.73.216.43 - - [13/Mar/2026:00:13:13 +0000] "GET /?path=%2F%2Fproc%2F425%2Fnet HTTP/2.0" 200 4354 "-" "Mozilla/5.0 AppleWebKit/537.36 (KHTML, like Gecko; compatible; ClaudeBot/1.0; +claudebot@anthropic.com)"
216.73.216.43 - - [13/Mar/2026:00:13:13 +0000] "GET /?path=%2F%2Fproc%2F37%2Fattr HTTP/2.0" 200 3080 "-" "Mozilla/5.0 AppleWebKit/537.36 (KHTML, like Gecko; compatible; ClaudeBot/1.0; +claudebot@anthropic.com)"
216.73.216.43 - - [13/Mar/2026:00:13:13 +0000] "GET /?path=%2F%2Fusr%2Flib%2Fudev HTTP/2.0" 200 3526 "-" "Mozilla/5.0 AppleWebKit/537.36 (KHTML, like Gecko; compatible; ClaudeBot/1.0; +claudebot@anthropic.com)"
57.141.16.42 - - [13/Mar/2026:00:13:13 +0000] "GET /state/nevada/?fileloc=//proc/2468203/cwd/sys/bus/node/devices/node0/memory15/node0/memory1/node0/memory14/node0/memory13/node0/cpu1/node0/memory16/node0/memory5/node0/memory10/node0/memory7/node0/memory1/node0/memory11/node0/cpulist&path=//proc/2468203/cwd/sys/bus/node/devices/node0/memory15/node0/memory1/node0/memory14/node0/memory13/node0/cpu1/node0/memory16/node0/memory5/node0/memory10/node0/memory7/node0/memory1/node0/memory11/node0 HTTP/2.0" 200 16246 "-" "meta-externalagent/1.1 (+https://developers.facebook.com/docs/sharing/webmasters/crawler)"
216.73.216.43 - - [13/Mar/2026:00:13:13 +0000] "GET /?path=%2F%2Fusr%2Flocal%2Fshare HTTP/2.0" 200 2873 "-" "Mozilla/5.0 AppleWebKit/537.36 (KHTML, like Gecko; compatible; ClaudeBot/1.0; +claudebot@anthropic.com)"
216.73.216.43 - - [13/Mar/2026:00:13:13 +0000] "GET /?path=%2F%2Fproc%2F51%2Ffd HTTP/2.0" 200 2526 "-" "Mozilla/5.0 AppleWebKit/537.36 (KHTML, like Gecko; compatible; ClaudeBot/1.0; +claudebot@anthropic.com)"
