74.7.241.50 - - [13/Mar/2026:00:10:54 +0000] "GET /?path=//sys/class/net/ens5/subsystem/lo/subsystem/ens5/device/net/ens5/device/firmware_node/wakeup/wakeup4/subsystem/wakeup5/device/device:0c/subsystem/devices/device:0b/subsystem/drivers/hpet HTTP/2.0" 200 3092 "https://usefuloffices.org/?path=//sys/class/net/ens5/subsystem/lo/subsystem/ens5/device/net/ens5/device/firmware_node/wakeup/wakeup4/subsystem/wakeup5/device/device:0c/subsystem/devices/device:0b/subsystem/drivers" "Mozilla/5.0 AppleWebKit/537.36 (KHTML, like Gecko; compatible; GPTBot/1.3; +https://openai.com/gptbot)"
74.7.241.50 - - [13/Mar/2026:00:10:54 +0000] "GET /?path=//sys/class/net/ens5/subsystem/lo/subsystem/ens5/device/net/ens5/device/firmware_node/wakeup/wakeup4/subsystem/wakeup5/device/device:1e/subsystem/devices/device:1f/subsystem/drivers/hpet HTTP/2.0" 200 3091 "https://usefuloffices.org/?path=//sys/class/net/ens5/subsystem/lo/subsystem/ens5/device/net/ens5/device/firmware_node/wakeup/wakeup4/subsystem/wakeup5/device/device:1e/subsystem/devices/device:1f/subsystem/drivers" "Mozilla/5.0 AppleWebKit/537.36 (KHTML, like Gecko; compatible; GPTBot/1.3; +https://openai.com/gptbot)"
57.141.16.3 - - [13/Mar/2026:00:10:54 +0000] "GET /state/nevada/?fileloc=//proc/2468203/cwd/sys/bus/node/devices/node0/memory15/node0/memory1/node0/memory14/node0/memory13/node0/cpu1/node0/memory16/node0/memory5/node0/memory13/node0/memory11/node0/memory36/node0/memory36/power/runtime_usage&path=//proc/2468203/cwd/sys/bus/node/devices/node0/memory15/node0/memory1/node0/memory14/node0/memory13/node0/cpu1/node0/memory16/node0/memory5/node0/memory13/node0/memory11/node0/memory36/node0/memory36/power HTTP/2.0" 200 16264 "-" "meta-externalagent/1.1 (+https://developers.facebook.com/docs/sharing/webmasters/crawler)"
57.141.16.9 - - [13/Mar/2026:00:10:55 +0000] "GET /state/nevada/?fileloc=//proc/2468203/cwd/sys/bus/node/devices/node0/memory15/node0/memory1/node0/memory14/node0/memory13/node0/cpu1/node0/memory16/node0/memory5/node0/memory10/node0/memory20/subsystem/devices/memory12/node0/memory14/removable&path=//proc/2468203/cwd/sys/bus/node/devices/node0/memory15/node0/memory1/node0/memory14/node0/memory13/node0/cpu1/node0/memory16/node0/memory5/node0/memory10/node0/memory20/subsystem/devices/memory12/node0/memory14 HTTP/2.0" 200 16294 "-" "meta-externalagent/1.1 (+https://developers.facebook.com/docs/sharing/webmasters/crawler)"
74.7.241.50 - - [13/Mar/2026:00:10:55 +0000] "GET /?path=//sys/class/net/ens5/subsystem/lo/subsystem/ens5/device/net/ens5/device/firmware_node/wakeup/wakeup4/subsystem/wakeup5/device/device:0e/subsystem/devices/device:1d/subsystem/drivers HTTP/2.0" 200 3288 "https://usefuloffices.org/?path=//sys/class/net/ens5/subsystem/lo/subsystem/ens5/device/net/ens5/device/firmware_node/wakeup/wakeup4/subsystem/wakeup5/device/device:0e/subsystem/devices/device:1d/subsystem" "Mozilla/5.0 AppleWebKit/537.36 (KHTML, like Gecko; compatible; GPTBot/1.3; +https://openai.com/gptbot)"
57.141.16.59 - - [13/Mar/2026:00:10:55 +0000] "GET /state/nevada/?fileloc=//proc/2468203/root/sys/kernel/slab/ecryptfs_auth_tok_list_item/ctor&path=//proc/2468203/root/sys/kernel/slab/ecryptfs_auth_tok_list_item HTTP/2.0" 200 12659 "-" "meta-externalagent/1.1 (+https://developers.facebook.com/docs/sharing/webmasters/crawler)"
74.7.241.50 - - [13/Mar/2026:00:10:55 +0000] "GET /?path=//sys/class/net/ens5/subsystem/lo/subsystem/ens5/device/net/ens5/device/firmware_node/wakeup/wakeup4/subsystem/wakeup5/device/device:1c/subsystem/devices/device:0f/subsystem/drivers/button HTTP/2.0" 200 3215 "https://usefuloffices.org/?path=//sys/class/net/ens5/subsystem/lo/subsystem/ens5/device/net/ens5/device/firmware_node/wakeup/wakeup4/subsystem/wakeup5/device/device:1c/subsystem/devices/device:0f/subsystem/drivers" "Mozilla/5.0 AppleWebKit/537.36 (KHTML, like Gecko; compatible; GPTBot/1.3; +https://openai.com/gptbot)"
57.141.16.29 - - [13/Mar/2026:00:10:56 +0000] "GET /state/nevada/?path=//proc/2468203/cwd/sys/bus/node/devices/node0/memory15/node0/memory1/node0/memory14/node0/memory13/node0/cpu1/node0/memory16/node0/memory5/node0/memory10/node0/memory38/node0/memory10/node0/memory8/node0/memory35 HTTP/2.0" 200 37905 "-" "meta-externalagent/1.1 (+https://developers.facebook.com/docs/sharing/webmasters/crawler)"
74.7.241.50 - - [13/Mar/2026:00:10:56 +0000] "GET /?path=//sys/class/net/ens5/subsystem/lo/subsystem/ens5/device/net/ens5/device/firmware_node/wakeup/wakeup4/subsystem/wakeup5/device/device:0f/subsystem/devices/device:0c/subsystem/drivers/hpet HTTP/2.0" 200 3091 "https://usefuloffices.org/?path=//sys/class/net/ens5/subsystem/lo/subsystem/ens5/device/net/ens5/device/firmware_node/wakeup/wakeup4/subsystem/wakeup5/device/device:0f/subsystem/devices/device:0c/subsystem/drivers" "Mozilla/5.0 AppleWebKit/537.36 (KHTML, like Gecko; compatible; GPTBot/1.3; +https://openai.com/gptbot)"
74.7.241.50 - - [13/Mar/2026:00:10:56 +0000] "GET /?path=//sys/class/net/ens5/subsystem/lo/subsystem/ens5/device/net/ens5/device/firmware_node/wakeup/wakeup4/subsystem/wakeup5/device/device:0f/subsystem/devices/device:1c/subsystem/drivers/button HTTP/2.0" 200 3215 "https://usefuloffices.org/?path=//sys/class/net/ens5/subsystem/lo/subsystem/ens5/device/net/ens5/device/firmware_node/wakeup/wakeup4/subsystem/wakeup5/device/device:0f/subsystem/devices/device:1c/subsystem/drivers" "Mozilla/5.0 AppleWebKit/537.36 (KHTML, like Gecko; compatible; GPTBot/1.3; +https://openai.com/gptbot)"
57.141.16.83 - - [13/Mar/2026:00:10:56 +0000] "GET /state/nevada/?path=//proc/2468203/cwd/sys/bus/node/devices/node0/memory15/node0/memory1/node0/memory14/node0/memory13/node0/cpu1/node0/memory16/node0/memory5/node0/memory10/node0/memory0/node0/memory17/node0/memory18/node0/memory21 HTTP/2.0" 200 37901 "-" "meta-externalagent/1.1 (+https://developers.facebook.com/docs/sharing/webmasters/crawler)"
74.7.241.50 - - [13/Mar/2026:00:10:57 +0000] "GET /?path=//sys/class/net/ens5/subsystem/lo/subsystem/ens5/device/net/ens5/device/firmware_node/wakeup/wakeup4/subsystem/wakeup5/device/device:1b/subsystem/devices/device:1a/subsystem/drivers HTTP/2.0" 200 3287 "https://usefuloffices.org/?path=//sys/class/net/ens5/subsystem/lo/subsystem/ens5/device/net/ens5/device/firmware_node/wakeup/wakeup4/subsystem/wakeup5/device/device:1b/subsystem/devices/device:1a/subsystem" "Mozilla/5.0 AppleWebKit/537.36 (KHTML, like Gecko; compatible; GPTBot/1.3; +https://openai.com/gptbot)"
57.141.16.46 - - [13/Mar/2026:00:10:57 +0000] "GET /state/nevada/?path=//proc/2468203/cwd/sys/bus/node/devices/node0/memory15/node0/memory1/node0/memory14/node0/memory13/node0/cpu1/node0/memory16/node0/memory5/node0/memory10/node0/cpu1/node0/memory13/node0/memory2/node0/memory15 HTTP/2.0" 200 37725 "-" "meta-externalagent/1.1 (+https://developers.facebook.com/docs/sharing/webmasters/crawler)"
57.141.16.26 - - [13/Mar/2026:00:10:57 +0000] "GET /state/nevada/?path=//proc/2468203/cwd/sys/bus/node/devices/node0/memory15/node0/memory1/node0/memory14/node0/memory13/node0/cpu1/node0/memory16/node0/memory5/node0/memory10/node0/cpu1/node0/memory13/node0/memory2/node0/memory20 HTTP/2.0" 200 37725 "-" "meta-externalagent/1.1 (+https://developers.facebook.com/docs/sharing/webmasters/crawler)"
74.7.241.50 - - [13/Mar/2026:00:10:57 +0000] "GET /?path=//sys/class/net/ens5/subsystem/lo/subsystem/ens5/device/net/ens5/device/firmware_node/wakeup/wakeup4/subsystem/wakeup5/device/device:1e/subsystem/devices/device:0b/subsystem/drivers HTTP/2.0" 200 3288 "https://usefuloffices.org/?path=//sys/class/net/ens5/subsystem/lo/subsystem/ens5/device/net/ens5/device/firmware_node/wakeup/wakeup4/subsystem/wakeup5/device/device:1e/subsystem/devices/device:0b/subsystem" "Mozilla/5.0 AppleWebKit/537.36 (KHTML, like Gecko; compatible; GPTBot/1.3; +https://openai.com/gptbot)"
57.141.16.93 - - [13/Mar/2026:00:10:58 +0000] "GET /state/nevada/?fileloc=//proc/2468203/cwd/sys/bus/node/devices/node0/memory15/node0/memory1/node0/memory14/node0/memory13/node0/cpu1/node0/memory16/node0/memory5/node0/memory10/node0/cpu1/node0/memory13/node0/memory14/node0/meminfo&path=//proc/2468203/cwd/sys/bus/node/devices/node0/memory15/node0/memory1/node0/memory14/node0/memory13/node0/cpu1/node0/memory16/node0/memory5/node0/memory10/node0/cpu1/node0/memory13/node0/memory14/node0 HTTP/2.0" 200 17502 "-" "meta-externalagent/1.1 (+https://developers.facebook.com/docs/sharing/webmasters/crawler)"
74.7.241.50 - - [13/Mar/2026:00:10:58 +0000] "GET /?path=//sys/class/net/ens5/subsystem/lo/subsystem/ens5/device/net/ens5/device/firmware_node/wakeup/wakeup4/subsystem/wakeup5/device/device:1d/subsystem/devices/device:0b/subsystem/drivers/hpet HTTP/2.0" 200 3093 "https://usefuloffices.org/?path=//sys/class/net/ens5/subsystem/lo/subsystem/ens5/device/net/ens5/device/firmware_node/wakeup/wakeup4/subsystem/wakeup5/device/device:1d/subsystem/devices/device:0b/subsystem/drivers" "Mozilla/5.0 AppleWebKit/537.36 (KHTML, like Gecko; compatible; GPTBot/1.3; +https://openai.com/gptbot)"
57.141.16.29 - - [13/Mar/2026:00:10:58 +0000] "GET /state/nevada/?path=//proc/2468203/cwd/sys/bus/node/devices/node0/memory15/node0/memory1/node0/memory14/node0/memory13/node0/cpu1/node0/memory23/node0/memory14/node0/memory33/subsystem/devices/memory34/node0/memory37/subsystem/devices/memory2 HTTP/2.0" 200 38345 "-" "meta-externalagent/1.1 (+https://developers.facebook.com/docs/sharing/webmasters/crawler)"
74.7.241.50 - - [13/Mar/2026:00:10:58 +0000] "GET /?path=//sys/class/net/ens5/subsystem/lo/subsystem/ens5/device/net/ens5/device/firmware_node/wakeup/wakeup4/subsystem/wakeup5/device/device:1e/subsystem/devices/device:1a/subsystem/drivers/hpet HTTP/2.0" 200 3091 "https://usefuloffices.org/?path=//sys/class/net/ens5/subsystem/lo/subsystem/ens5/device/net/ens5/device/firmware_node/wakeup/wakeup4/subsystem/wakeup5/device/device:1e/subsystem/devices/device:1a/subsystem/drivers" "Mozilla/5.0 AppleWebKit/537.36 (KHTML, like Gecko; compatible; GPTBot/1.3; +https://openai.com/gptbot)"
57.141.16.1 - - [13/Mar/2026:00:10:59 +0000] "GET /state/nevada/?fileloc=//proc/2468203/cwd/sys/bus/node/devices/node0/memory15/node0/memory1/node0/memory14/node0/memory13/node0/cpu1/node0/memory16/node0/memory5/node0/memory16/subsystem/devices/memory0/node0/memory36/node0/power/autosuspend_delay_ms&path=//proc/2468203/cwd/sys/bus/node/devices/node0/memory15/node0/memory1/node0/memory14/node0/memory13/node0/cpu1/node0/memory16/node0/memory5/node0/memory16/subsystem/devices/memory0/node0/memory36/node0/power HTTP/2.0" 200 16296 "-" "meta-externalagent/1.1 (+https://developers.facebook.com/docs/sharing/webmasters/crawler)"
74.7.241.50 - - [13/Mar/2026:00:10:59 +0000] "GET /?path=//sys/class/net/ens5/subsystem/lo/subsystem/ens5/device/net/ens5/device/firmware_node/wakeup/wakeup4/subsystem/wakeup5/device/device:1e/subsystem/devices/device:1f/subsystem/drivers/button HTTP/2.0" 200 3213 "https://usefuloffices.org/?path=//sys/class/net/ens5/subsystem/lo/subsystem/ens5/device/net/ens5/device/firmware_node/wakeup/wakeup4/subsystem/wakeup5/device/device:1e/subsystem/devices/device:1f/subsystem/drivers" "Mozilla/5.0 AppleWebKit/537.36 (KHTML, like Gecko; compatible; GPTBot/1.3; +https://openai.com/gptbot)"
57.141.16.87 - - [13/Mar/2026:00:10:59 +0000] "GET /state/nevada/?path=//proc/2468203/cwd/sys/bus/node/devices/node0/memory15/node0/memory1/node0/memory14/node0/memory13/node0/cpu1/node0/memory16/node0/memory5/node0/memory10/node0/cpu1/node0/memory14/node0/memory33/node0/memory35 HTTP/2.0" 200 37766 "-" "meta-externalagent/1.1 (+https://developers.facebook.com/docs/sharing/webmasters/crawler)"
74.7.241.50 - - [13/Mar/2026:00:10:59 +0000] "GET /?fileloc=//sys/class/net/ens5/subsystem/lo/subsystem/ens5/device/net/ens5/device/firmware_node/wakeup/wakeup4/subsystem/wakeup5/device/device:0c/subsystem/devices/device:0b/subsystem/drivers/hpet/uevent&path=//sys/class/net/ens5/subsystem/lo/subsystem/ens5/device/net/ens5/device/firmware_node/wakeup/wakeup4/subsystem/wakeup5/device/device:0c/subsystem/devices/device:0b/subsystem/drivers/hpet HTTP/2.0" 200 2672 "https://usefuloffices.org/?path=//sys/class/net/ens5/subsystem/lo/subsystem/ens5/device/net/ens5/device/firmware_node/wakeup/wakeup4/subsystem/wakeup5/device/device:0c/subsystem/devices/device:0b/subsystem/drivers/hpet" "Mozilla/5.0 AppleWebKit/537.36 (KHTML, like Gecko; compatible; GPTBot/1.3; +https://openai.com/gptbot)"
57.141.16.94 - - [13/Mar/2026:00:11:00 +0000] "GET /state/nevada/?fileloc=//proc/2468203/cwd/sys/bus/node/devices/node0/memory15/node0/memory1/node0/memory14/node0/memory13/node0/cpu1/node0/memory16/node0/memory5/node0/memory13/node0/memory35/node0/cpu1/node0/cpu0/node0/meminfo&path=//proc/2468203/cwd/sys/bus/node/devices/node0/memory15/node0/memory1/node0/memory14/node0/memory13/node0/cpu1/node0/memory16/node0/memory5/node0/memory13/node0/memory35/node0/cpu1/node0/cpu0/node0 HTTP/2.0" 200 17494 "-" "meta-externalagent/1.1 (+https://developers.facebook.com/docs/sharing/webmasters/crawler)"
74.7.241.50 - - [13/Mar/2026:00:11:00 +0000] "GET /?path=//sys/class/net/ens5/subsystem/lo/subsystem/ens5/device/net/ens5/device/firmware_node/wakeup/wakeup4/subsystem/wakeup5/device/device:1d/subsystem/devices/device:1a/subsystem/drivers/hpet HTTP/2.0" 200 3091 "https://usefuloffices.org/?path=//sys/class/net/ens5/subsystem/lo/subsystem/ens5/device/net/ens5/device/firmware_node/wakeup/wakeup4/subsystem/wakeup5/device/device:1d/subsystem/devices/device:1a/subsystem/drivers" "Mozilla/5.0 AppleWebKit/537.36 (KHTML, like Gecko; compatible; GPTBot/1.3; +https://openai.com/gptbot)"
57.141.16.86 - - [13/Mar/2026:00:11:00 +0000] "GET /state/nevada/?path=//proc/2468203/cwd/sys/bus/node/devices/node0/memory15/node0/memory1/node0/memory14/node0/memory13/node0/cpu1/node0/memory16/node0/memory5/node0/memory10/node0/memory20/subsystem/devices/memory36/node0/cpu1/topology HTTP/2.0" 200 52560 "-" "meta-externalagent/1.1 (+https://developers.facebook.com/docs/sharing/webmasters/crawler)"
74.7.241.50 - - [13/Mar/2026:00:11:01 +0000] "GET /?path=//sys/class/net/ens5/subsystem/lo/subsystem/ens5/device/net/ens5/device/firmware_node/wakeup/wakeup4/subsystem/wakeup5/device/device:0e/subsystem/devices/device:1d/subsystem/drivers/hardware_error_device HTTP/2.0" 200 3094 "https://usefuloffices.org/?path=//sys/class/net/ens5/subsystem/lo/subsystem/ens5/device/net/ens5/device/firmware_node/wakeup/wakeup4/subsystem/wakeup5/device/device:0e/subsystem/devices/device:1d/subsystem/drivers" "Mozilla/5.0 AppleWebKit/537.36 (KHTML, like Gecko; compatible; GPTBot/1.3; +https://openai.com/gptbot)"
57.141.16.9 - - [13/Mar/2026:00:11:01 +0000] "GET /state/nevada/?path=//proc/2468203/cwd/sys/bus/node/devices/node0/memory15/node0/memory1/node0/memory14/node0/memory13/node0/cpu1/node0/memory16/node0/memory5/node0/memory10/node0/memory0/node0/memory7/node0/memory3/node0/subsystem HTTP/2.0" 200 27198 "-" "meta-externalagent/1.1 (+https://developers.facebook.com/docs/sharing/webmasters/crawler)"
74.7.241.50 - - [13/Mar/2026:00:11:01 +0000] "GET /?path=//sys/class/net/ens5/subsystem/lo/subsystem/ens5/device/net/ens5/device/firmware_node/wakeup/wakeup4/subsystem/wakeup5/device/device:0e/subsystem/devices/device:1d/subsystem/drivers/ac HTTP/2.0" 200 3090 "https://usefuloffices.org/?path=//sys/class/net/ens5/subsystem/lo/subsystem/ens5/device/net/ens5/device/firmware_node/wakeup/wakeup4/subsystem/wakeup5/device/device:0e/subsystem/devices/device:1d/subsystem/drivers" "Mozilla/5.0 AppleWebKit/537.36 (KHTML, like Gecko; compatible; GPTBot/1.3; +https://openai.com/gptbot)"
57.141.16.81 - - [13/Mar/2026:00:11:01 +0000] "GET /state/nevada/?fileloc=//proc/2468203/cwd/sys/bus/node/devices/node0/memory15/node0/memory1/node0/memory14/node0/memory13/node0/cpu1/node0/memory23/node0/memory14/node0/memory33/subsystem/devices/memory9/node0/memory18/node0/memory23/valid_zones&path=//proc/2468203/cwd/sys/bus/node/devices/node0/memory15/node0/memory1/node0/memory14/node0/memory13/node0/cpu1/node0/memory23/node0/memory14/node0/memory33/subsystem/devices/memory9/node0/memory18/node0/memory23 HTTP/2.0" 200 16314 "-" "meta-externalagent/1.1 (+https://developers.facebook.com/docs/sharing/webmasters/crawler)"
57.141.16.82 - - [13/Mar/2026:00:11:01 +0000] "GET /state/nevada/?path=//proc/2468203/cwd/sys/bus/node/devices/node0/memory15/node0/memory1/node0/memory14/node0/memory13/node0/cpu1/node0/memory16/node0/memory5/subsystem/devices/memory37/node0/memory35/node0/memory18/node0/memory35/node0/cpu0 HTTP/2.0" 200 41291 "-" "meta-externalagent/1.1 (+https://developers.facebook.com/docs/sharing/webmasters/crawler)"
74.7.241.50 - - [13/Mar/2026:00:11:02 +0000] "GET /?path=//sys/class/net/ens5/subsystem/lo/subsystem/ens5/device/net/ens5/device/firmware_node/wakeup/wakeup4/subsystem/wakeup5/device/device:0e/subsystem/devices/device:1d/subsystem/drivers/tpm_crb HTTP/2.0" 200 3097 "https://usefuloffices.org/?path=//sys/class/net/ens5/subsystem/lo/subsystem/ens5/device/net/ens5/device/firmware_node/wakeup/wakeup4/subsystem/wakeup5/device/device:0e/subsystem/devices/device:1d/subsystem/drivers" "Mozilla/5.0 AppleWebKit/537.36 (KHTML, like Gecko; compatible; GPTBot/1.3; +https://openai.com/gptbot)"
74.7.241.50 - - [13/Mar/2026:00:11:02 +0000] "GET /?path=//sys/class/net/ens5/subsystem/lo/subsystem/ens5/device/net/ens5/device/firmware_node/wakeup/wakeup4/subsystem/wakeup5/device/device:0e/subsystem/devices/device:1d/subsystem/drivers/ec HTTP/2.0" 200 3091 "https://usefuloffices.org/?path=//sys/class/net/ens5/subsystem/lo/subsystem/ens5/device/net/ens5/device/firmware_node/wakeup/wakeup4/subsystem/wakeup5/device/device:0e/subsystem/devices/device:1d/subsystem/drivers" "Mozilla/5.0 AppleWebKit/537.36 (KHTML, like Gecko; compatible; GPTBot/1.3; +https://openai.com/gptbot)"
57.141.16.81 - - [13/Mar/2026:00:11:02 +0000] "GET /state/nevada/?fileloc=//proc/2468203/cwd/sys/bus/node/devices/node0/memory15/node0/memory1/node0/memory14/node0/memory13/node0/cpu1/node0/memory16/node0/memory5/node0/memory10/node0/memory23/subsystem/devices/memory5/node0/memory1/removable&path=//proc/2468203/cwd/sys/bus/node/devices/node0/memory15/node0/memory1/node0/memory14/node0/memory13/node0/cpu1/node0/memory16/node0/memory5/node0/memory10/node0/memory23/subsystem/devices/memory5/node0/memory1 HTTP/2.0" 200 16286 "-" "meta-externalagent/1.1 (+https://developers.facebook.com/docs/sharing/webmasters/crawler)"
74.7.241.50 - - [13/Mar/2026:00:11:03 +0000] "GET /?path=//sys/class/net/ens5/subsystem/lo/subsystem/ens5/device/net/ens5/device/firmware_node/wakeup/wakeup4/subsystem/wakeup5/device/device:1b/subsystem/devices/device:1a/subsystem/drivers/tpm_crb HTTP/2.0" 200 3095 "https://usefuloffices.org/?path=//sys/class/net/ens5/subsystem/lo/subsystem/ens5/device/net/ens5/device/firmware_node/wakeup/wakeup4/subsystem/wakeup5/device/device:1b/subsystem/devices/device:1a/subsystem/drivers" "Mozilla/5.0 AppleWebKit/537.36 (KHTML, like Gecko; compatible; GPTBot/1.3; +https://openai.com/gptbot)"
57.141.16.32 - - [13/Mar/2026:00:11:03 +0000] "GET /state/nevada/?path=//snap/core/current/etc/xdg/systemd HTTP/2.0" 200 14276 "-" "meta-externalagent/1.1 (+https://developers.facebook.com/docs/sharing/webmasters/crawler)"
74.7.241.50 - - [13/Mar/2026:00:11:03 +0000] "GET /?path=//sys/class/net/ens5/subsystem/lo/subsystem/ens5/device/net/ens5/device/firmware_node/wakeup/wakeup4/subsystem/wakeup5/device/device:1e/subsystem/devices/device:0b/subsystem/drivers/vmgenid HTTP/2.0" 200 3175 "https://usefuloffices.org/?path=//sys/class/net/ens5/subsystem/lo/subsystem/ens5/device/net/ens5/device/firmware_node/wakeup/wakeup4/subsystem/wakeup5/device/device:1e/subsystem/devices/device:0b/subsystem/drivers" "Mozilla/5.0 AppleWebKit/537.36 (KHTML, like Gecko; compatible; GPTBot/1.3; +https://openai.com/gptbot)"
57.141.16.31 - - [13/Mar/2026:00:11:03 +0000] "GET /state/nevada/?path=//proc/2468203/cwd/sys/bus/node/devices/node0/memory15/node0/memory1/node0/memory14/node0/memory13/node0/cpu1/node0/memory16/node0/memory5/node0/memory10/node0/memory38/node0/memory8/node0/memory35/node0/memory38 HTTP/2.0" 200 37903 "-" "meta-externalagent/1.1 (+https://developers.facebook.com/docs/sharing/webmasters/crawler)"
74.7.241.50 - - [13/Mar/2026:00:11:04 +0000] "GET /?path=//sys/class/net/ens5/subsystem/lo/subsystem/ens5/device/net/ens5/device/firmware_node/wakeup/wakeup4/subsystem/wakeup5/device/device:1b/subsystem/devices/device:1a/subsystem/drivers/ac HTTP/2.0" 200 3090 "https://usefuloffices.org/?path=//sys/class/net/ens5/subsystem/lo/subsystem/ens5/device/net/ens5/device/firmware_node/wakeup/wakeup4/subsystem/wakeup5/device/device:1b/subsystem/devices/device:1a/subsystem/drivers" "Mozilla/5.0 AppleWebKit/537.36 (KHTML, like Gecko; compatible; GPTBot/1.3; +https://openai.com/gptbot)"
57.141.16.1 - - [13/Mar/2026:00:11:04 +0000] "GET /state/nevada/?fileloc=//proc/2468203/cwd/sys/bus/node/devices/node0/memory15/node0/memory1/node0/memory14/node0/memory13/node0/cpu1/node0/memory16/node0/memory5/node0/memory10/node0/memory23/subsystem/devices/memory4/node0/memory14/state&path=//proc/2468203/cwd/sys/bus/node/devices/node0/memory15/node0/memory1/node0/memory14/node0/memory13/node0/cpu1/node0/memory16/node0/memory5/node0/memory10/node0/memory23/subsystem/devices/memory4/node0/memory14 HTTP/2.0" 200 16290 "-" "meta-externalagent/1.1 (+https://developers.facebook.com/docs/sharing/webmasters/crawler)"
74.7.241.50 - - [13/Mar/2026:00:11:04 +0000] "GET /?path=//sys/class/net/ens5/subsystem/lo/subsystem/ens5/device/net/ens5/device/firmware_node/wakeup/wakeup4/subsystem/wakeup5/device/device:1e/subsystem/devices/device:0b/subsystem/drivers/tpm_crb HTTP/2.0" 200 3096 "https://usefuloffices.org/?path=//sys/class/net/ens5/subsystem/lo/subsystem/ens5/device/net/ens5/device/firmware_node/wakeup/wakeup4/subsystem/wakeup5/device/device:1e/subsystem/devices/device:0b/subsystem/drivers" "Mozilla/5.0 AppleWebKit/537.36 (KHTML, like Gecko; compatible; GPTBot/1.3; +https://openai.com/gptbot)"
57.141.16.32 - - [13/Mar/2026:00:11:04 +0000] "GET /state/nevada/?path=//proc/2468203/cwd/sys/bus/node/devices/node0/memory15/node0/memory1/node0/memory14/node0/memory13/node0/cpu1/node0/memory23/node0/memory14/node0/memory33/subsystem/devices/memory34/node0/memory37/subsystem/devices/memory11 HTTP/2.0" 200 38384 "-" "meta-externalagent/1.1 (+https://developers.facebook.com/docs/sharing/webmasters/crawler)"
57.141.16.15 - - [13/Mar/2026:00:11:04 +0000] "GET /state/nevada/?path=//proc/2468203/cwd/sys/bus/node/devices/node0/memory15/node0/memory1/node0/memory14/node0/memory13/node0/cpu1/node0/memory16/node0/memory5/node0/memory10/node0/memory38/node0/memory4/node0/memory13/node0/memory8 HTTP/2.0" 200 37864 "-" "meta-externalagent/1.1 (+https://developers.facebook.com/docs/sharing/webmasters/crawler)"
57.141.16.1 - - [13/Mar/2026:00:11:05 +0000] "GET /state/nevada/?path=//proc/2468203/cwd/sys/bus/node/devices/node0/memory15/node0/memory1/node0/memory14/node0/memory13/node0/cpu1/node0/memory16/node0/memory5/node0/memory10/node0/memory38/node0/memory10/node0/memory3/node0/memory12 HTTP/2.0" 200 37905 "-" "meta-externalagent/1.1 (+https://developers.facebook.com/docs/sharing/webmasters/crawler)"
74.7.241.50 - - [13/Mar/2026:00:11:05 +0000] "GET /?path=//sys/class/net/ens5/subsystem/lo/subsystem/ens5/device/net/ens5/device/firmware_node/wakeup/wakeup4/subsystem/wakeup5/device/device:1e/subsystem/devices/device:0b/subsystem/drivers/ac HTTP/2.0" 200 3091 "https://usefuloffices.org/?path=//sys/class/net/ens5/subsystem/lo/subsystem/ens5/device/net/ens5/device/firmware_node/wakeup/wakeup4/subsystem/wakeup5/device/device:1e/subsystem/devices/device:0b/subsystem/drivers" "Mozilla/5.0 AppleWebKit/537.36 (KHTML, like Gecko; compatible; GPTBot/1.3; +https://openai.com/gptbot)"
74.7.241.50 - - [13/Mar/2026:00:11:05 +0000] "GET /?path=//sys/class/net/ens5/subsystem/lo/subsystem/ens5/device/net/ens5/device/firmware_node/wakeup/wakeup4/subsystem/wakeup5/device/device:1b/subsystem/devices/device:1a/subsystem/drivers/ec HTTP/2.0" 200 3090 "https://usefuloffices.org/?path=//sys/class/net/ens5/subsystem/lo/subsystem/ens5/device/net/ens5/device/firmware_node/wakeup/wakeup4/subsystem/wakeup5/device/device:1b/subsystem/devices/device:1a/subsystem/drivers" "Mozilla/5.0 AppleWebKit/537.36 (KHTML, like Gecko; compatible; GPTBot/1.3; +https://openai.com/gptbot)"
74.7.241.50 - - [13/Mar/2026:00:11:06 +0000] "GET /?path=//sys/class/net/ens5/subsystem/lo/subsystem/ens5/device/net/ens5/device/firmware_node/wakeup/wakeup4/subsystem/wakeup5/device/device:1e/subsystem/devices/device:0b/subsystem/drivers/ec HTTP/2.0" 200 3091 "https://usefuloffices.org/?path=//sys/class/net/ens5/subsystem/lo/subsystem/ens5/device/net/ens5/device/firmware_node/wakeup/wakeup4/subsystem/wakeup5/device/device:1e/subsystem/devices/device:0b/subsystem/drivers" "Mozilla/5.0 AppleWebKit/537.36 (KHTML, like Gecko; compatible; GPTBot/1.3; +https://openai.com/gptbot)"
57.141.16.78 - - [13/Mar/2026:00:11:06 +0000] "GET /state/nevada/?path=//proc/2468203/cwd/sys/bus/node/devices/node0/memory15/node0/memory1/node0/memory14/node0/memory13/node0/cpu1/node0/memory16/node0/memory5/node0/memory13/node0/memory11/node0/memory36/subsystem/devices/memory11/power HTTP/2.0" 200 36981 "-" "meta-externalagent/1.1 (+https://developers.facebook.com/docs/sharing/webmasters/crawler)"
57.141.16.96 - - [13/Mar/2026:00:11:06 +0000] "GET /state/nevada/?fileloc=//proc/2468203/cwd/sys/bus/node/devices/node0/memory15/node0/memory1/node0/memory14/node0/memory13/node0/cpu1/node0/memory16/node0/memory5/node0/memory10/node0/memory0/node0/memory0/node0/memory17/node0/cpumap&path=//proc/2468203/cwd/sys/bus/node/devices/node0/memory15/node0/memory1/node0/memory14/node0/memory13/node0/cpu1/node0/memory16/node0/memory5/node0/memory10/node0/memory0/node0/memory0/node0/memory17/node0 HTTP/2.0" 200 16243 "-" "meta-externalagent/1.1 (+https://developers.facebook.com/docs/sharing/webmasters/crawler)"
74.7.241.50 - - [13/Mar/2026:00:11:06 +0000] "GET /?path=//sys/class/net/ens5/subsystem/lo/subsystem/ens5/device/net/ens5/device/firmware_node/wakeup/wakeup4/subsystem/wakeup5/device/device:1e/subsystem/devices/device:0b/subsystem/drivers/hpet HTTP/2.0" 200 3093 "https://usefuloffices.org/?path=//sys/class/net/ens5/subsystem/lo/subsystem/ens5/device/net/ens5/device/firmware_node/wakeup/wakeup4/subsystem/wakeup5/device/device:1e/subsystem/devices/device:0b/subsystem/drivers" "Mozilla/5.0 AppleWebKit/537.36 (KHTML, like Gecko; compatible; GPTBot/1.3; +https://openai.com/gptbot)"
57.141.16.70 - - [13/Mar/2026:00:11:07 +0000] "GET /state/nevada/?fileloc=//proc/2468203/root/sys/kernel/slab/:0000128/slabs_cpu_partial&path=//proc/2468203/root/sys/kernel/slab/:0000128 HTTP/2.0" 200 12615 "-" "meta-externalagent/1.1 (+https://developers.facebook.com/docs/sharing/webmasters/crawler)"
74.7.241.50 - - [13/Mar/2026:00:11:07 +0000] "GET /?path=//sys/class/net/ens5/subsystem/lo/subsystem/ens5/device/net/ens5/device/firmware_node/wakeup/wakeup4/subsystem/wakeup5/device/device:0e/subsystem/devices/device:1d/subsystem/drivers/button HTTP/2.0" 200 3215 "https://usefuloffices.org/?path=//sys/class/net/ens5/subsystem/lo/subsystem/ens5/device/net/ens5/device/firmware_node/wakeup/wakeup4/subsystem/wakeup5/device/device:0e/subsystem/devices/device:1d/subsystem/drivers" "Mozilla/5.0 AppleWebKit/537.36 (KHTML, like Gecko; compatible; GPTBot/1.3; +https://openai.com/gptbot)"
57.141.16.24 - - [13/Mar/2026:00:11:07 +0000] "GET /state/nevada/?fileloc=//proc/2468203/cwd/sys/bus/node/devices/node0/memory15/node0/memory1/node0/memory14/node0/memory13/node0/cpu1/node0/memory16/node0/memory5/node0/memory10/node0/cpu1/node0/memory20/node0/memory22/power/control&path=//proc/2468203/cwd/sys/bus/node/devices/node0/memory15/node0/memory1/node0/memory14/node0/memory13/node0/cpu1/node0/memory16/node0/memory5/node0/memory10/node0/cpu1/node0/memory20/node0/memory22/power HTTP/2.0" 200 16229 "-" "meta-externalagent/1.1 (+https://developers.facebook.com/docs/sharing/webmasters/crawler)"
74.7.241.50 - - [13/Mar/2026:00:11:07 +0000] "GET /?path=//sys/class/net/ens5/subsystem/lo/subsystem/ens5/device/net/ens5/device/firmware_node/wakeup/wakeup4/subsystem/wakeup5/device/device:1b/subsystem/devices/device:1a/subsystem/drivers/hpet HTTP/2.0" 200 3091 "https://usefuloffices.org/?path=//sys/class/net/ens5/subsystem/lo/subsystem/ens5/device/net/ens5/device/firmware_node/wakeup/wakeup4/subsystem/wakeup5/device/device:1b/subsystem/devices/device:1a/subsystem/drivers" "Mozilla/5.0 AppleWebKit/537.36 (KHTML, like Gecko; compatible; GPTBot/1.3; +https://openai.com/gptbot)"
216.73.216.43 - - [13/Mar/2026:00:11:08 +0000] "GET /?fileloc=%2F%2Fproc%2F5%2Fcpu_resctrl_groups&path=%2F%2Fproc%2F5 HTTP/2.0" 200 2484 "-" "Mozilla/5.0 AppleWebKit/537.36 (KHTML, like Gecko; compatible; ClaudeBot/1.0; +claudebot@anthropic.com)"
216.73.216.43 - - [13/Mar/2026:00:11:08 +0000] "GET /?fileloc=%2F%2Fbin%2Fcloud-init&path=%2F%2Fbin HTTP/2.0" 200 2924 "-" "Mozilla/5.0 AppleWebKit/537.36 (KHTML, like Gecko; compatible; ClaudeBot/1.0; +claudebot@anthropic.com)"
216.73.216.43 - - [13/Mar/2026:00:11:08 +0000] "GET /?fileloc=%2F%2Fproc%2F76%2Fcpu_resctrl_groups&path=%2F%2Fproc%2F76 HTTP/2.0" 200 2488 "-" "Mozilla/5.0 AppleWebKit/537.36 (KHTML, like Gecko; compatible; ClaudeBot/1.0; +claudebot@anthropic.com)"
216.73.216.43 - - [13/Mar/2026:00:11:08 +0000] "GET /?fileloc=%2F%2Fproc%2F74%2Fstack&path=%2F%2Fproc%2F74 HTTP/2.0" 200 2469 "-" "Mozilla/5.0 AppleWebKit/537.36 (KHTML, like Gecko; compatible; ClaudeBot/1.0; +claudebot@anthropic.com)"
216.73.216.43 - - [13/Mar/2026:00:11:08 +0000] "GET /?fileloc=%2F%2Fusr%2Fbin%2Ftmux&path=%2F%2Fusr%2Fbin HTTP/2.0" 200 359007 "-" "Mozilla/5.0 AppleWebKit/537.36 (KHTML, like Gecko; compatible; ClaudeBot/1.0; +claudebot@anthropic.com)"
216.73.216.43 - - [13/Mar/2026:00:11:08 +0000] "GET /?path=%2F%2Fusr%2Flib%2Fos-probes HTTP/2.0" 200 2914 "-" "Mozilla/5.0 AppleWebKit/537.36 (KHTML, like Gecko; compatible; ClaudeBot/1.0; +claudebot@anthropic.com)"
57.141.16.52 - - [13/Mar/2026:00:11:08 +0000] "GET /state/nevada/?path=//proc/2468203/cwd/sys/bus/node/devices/node0/memory15/node0/memory1/node0/memory14/node0/memory13/node0/cpu1/node0/memory16/node0/memory5/node0/memory10/node0/cpu1/node0/memory7/node0/memory9/node0/memory16 HTTP/2.0" 200 37682 "-" "meta-externalagent/1.1 (+https://developers.facebook.com/docs/sharing/webmasters/crawler)"
216.73.216.43 - - [13/Mar/2026:00:11:08 +0000] "GET /?fileloc=%2F%2Fproc%2F22%2Fstack&path=%2F%2Fproc%2F22 HTTP/2.0" 200 2468 "-" "Mozilla/5.0 AppleWebKit/537.36 (KHTML, like Gecko; compatible; ClaudeBot/1.0; +claudebot@anthropic.com)"
57.141.16.32 - - [13/Mar/2026:00:11:08 +0000] "GET /state/nevada/?fileloc=//proc/2468203/cwd/sys/block/loop17/queue/max_sectors_kb&path=//proc/2468203/cwd/sys/block/loop17/queue HTTP/2.0" 200 12604 "-" "meta-externalagent/1.1 (+https://developers.facebook.com/docs/sharing/webmasters/crawler)"
216.73.216.43 - - [13/Mar/2026:00:11:08 +0000] "GET /?path=%2F%2Fproc%2F1330031%2Fns HTTP/2.0" 200 2531 "-" "Mozilla/5.0 AppleWebKit/537.36 (KHTML, like Gecko; compatible; ClaudeBot/1.0; +claudebot@anthropic.com)"
74.7.241.50 - - [13/Mar/2026:00:11:08 +0000] "GET /?path=//sys/class/net/ens5/subsystem/lo/subsystem/ens5/device/net/ens5/device/firmware_node/wakeup/wakeup4/subsystem/wakeup5/device/device:0e/subsystem/devices/device:1d/subsystem/drivers/hpet HTTP/2.0" 200 3092 "https://usefuloffices.org/?path=//sys/class/net/ens5/subsystem/lo/subsystem/ens5/device/net/ens5/device/firmware_node/wakeup/wakeup4/subsystem/wakeup5/device/device:0e/subsystem/devices/device:1d/subsystem/drivers" "Mozilla/5.0 AppleWebKit/537.36 (KHTML, like Gecko; compatible; GPTBot/1.3; +https://openai.com/gptbot)"
216.73.216.43 - - [13/Mar/2026:00:11:08 +0000] "GET /?fileloc=%2F%2Fbin%2Fgio-querymodules&path=%2F%2Fbin HTTP/2.0" 200 5903 "-" "Mozilla/5.0 AppleWebKit/537.36 (KHTML, like Gecko; compatible; ClaudeBot/1.0; +claudebot@anthropic.com)"
216.73.216.43 - - [13/Mar/2026:00:11:08 +0000] "GET /?fileloc=%2F%2Fbin%2Fsystemd-socket-activate&path=%2F%2Fbin HTTP/2.0" 200 9906 "-" "Mozilla/5.0 AppleWebKit/537.36 (KHTML, like Gecko; compatible; ClaudeBot/1.0; +claudebot@anthropic.com)"
216.73.216.43 - - [13/Mar/2026:00:11:08 +0000] "GET /?fileloc=%2F%2Fusr%2Fbin%2Fpsfstriptable&path=%2F%2Fusr%2Fbin HTTP/2.0" 200 10866 "-" "Mozilla/5.0 AppleWebKit/537.36 (KHTML, like Gecko; compatible; ClaudeBot/1.0; +claudebot@anthropic.com)"
216.73.216.43 - - [13/Mar/2026:00:11:09 +0000] "GET /?fileloc=%2F%2Fusr%2Fbin%2Fdeallocvt&path=%2F%2Fusr%2Fbin HTTP/2.0" 200 6084 "-" "Mozilla/5.0 AppleWebKit/537.36 (KHTML, like Gecko; compatible; ClaudeBot/1.0; +claudebot@anthropic.com)"
216.73.216.43 - - [13/Mar/2026:00:11:09 +0000] "GET /?fileloc=%2F%2Fbin%2Fsg_ses_microcode&path=%2F%2Fbin HTTP/2.0" 200 11472 "-" "Mozilla/5.0 AppleWebKit/537.36 (KHTML, like Gecko; compatible; ClaudeBot/1.0; +claudebot@anthropic.com)"
57.141.16.21 - - [13/Mar/2026:00:11:09 +0000] "GET /state/nevada/?fileloc=//proc/2468203/cwd/sys/bus/node/devices/node0/memory15/node0/memory1/node0/memory14/node0/memory13/node0/cpu1/node0/memory23/node0/memory14/node0/memory33/subsystem/devices/memory14/node0/memory12/node0/memory21/uevent&path=//proc/2468203/cwd/sys/bus/node/devices/node0/memory15/node0/memory1/node0/memory14/node0/memory13/node0/cpu1/node0/memory23/node0/memory14/node0/memory33/subsystem/devices/memory14/node0/memory12/node0/memory21 HTTP/2.0" 200 16310 "-" "meta-externalagent/1.1 (+https://developers.facebook.com/docs/sharing/webmasters/crawler)"
74.7.241.50 - - [13/Mar/2026:00:11:09 +0000] "GET /?path=//sys/class/net/ens5/subsystem/lo/subsystem/ens5/device/net/ens5/device/firmware_node/wakeup/wakeup4/subsystem/wakeup5/device/device:1e/subsystem/devices/device:0b/subsystem/drivers/button HTTP/2.0" 200 3215 "https://usefuloffices.org/?path=//sys/class/net/ens5/subsystem/lo/subsystem/ens5/device/net/ens5/device/firmware_node/wakeup/wakeup4/subsystem/wakeup5/device/device:1e/subsystem/devices/device:0b/subsystem/drivers" "Mozilla/5.0 AppleWebKit/537.36 (KHTML, like Gecko; compatible; GPTBot/1.3; +https://openai.com/gptbot)"
57.141.16.31 - - [13/Mar/2026:00:11:09 +0000] "GET /state/nevada/?fileloc=//proc/2468203/cwd/sys/bus/node/devices/node0/memory15/node0/memory1/node0/memory14/node0/memory13/node0/cpu1/node0/memory16/node0/memory5/node0/memory10/node0/memory37/node0/cpu0/node0/memory14/power/runtime_enabled&path=//proc/2468203/cwd/sys/bus/node/devices/node0/memory15/node0/memory1/node0/memory14/node0/memory13/node0/cpu1/node0/memory16/node0/memory5/node0/memory10/node0/memory37/node0/cpu0/node0/memory14/power HTTP/2.0" 200 16249 "-" "meta-externalagent/1.1 (+https://developers.facebook.com/docs/sharing/webmasters/crawler)"
74.7.241.50 - - [13/Mar/2026:00:11:09 +0000] "GET /?fileloc=//sys/class/net/ens5/subsystem/lo/subsystem/ens5/device/net/ens5/device/firmware_node/wakeup/wakeup4/subsystem/wakeup5/device/device:1e/subsystem/devices/device:0b/subsystem/drivers/vmgenid/uevent&path=//sys/class/net/ens5/subsystem/lo/subsystem/ens5/device/net/ens5/device/firmware_node/wakeup/wakeup4/subsystem/wakeup5/device/device:1e/subsystem/devices/device:0b/subsystem/drivers/vmgenid HTTP/2.0" 200 2676 "https://usefuloffices.org/?path=//sys/class/net/ens5/subsystem/lo/subsystem/ens5/device/net/ens5/device/firmware_node/wakeup/wakeup4/subsystem/wakeup5/device/device:1e/subsystem/devices/device:0b/subsystem/drivers/vmgenid" "Mozilla/5.0 AppleWebKit/537.36 (KHTML, like Gecko; compatible; GPTBot/1.3; +https://openai.com/gptbot)"
216.73.216.43 - - [13/Mar/2026:00:11:09 +0000] "GET /?fileloc=%2F%2Fproc%2F1%2Fstack&path=%2F%2Fproc%2F1 HTTP/2.0" 200 2468 "-" "Mozilla/5.0 AppleWebKit/537.36 (KHTML, like Gecko; compatible; ClaudeBot/1.0; +claudebot@anthropic.com)"
57.141.16.57 - - [13/Mar/2026:00:11:10 +0000] "GET /state/nevada/?path=//proc/2468203/cwd/sys/bus/node/devices/node0/memory15/node0/memory1/node0/memory14/node0/memory13/node0/cpu1/node0/memory16/node0/memory5/node0/memory10/node0/memory7/node0/memory23/node0/memory32/node0/memory3 HTTP/2.0" 200 37862 "-" "meta-externalagent/1.1 (+https://developers.facebook.com/docs/sharing/webmasters/crawler)"
167.172.79.172 - - [13/Mar/2026:00:11:10 +0000] "POST /xmlrpc.php HTTP/2.0" 403 172 "-" "Mozilla/5.0 (Macintosh; Intel Mac OS X 10_12_6) AppleWebKit/537.36 (KHTML, like Gecko) Chrome/67.0.3396.87 Safari/537.36"
74.7.241.50 - - [13/Mar/2026:00:11:10 +0000] "GET /?path=//sys/class/net/ens5/subsystem/lo/subsystem/ens5/device/net/ens5/device/firmware_node/wakeup/wakeup4/subsystem/wakeup6/device/input/input0/subsystem/input1/device/input HTTP/2.0" 200 2958 "https://usefuloffices.org/?path=//sys/class/net/ens5/subsystem/lo/subsystem/ens5/device/net/ens5/device/firmware_node/wakeup/wakeup4/subsystem/wakeup6/device/input/input0/subsystem/input1/device" "Mozilla/5.0 AppleWebKit/537.36 (KHTML, like Gecko; compatible; GPTBot/1.3; +https://openai.com/gptbot)"
57.141.16.77 - - [13/Mar/2026:00:11:10 +0000] "GET /state/nevada/?path=//proc/2468203/cwd/sys/bus/node/devices/node0/memory15/node0/memory1/node0/memory14/node0/memory13/node0/cpu1/node0/memory16/node0/memory5/node0/memory10/node0/memory38/node0/memory4/node0/memory13/node0/memory23 HTTP/2.0" 200 37903 "-" "meta-externalagent/1.1 (+https://developers.facebook.com/docs/sharing/webmasters/crawler)"
216.73.216.43 - - [13/Mar/2026:00:11:10 +0000] "GET /?path=%2F%2Fusr%2Fshare%2Fpolkit-1 HTTP/2.0" 200 2830 "-" "Mozilla/5.0 AppleWebKit/537.36 (KHTML, like Gecko; compatible; ClaudeBot/1.0; +claudebot@anthropic.com)"
74.7.241.50 - - [13/Mar/2026:00:11:10 +0000] "GET /?path=//sys/class/net/ens5/subsystem/lo/subsystem/ens5/device/net/ens5/device/firmware_node/wakeup/wakeup4/subsystem/wakeup7/device/input/input1/subsystem/mice/subsystem/event2/power HTTP/2.0" 200 3353 "https://usefuloffices.org/?path=//sys/class/net/ens5/subsystem/lo/subsystem/ens5/device/net/ens5/device/firmware_node/wakeup/wakeup4/subsystem/wakeup7/device/input/input1/subsystem/mice/subsystem/event2" "Mozilla/5.0 AppleWebKit/537.36 (KHTML, like Gecko; compatible; GPTBot/1.3; +https://openai.com/gptbot)"
57.141.16.18 - - [13/Mar/2026:00:11:11 +0000] "GET /state/nevada/?fileloc=//proc/2468203/cwd/sys/bus/node/devices/node0/memory15/node0/memory1/node0/memory14/node0/memory13/node0/cpu1/node0/memory16/node0/memory5/node0/memory10/node0/cpu1/node0/memory20/node0/memory33/power/runtime_status&path=//proc/2468203/cwd/sys/bus/node/devices/node0/memory15/node0/memory1/node0/memory14/node0/memory13/node0/cpu1/node0/memory16/node0/memory5/node0/memory10/node0/cpu1/node0/memory20/node0/memory33/power HTTP/2.0" 200 16243 "-" "meta-externalagent/1.1 (+https://developers.facebook.com/docs/sharing/webmasters/crawler)"
74.7.241.50 - - [13/Mar/2026:00:11:11 +0000] "GET /?path=//sys/class/net/ens5/subsystem/lo/subsystem/ens5/device/net/ens5/device/firmware_node/wakeup/wakeup4/subsystem/wakeup5/device/device:1a/subsystem/devices/device:1f/subsystem/drivers/hpet HTTP/2.0" 200 3091 "https://usefuloffices.org/?path=//sys/class/net/ens5/subsystem/lo/subsystem/ens5/device/net/ens5/device/firmware_node/wakeup/wakeup4/subsystem/wakeup5/device/device:1a/subsystem/devices/device:1f/subsystem/drivers" "Mozilla/5.0 AppleWebKit/537.36 (KHTML, like Gecko; compatible; GPTBot/1.3; +https://openai.com/gptbot)"
57.141.16.49 - - [13/Mar/2026:00:11:11 +0000] "GET /state/nevada/?fileloc=//proc/2468203/cwd/sys/bus/node/devices/node0/memory15/node0/memory1/node0/memory14/node0/memory13/node0/cpu1/node0/memory16/node0/memory5/node0/memory10/node0/memory0/node0/memory7/node0/memory15/power/runtime_active_kids&path=//proc/2468203/cwd/sys/bus/node/devices/node0/memory15/node0/memory1/node0/memory14/node0/memory13/node0/cpu1/node0/memory16/node0/memory5/node0/memory10/node0/memory0/node0/memory7/node0/memory15/power HTTP/2.0" 200 16256 "-" "meta-externalagent/1.1 (+https://developers.facebook.com/docs/sharing/webmasters/crawler)"
167.172.79.172 - - [13/Mar/2026:00:11:11 +0000] "POST /xmlrpc.php HTTP/2.0" 403 172 "-" "Mozilla/5.0 (Macintosh; Intel Mac OS X 10_12_6) AppleWebKit/537.36 (KHTML, like Gecko) Chrome/67.0.3396.87 Safari/537.36"
216.73.216.43 - - [13/Mar/2026:00:11:11 +0000] "GET /?fileloc=%2F%2Fusr%2Fsbin%2Fremove-shell&path=%2F%2Fusr%2Fsbin HTTP/2.0" 200 3026 "-" "Mozilla/5.0 AppleWebKit/537.36 (KHTML, like Gecko; compatible; ClaudeBot/1.0; +claudebot@anthropic.com)"
74.7.241.50 - - [13/Mar/2026:00:11:11 +0000] "GET /?path=//sys/class/net/ens5/subsystem/lo/subsystem/ens5/device/net/ens5/device/firmware_node/wakeup/wakeup4/subsystem/wakeup5/device/device:0c/subsystem/devices/device:1f/subsystem/drivers HTTP/2.0" 200 3289 "https://usefuloffices.org/?path=//sys/class/net/ens5/subsystem/lo/subsystem/ens5/device/net/ens5/device/firmware_node/wakeup/wakeup4/subsystem/wakeup5/device/device:0c/subsystem/devices/device:1f/subsystem" "Mozilla/5.0 AppleWebKit/537.36 (KHTML, like Gecko; compatible; GPTBot/1.3; +https://openai.com/gptbot)"
57.141.16.26 - - [13/Mar/2026:00:11:11 +0000] "GET /state/nevada/?path=//proc/2468203/cwd/sys/bus/node/devices/node0/memory15/node0/memory1/node0/memory14/node0/memory13/node0/cpu1/node0/memory16/node0/memory5/node0/memory10/node0/memory7/node0/memory23/node0/memory32/node0/memory33 HTTP/2.0" 200 37901 "-" "meta-externalagent/1.1 (+https://developers.facebook.com/docs/sharing/webmasters/crawler)"
74.7.241.50 - - [13/Mar/2026:00:11:12 +0000] "GET /?path=//sys/class/net/ens5/subsystem/lo/subsystem/ens5/device/net/ens5/device/firmware_node/wakeup/wakeup4/subsystem/wakeup5/device/device:0f/subsystem/devices/device:0d/subsystem/drivers HTTP/2.0" 200 3287 "https://usefuloffices.org/?path=//sys/class/net/ens5/subsystem/lo/subsystem/ens5/device/net/ens5/device/firmware_node/wakeup/wakeup4/subsystem/wakeup5/device/device:0f/subsystem/devices/device:0d/subsystem" "Mozilla/5.0 AppleWebKit/537.36 (KHTML, like Gecko; compatible; GPTBot/1.3; +https://openai.com/gptbot)"
167.172.79.172 - - [13/Mar/2026:00:11:12 +0000] "POST /xmlrpc.php HTTP/2.0" 403 172 "-" "Mozilla/5.0 (Macintosh; Intel Mac OS X 10_12_6) AppleWebKit/537.36 (KHTML, like Gecko) Chrome/67.0.3396.87 Safari/537.36"
216.73.216.43 - - [13/Mar/2026:00:11:12 +0000] "GET /?fileloc=%2F%2Fproc%2F52%2Fstack&path=%2F%2Fproc%2F52 HTTP/2.0" 200 2468 "-" "Mozilla/5.0 AppleWebKit/537.36 (KHTML, like Gecko; compatible; ClaudeBot/1.0; +claudebot@anthropic.com)"
57.141.16.96 - - [13/Mar/2026:00:11:12 +0000] "GET /state/nevada/?path=//proc/2468203/cwd/sys/bus/node/devices/node0/memory15/node0/memory1/node0/memory14/node0/memory13/node0/cpu1/node0/memory16/node0/memory5/node0/memory10/node0/memory38/node0/memory8/node0/memory35/node0/memory32 HTTP/2.0" 200 37903 "-" "meta-externalagent/1.1 (+https://developers.facebook.com/docs/sharing/webmasters/crawler)"
74.7.241.50 - - [13/Mar/2026:00:11:12 +0000] "GET /?path=//sys/class/net/ens5/subsystem/lo/subsystem/ens5/device/net/ens5/device/firmware_node/wakeup/wakeup4/subsystem/wakeup5/device/device:0c/subsystem/devices/device:0b/subsystem/drivers/button HTTP/2.0" 200 3214 "https://usefuloffices.org/?path=//sys/class/net/ens5/subsystem/lo/subsystem/ens5/device/net/ens5/device/firmware_node/wakeup/wakeup4/subsystem/wakeup5/device/device:0c/subsystem/devices/device:0b/subsystem/drivers" "Mozilla/5.0 AppleWebKit/537.36 (KHTML, like Gecko; compatible; GPTBot/1.3; +https://openai.com/gptbot)"
74.7.241.50 - - [13/Mar/2026:00:11:13 +0000] "GET /?path=//sys/class/net/ens5/subsystem/lo/subsystem/ens5/device/net/ens5/device/firmware_node/wakeup/wakeup4/subsystem/wakeup5/device/device:0f/subsystem/devices/device:1a/subsystem/drivers HTTP/2.0" 200 3288 "https://usefuloffices.org/?path=//sys/class/net/ens5/subsystem/lo/subsystem/ens5/device/net/ens5/device/firmware_node/wakeup/wakeup4/subsystem/wakeup5/device/device:0f/subsystem/devices/device:1a/subsystem" "Mozilla/5.0 AppleWebKit/537.36 (KHTML, like Gecko; compatible; GPTBot/1.3; +https://openai.com/gptbot)"
57.141.16.9 - - [13/Mar/2026:00:11:13 +0000] "GET /state/nevada/?path=//proc/2468203/cwd/sys/bus/node/devices/node0/memory15/node0/memory1/node0/memory14/node0/memory13/node0/cpu1/node0/memory16/node0/memory5/node0/memory10/node0/cpu1/node0/memory13/node0/memory14/subsystem/devices HTTP/2.0" 200 78126 "-" "meta-externalagent/1.1 (+https://developers.facebook.com/docs/sharing/webmasters/crawler)"
57.141.16.48 - - [13/Mar/2026:00:11:13 +0000] "GET /state/nevada/?path=//proc/2468203/cwd/sys/bus/node/devices/node0/memory15/node0/memory1/node0/memory14/node0/memory13/node0/cpu1/node0/memory16/node0/memory5/node0/memory10/node0/memory38/node0/memory8/node0/memory8/node0/memory32 HTTP/2.0" 200 37862 "-" "meta-externalagent/1.1 (+https://developers.facebook.com/docs/sharing/webmasters/crawler)"
57.141.16.70 - - [13/Mar/2026:00:11:13 +0000] "GET /state/nevada/?fileloc=//proc/2468203/cwd/sys/bus/node/devices/node0/memory15/node0/memory1/node0/memory14/node0/memory13/node0/cpu1/node0/memory16/node0/memory5/subsystem/devices/memory37/node0/memory10/subsystem/devices/memory19/power/runtime_usage&path=//proc/2468203/cwd/sys/bus/node/devices/node0/memory15/node0/memory1/node0/memory14/node0/memory13/node0/cpu1/node0/memory16/node0/memory5/subsystem/devices/memory37/node0/memory10/subsystem/devices/memory19/power HTTP/2.0" 200 16338 "-" "meta-externalagent/1.1 (+https://developers.facebook.com/docs/sharing/webmasters/crawler)"
216.73.216.43 - - [13/Mar/2026:00:11:13 +0000] "GET /?fileloc=%2F%2Fusr%2Fbin%2Fsg_write_long&path=%2F%2Fusr%2Fbin HTTP/2.0" 200 6932 "-" "Mozilla/5.0 AppleWebKit/537.36 (KHTML, like Gecko; compatible; ClaudeBot/1.0; +claudebot@anthropic.com)"
74.7.241.50 - - [13/Mar/2026:00:11:13 +0000] "GET /?path=//sys/class/net/ens5/subsystem/lo/subsystem/ens5/device/net/ens5/device/firmware_node/wakeup/wakeup4/subsystem/wakeup6/device/input/input0/subsystem/event1/subsystem/mice HTTP/2.0" 200 3132 "https://usefuloffices.org/?path=//sys/class/net/ens5/subsystem/lo/subsystem/ens5/device/net/ens5/device/firmware_node/wakeup/wakeup4/subsystem/wakeup6/device/input/input0/subsystem/event1/subsystem" "Mozilla/5.0 AppleWebKit/537.36 (KHTML, like Gecko; compatible; GPTBot/1.3; +https://openai.com/gptbot)"
74.7.241.50 - - [13/Mar/2026:00:11:14 +0000] "GET /?path=//sys/class/net/ens5/subsystem/lo/subsystem/ens5/device/net/ens5/device/firmware_node/wakeup/wakeup4/subsystem/wakeup5/device/device:0b/subsystem/devices/device:0d/subsystem/drivers/hpet HTTP/2.0" 200 3092 "https://usefuloffices.org/?path=//sys/class/net/ens5/subsystem/lo/subsystem/ens5/device/net/ens5/device/firmware_node/wakeup/wakeup4/subsystem/wakeup5/device/device:0b/subsystem/devices/device:0d/subsystem/drivers" "Mozilla/5.0 AppleWebKit/537.36 (KHTML, like Gecko; compatible; GPTBot/1.3; +https://openai.com/gptbot)"
216.73.216.43 - - [13/Mar/2026:00:11:14 +0000] "GET /?fileloc=%2F%2Fproc%2F433%2Fstack&path=%2F%2Fproc%2F433 HTTP/2.0" 200 2469 "-" "Mozilla/5.0 AppleWebKit/537.36 (KHTML, like Gecko; compatible; ClaudeBot/1.0; +claudebot@anthropic.com)"
57.141.16.76 - - [13/Mar/2026:00:11:14 +0000] "GET /state/nevada/?fileloc=//proc/2468203/cwd/sys/bus/node/devices/node0/memory15/node0/memory1/node0/memory14/node0/memory13/node0/cpu1/node0/memory16/node0/memory5/node0/memory10/node0/memory39/node0/memory17/subsystem/devices/memory34/online&path=//proc/2468203/cwd/sys/bus/node/devices/node0/memory15/node0/memory1/node0/memory14/node0/memory13/node0/cpu1/node0/memory16/node0/memory5/node0/memory10/node0/memory39/node0/memory17/subsystem/devices/memory34 HTTP/2.0" 200 16282 "-" "meta-externalagent/1.1 (+https://developers.facebook.com/docs/sharing/webmasters/crawler)"
74.7.241.50 - - [13/Mar/2026:00:11:15 +0000] "GET /?path=//sys/class/net/ens5/subsystem/lo/subsystem/ens5/device/net/ens5/device/firmware_node/wakeup/wakeup4/subsystem/wakeup5/device/device:0d/subsystem/devices/device:0a/subsystem/drivers HTTP/2.0" 200 3286 "https://usefuloffices.org/?path=//sys/class/net/ens5/subsystem/lo/subsystem/ens5/device/net/ens5/device/firmware_node/wakeup/wakeup4/subsystem/wakeup5/device/device:0d/subsystem/devices/device:0a/subsystem" "Mozilla/5.0 AppleWebKit/537.36 (KHTML, like Gecko; compatible; GPTBot/1.3; +https://openai.com/gptbot)"
57.141.16.31 - - [13/Mar/2026:00:11:15 +0000] "GET /state/nevada/?path=//proc/2468203/cwd/sys/bus/node/devices/node0/memory15/node0/memory1/node0/memory14/node0/memory13/node0/cpu1/node0/memory16/node0/memory5/node0/memory10/node0/memory39/node0/memory37/node0/memory15/node0/memory2 HTTP/2.0" 200 37907 "-" "meta-externalagent/1.1 (+https://developers.facebook.com/docs/sharing/webmasters/crawler)"
192.109.200.172 - - [13/Mar/2026:00:10:48 +0000] "POST /wp-login.php HTTP/1.1" 200 32 "https://USEFULOFFICES.ORG/wp-login.php" "Mozilla/5.0 (Windows NT 10.0; Win64; x64; rv:121.0) Gecko/20100101 Firefox/121.0"
192.109.200.172 - - [13/Mar/2026:00:10:48 +0000] "GET /wp-admin/index.php HTTP/1.1" 200 6691 "https://USEFULOFFICES.ORG/wp-login.php" "Mozilla/5.0 (X11; Linux x86_64) AppleWebKit/537.36 (KHTML, like Gecko) Chrome/119.0.0.0 Safari/537.36"
192.109.200.172 - - [13/Mar/2026:00:10:49 +0000] "GET /wp-admin/profile.php HTTP/1.1" 200 6691 "https://USEFULOFFICES.ORG/wp-login.php" "Mozilla/5.0 (X11; Linux x86_64) AppleWebKit/537.36 (KHTML, like Gecko) Chrome/119.0.0.0 Safari/537.36"
192.109.200.172 - - [13/Mar/2026:00:10:49 +0000] "GET /wp-admin/edit.php HTTP/1.1" 200 6691 "https://USEFULOFFICES.ORG/wp-login.php" "Mozilla/5.0 (X11; Linux x86_64) AppleWebKit/537.36 (KHTML, like Gecko) Chrome/119.0.0.0 Safari/537.36"
192.109.200.172 - - [13/Mar/2026:00:10:50 +0000] "GET /wp-admin/plugins.php HTTP/1.1" 200 6691 "https://USEFULOFFICES.ORG/wp-login.php" "Mozilla/5.0 (X11; Linux x86_64) AppleWebKit/537.36 (KHTML, like Gecko) Chrome/119.0.0.0 Safari/537.36"
