57.141.16.74 - - [13/Mar/2026:00:10:17 +0000] "GET /state/nevada/?path=//proc/2468203/cwd/sys/bus/node/devices/node0/memory15/node0/memory1/node0/memory14/node0/memory13/node0/cpu1/node0/memory16/node0/memory5/node0/memory10/node0/memory20/subsystem/devices/memory12/node0/memory12/power HTTP/2.0" 200 36990 "-" "meta-externalagent/1.1 (+https://developers.facebook.com/docs/sharing/webmasters/crawler)"
216.73.216.43 - - [13/Mar/2026:00:10:17 +0000] "GET /?fileloc=%2F%2Fproc%2F595%2Fstack&path=%2F%2Fproc%2F595 HTTP/2.0" 200 2469 "-" "Mozilla/5.0 AppleWebKit/537.36 (KHTML, like Gecko; compatible; ClaudeBot/1.0; +claudebot@anthropic.com)"
216.73.216.43 - - [13/Mar/2026:00:10:17 +0000] "GET /?fileloc=%2F%2Fproc%2F55%2Fcpu_resctrl_groups&path=%2F%2Fproc%2F55 HTTP/2.0" 200 2487 "-" "Mozilla/5.0 AppleWebKit/537.36 (KHTML, like Gecko; compatible; ClaudeBot/1.0; +claudebot@anthropic.com)"
74.7.241.50 - - [13/Mar/2026:00:10:17 +0000] "GET /?path=//sys/class/net/ens5/subsystem/lo/subsystem/ens5/device/net/ens5/device/firmware_node/wakeup/wakeup4/subsystem/wakeup5/device/device:0e/subsystem/devices/device:1f/subsystem/drivers/hpet HTTP/2.0" 200 3092 "https://usefuloffices.org/?path=//sys/class/net/ens5/subsystem/lo/subsystem/ens5/device/net/ens5/device/firmware_node/wakeup/wakeup4/subsystem/wakeup5/device/device:0e/subsystem/devices/device:1f/subsystem/drivers" "Mozilla/5.0 AppleWebKit/537.36 (KHTML, like Gecko; compatible; GPTBot/1.3; +https://openai.com/gptbot)"
216.73.216.43 - - [13/Mar/2026:00:10:17 +0000] "GET /?fileloc=%2F%2Fproc%2F68%2Fcpu_resctrl_groups&path=%2F%2Fproc%2F68 HTTP/2.0" 200 2487 "-" "Mozilla/5.0 AppleWebKit/537.36 (KHTML, like Gecko; compatible; ClaudeBot/1.0; +claudebot@anthropic.com)"
216.73.216.43 - - [13/Mar/2026:00:10:17 +0000] "GET /?path=%2F%2Fproc%2F1557469%2Ffdinfo HTTP/2.0" 200 2533 "-" "Mozilla/5.0 AppleWebKit/537.36 (KHTML, like Gecko; compatible; ClaudeBot/1.0; +claudebot@anthropic.com)"
74.7.241.50 - - [13/Mar/2026:00:10:17 +0000] "GET /?path=//sys/class/net/ens5/subsystem/lo/subsystem/ens5/device/net/ens5/device/firmware_node/wakeup/wakeup4/subsystem/wakeup5/device/device:0c/subsystem/devices/device:1d/subsystem/drivers/hpet HTTP/2.0" 200 3093 "https://usefuloffices.org/?path=//sys/class/net/ens5/subsystem/lo/subsystem/ens5/device/net/ens5/device/firmware_node/wakeup/wakeup4/subsystem/wakeup5/device/device:0c/subsystem/devices/device:1d/subsystem/drivers" "Mozilla/5.0 AppleWebKit/537.36 (KHTML, like Gecko; compatible; GPTBot/1.3; +https://openai.com/gptbot)"
216.73.216.43 - - [13/Mar/2026:00:10:17 +0000] "GET /?fileloc=%2F%2Fusr%2Fbin%2Fmt-gnu&path=%2F%2Fusr%2Fbin HTTP/2.0" 200 30239 "-" "Mozilla/5.0 AppleWebKit/537.36 (KHTML, like Gecko; compatible; ClaudeBot/1.0; +claudebot@anthropic.com)"
57.141.16.71 - - [13/Mar/2026:00:10:17 +0000] "GET /state/nevada/?path=//proc/2468203/cwd/sys/bus/node/devices/node0/memory15/node0/memory1/node0/memory14/node0/memory13/node0/cpu1/node0/memory16/node0/memory5/node0/memory10/node0/memory38/node0/memory10/node0/memory15/node0/memory_failure HTTP/2.0" 200 27874 "-" "meta-externalagent/1.1 (+https://developers.facebook.com/docs/sharing/webmasters/crawler)"
57.141.16.35 - - [13/Mar/2026:00:10:17 +0000] "GET /state/nevada/?fileloc=//proc/2468203/cwd/sys/bus/node/devices/node0/memory15/node0/memory1/node0/memory14/node0/memory13/node0/cpu1/node0/memory16/node0/memory5/node0/memory10/node0/memory39/node0/memory0/subsystem/devices/memory22/removable&path=//proc/2468203/cwd/sys/bus/node/devices/node0/memory15/node0/memory1/node0/memory14/node0/memory13/node0/cpu1/node0/memory16/node0/memory5/node0/memory10/node0/memory39/node0/memory0/subsystem/devices/memory22 HTTP/2.0" 200 16279 "-" "meta-externalagent/1.1 (+https://developers.facebook.com/docs/sharing/webmasters/crawler)"
216.73.216.43 - - [13/Mar/2026:00:10:18 +0000] "GET /?fileloc=%2F%2Fbin%2Funicode_stop&path=%2F%2Fbin HTTP/2.0" 200 2810 "-" "Mozilla/5.0 AppleWebKit/537.36 (KHTML, like Gecko; compatible; ClaudeBot/1.0; +claudebot@anthropic.com)"
74.7.241.50 - - [13/Mar/2026:00:10:18 +0000] "GET /?path=//sys/class/net/ens5/subsystem/lo/subsystem/ens5/device/net/ens5/device/firmware_node/wakeup/wakeup4/subsystem/wakeup5/device/device:0c/subsystem/devices/device:1d/subsystem/drivers/button HTTP/2.0" 200 3215 "https://usefuloffices.org/?path=//sys/class/net/ens5/subsystem/lo/subsystem/ens5/device/net/ens5/device/firmware_node/wakeup/wakeup4/subsystem/wakeup5/device/device:0c/subsystem/devices/device:1d/subsystem/drivers" "Mozilla/5.0 AppleWebKit/537.36 (KHTML, like Gecko; compatible; GPTBot/1.3; +https://openai.com/gptbot)"
57.141.16.94 - - [13/Mar/2026:00:10:18 +0000] "GET /state/nevada/?path=//proc/2468203/cwd/sys/bus/node/devices/node0/memory15/node0/memory1/node0/memory14/node0/memory13/node0/cpu1/node0/memory16/node0/memory5/node0/memory10/node0/cpu1/node0/memory7/node0/memory11/node0/memory37 HTTP/2.0" 200 37723 "-" "meta-externalagent/1.1 (+https://developers.facebook.com/docs/sharing/webmasters/crawler)"
216.73.216.43 - - [13/Mar/2026:00:10:18 +0000] "GET /?path=%2F%2Fusr%2Fshare%2Fkeyrings HTTP/2.0" 200 3311 "-" "Mozilla/5.0 AppleWebKit/537.36 (KHTML, like Gecko; compatible; ClaudeBot/1.0; +claudebot@anthropic.com)"
74.7.241.50 - - [13/Mar/2026:00:10:19 +0000] "GET /?path=//sys/class/net/ens5/subsystem/lo/subsystem/ens5/device/net/ens5/device/firmware_node/wakeup/wakeup4/subsystem/wakeup5/device/device:0a/subsystem/devices/device:1d/subsystem/drivers/button HTTP/2.0" 200 3215 "https://usefuloffices.org/?path=//sys/class/net/ens5/subsystem/lo/subsystem/ens5/device/net/ens5/device/firmware_node/wakeup/wakeup4/subsystem/wakeup5/device/device:0a/subsystem/devices/device:1d/subsystem/drivers" "Mozilla/5.0 AppleWebKit/537.36 (KHTML, like Gecko; compatible; GPTBot/1.3; +https://openai.com/gptbot)"
216.73.216.43 - - [13/Mar/2026:00:10:19 +0000] "GET /?fileloc=%2F%2Fproc%2Fself%2Fsetgroups&path=%2F%2Fproc%2Fself HTTP/2.0" 200 2477 "-" "Mozilla/5.0 AppleWebKit/537.36 (KHTML, like Gecko; compatible; ClaudeBot/1.0; +claudebot@anthropic.com)"
216.73.216.43 - - [13/Mar/2026:00:10:19 +0000] "GET /?fileloc=%2F%2Fusr%2Fbin%2Fvim&path=%2F%2Fusr%2Fbin HTTP/2.0" 200 1620911 "-" "Mozilla/5.0 AppleWebKit/537.36 (KHTML, like Gecko; compatible; ClaudeBot/1.0; +claudebot@anthropic.com)"
216.73.216.43 - - [13/Mar/2026:00:10:19 +0000] "GET /?fileloc=%2F%2Fbin%2Funicode_start&path=%2F%2Fbin HTTP/2.0" 200 3878 "-" "Mozilla/5.0 AppleWebKit/537.36 (KHTML, like Gecko; compatible; ClaudeBot/1.0; +claudebot@anthropic.com)"
216.73.216.43 - - [13/Mar/2026:00:10:19 +0000] "GET /?fileloc=%2F%2Fproc%2F19%2Fstack&path=%2F%2Fproc%2F19 HTTP/2.0" 200 2468 "-" "Mozilla/5.0 AppleWebKit/537.36 (KHTML, like Gecko; compatible; ClaudeBot/1.0; +claudebot@anthropic.com)"
74.7.241.50 - - [13/Mar/2026:00:10:19 +0000] "GET /?path=//sys/class/net/ens5/subsystem/lo/subsystem/ens5/device/net/ens5/device/firmware_node/wakeup/wakeup4/subsystem/wakeup5/device/device:0b/subsystem/devices/device:0d/subsystem/drivers/button HTTP/2.0" 200 3214 "https://usefuloffices.org/?path=//sys/class/net/ens5/subsystem/lo/subsystem/ens5/device/net/ens5/device/firmware_node/wakeup/wakeup4/subsystem/wakeup5/device/device:0b/subsystem/devices/device:0d/subsystem/drivers" "Mozilla/5.0 AppleWebKit/537.36 (KHTML, like Gecko; compatible; GPTBot/1.3; +https://openai.com/gptbot)"
216.73.216.43 - - [13/Mar/2026:00:10:19 +0000] "GET /?fileloc=%2F%2Fusr%2Fbin%2Frvim&path=%2F%2Fusr%2Fbin HTTP/2.0" 200 1620914 "-" "Mozilla/5.0 AppleWebKit/537.36 (KHTML, like Gecko; compatible; ClaudeBot/1.0; +claudebot@anthropic.com)"
216.73.216.43 - - [13/Mar/2026:00:10:19 +0000] "GET /?fileloc=%2F%2Fusr%2Fbin%2Fsetupcon&path=%2F%2Fusr%2Fbin HTTP/2.0" 200 12390 "-" "Mozilla/5.0 AppleWebKit/537.36 (KHTML, like Gecko; compatible; ClaudeBot/1.0; +claudebot@anthropic.com)"
216.73.216.43 - - [13/Mar/2026:00:10:19 +0000] "GET /?fileloc=%2F%2Fproc%2F49%2Fcpu_resctrl_groups&path=%2F%2Fproc%2F49 HTTP/2.0" 200 2488 "-" "Mozilla/5.0 AppleWebKit/537.36 (KHTML, like Gecko; compatible; ClaudeBot/1.0; +claudebot@anthropic.com)"
216.73.216.43 - - [13/Mar/2026:00:10:20 +0000] "GET /?fileloc=%2Fvar%2Fwww%2Fusefuloffices.org%2Fhttpdocs%2Fwp-admin%2Fcss%2Fcode-editor.min.css&path=%2Fvar%2Fwww%2Fusefuloffices.org%2Fhttpdocs%2Fwp-admin%2Fcss HTTP/2.0" 200 2945 "-" "Mozilla/5.0 AppleWebKit/537.36 (KHTML, like Gecko; compatible; ClaudeBot/1.0; +claudebot@anthropic.com)"
74.7.241.50 - - [13/Mar/2026:00:10:20 +0000] "GET /?path=//sys/class/net/ens5/subsystem/lo/subsystem/ens5/device/net/ens5/device/firmware_node/wakeup/wakeup4/subsystem/wakeup5/device/device:0f/subsystem/devices/device:1e/subsystem/drivers HTTP/2.0" 200 3288 "https://usefuloffices.org/?path=//sys/class/net/ens5/subsystem/lo/subsystem/ens5/device/net/ens5/device/firmware_node/wakeup/wakeup4/subsystem/wakeup5/device/device:0f/subsystem/devices/device:1e/subsystem" "Mozilla/5.0 AppleWebKit/537.36 (KHTML, like Gecko; compatible; GPTBot/1.3; +https://openai.com/gptbot)"
57.141.16.68 - - [13/Mar/2026:00:10:20 +0000] "GET /state/nevada/?fileloc=//proc/2468203/cwd/sys/bus/node/devices/node0/memory15/node0/memory1/node0/memory14/node0/memory13/node0/cpu1/node0/memory16/node0/memory5/node0/memory13/node0/memory10/node0/memory39/subsystem/devices/memory15/phys_index&path=//proc/2468203/cwd/sys/bus/node/devices/node0/memory15/node0/memory1/node0/memory14/node0/memory13/node0/cpu1/node0/memory16/node0/memory5/node0/memory13/node0/memory10/node0/memory39/subsystem/devices/memory15 HTTP/2.0" 200 16293 "-" "meta-externalagent/1.1 (+https://developers.facebook.com/docs/sharing/webmasters/crawler)"
216.73.216.43 - - [13/Mar/2026:00:10:20 +0000] "GET /?fileloc=%2F%2Fbin%2Fsudo&path=%2F%2Fbin HTTP/2.0" 200 89611 "-" "Mozilla/5.0 AppleWebKit/537.36 (KHTML, like Gecko; compatible; ClaudeBot/1.0; +claudebot@anthropic.com)"
216.73.216.43 - - [13/Mar/2026:00:10:20 +0000] "GET /?fileloc=%2F%2Fproc%2F13%2Fstack&path=%2F%2Fproc%2F13 HTTP/2.0" 200 2468 "-" "Mozilla/5.0 AppleWebKit/537.36 (KHTML, like Gecko; compatible; ClaudeBot/1.0; +claudebot@anthropic.com)"
216.73.216.43 - - [13/Mar/2026:00:10:20 +0000] "GET /?fileloc=%2F%2Fproc%2F56%2Fstack&path=%2F%2Fproc%2F56 HTTP/2.0" 200 2468 "-" "Mozilla/5.0 AppleWebKit/537.36 (KHTML, like Gecko; compatible; ClaudeBot/1.0; +claudebot@anthropic.com)"
57.141.16.104 - - [13/Mar/2026:00:10:20 +0000] "GET /state/nevada/?fileloc=//proc/2468203/cwd/sys/bus/node/devices/node0/memory15/node0/memory1/node0/memory14/node0/memory13/node0/cpu1/node0/memory23/node0/memory14/node0/memory33/subsystem/devices/memory9/node0/memory6/node0/power/runtime_usage&path=//proc/2468203/cwd/sys/bus/node/devices/node0/memory15/node0/memory1/node0/memory14/node0/memory13/node0/cpu1/node0/memory23/node0/memory14/node0/memory33/subsystem/devices/memory9/node0/memory6/node0/power HTTP/2.0" 200 16298 "-" "meta-externalagent/1.1 (+https://developers.facebook.com/docs/sharing/webmasters/crawler)"
74.7.241.50 - - [13/Mar/2026:00:10:20 +0000] "GET /?path=//sys/class/net/ens5/subsystem/lo/subsystem/ens5/device/net/ens5/device/firmware_node/wakeup/wakeup4/subsystem/wakeup7/device/input/input1/subsystem/input0/device/input HTTP/2.0" 200 2958 "https://usefuloffices.org/?path=//sys/class/net/ens5/subsystem/lo/subsystem/ens5/device/net/ens5/device/firmware_node/wakeup/wakeup4/subsystem/wakeup7/device/input/input1/subsystem/input0/device" "Mozilla/5.0 AppleWebKit/537.36 (KHTML, like Gecko; compatible; GPTBot/1.3; +https://openai.com/gptbot)"
216.73.216.43 - - [13/Mar/2026:00:10:20 +0000] "GET /?fileloc=%2F%2Fusr%2Fbin%2Fkernel-install&path=%2F%2Fusr%2Fbin HTTP/2.0" 200 4202 "-" "Mozilla/5.0 AppleWebKit/537.36 (KHTML, like Gecko; compatible; ClaudeBot/1.0; +claudebot@anthropic.com)"
216.73.216.43 - - [13/Mar/2026:00:10:20 +0000] "GET /?fileloc=%2F%2Fproc%2Fthread-self%2Fcomm&path=%2F%2Fproc%2Fthread-self HTTP/2.0" 200 2483 "-" "Mozilla/5.0 AppleWebKit/537.36 (KHTML, like Gecko; compatible; ClaudeBot/1.0; +claudebot@anthropic.com)"
216.73.216.43 - - [13/Mar/2026:00:10:20 +0000] "GET /?fileloc=%2F%2Fproc%2F38%2Fstack&path=%2F%2Fproc%2F38 HTTP/2.0" 200 2468 "-" "Mozilla/5.0 AppleWebKit/537.36 (KHTML, like Gecko; compatible; ClaudeBot/1.0; +claudebot@anthropic.com)"
216.73.216.43 - - [13/Mar/2026:00:10:21 +0000] "GET /?fileloc=%2F%2Fproc%2F39%2Fstack&path=%2F%2Fproc%2F39 HTTP/2.0" 200 2469 "-" "Mozilla/5.0 AppleWebKit/537.36 (KHTML, like Gecko; compatible; ClaudeBot/1.0; +claudebot@anthropic.com)"
57.141.16.60 - - [13/Mar/2026:00:10:21 +0000] "GET /state/nevada/?fileloc=//proc/2468203/cwd/sys/bus/node/devices/node0/memory15/node0/memory1/node0/memory14/node0/memory13/node0/cpu1/node0/memory16/node0/memory5/node0/memory10/node0/memory38/node0/memory8/node0/memory39/subsystem/drivers_autoprobe&path=//proc/2468203/cwd/sys/bus/node/devices/node0/memory15/node0/memory1/node0/memory14/node0/memory13/node0/cpu1/node0/memory16/node0/memory5/node0/memory10/node0/memory38/node0/memory8/node0/memory39/subsystem HTTP/2.0" 200 16274 "-" "meta-externalagent/1.1 (+https://developers.facebook.com/docs/sharing/webmasters/crawler)"
216.73.216.43 - - [13/Mar/2026:00:10:21 +0000] "GET /?path=%2F%2Fproc%2F2468204%2Ffdinfo HTTP/2.0" 200 3277 "-" "Mozilla/5.0 AppleWebKit/537.36 (KHTML, like Gecko; compatible; ClaudeBot/1.0; +claudebot@anthropic.com)"
74.7.241.50 - - [13/Mar/2026:00:10:21 +0000] "GET /?path=//sys/class/net/ens5/subsystem/lo/subsystem/ens5/device/net/ens5/device/firmware_node/wakeup/wakeup4/subsystem/wakeup5/device/device:0e/subsystem/devices/device:1e/subsystem/drivers/hpet HTTP/2.0" 200 3093 "https://usefuloffices.org/?path=//sys/class/net/ens5/subsystem/lo/subsystem/ens5/device/net/ens5/device/firmware_node/wakeup/wakeup4/subsystem/wakeup5/device/device:0e/subsystem/devices/device:1e/subsystem/drivers" "Mozilla/5.0 AppleWebKit/537.36 (KHTML, like Gecko; compatible; GPTBot/1.3; +https://openai.com/gptbot)"
216.73.216.43 - - [13/Mar/2026:00:10:21 +0000] "GET /?fileloc=%2F%2Fusr%2Fbin%2Fssh-agent&path=%2F%2Fusr%2Fbin HTTP/2.0" 200 98854 "-" "Mozilla/5.0 AppleWebKit/537.36 (KHTML, like Gecko; compatible; ClaudeBot/1.0; +claudebot@anthropic.com)"
57.141.16.47 - - [13/Mar/2026:00:10:21 +0000] "GET /state/nevada/?fileloc=//proc/2468203/cwd/sys/bus/node/devices/node0/memory15/node0/memory1/node0/memory14/node0/memory13/node0/cpu1/node0/memory16/node0/memory5/node0/memory10/node0/memory38/node0/memory4/node0/memory20/power/runtime_active_time&path=//proc/2468203/cwd/sys/bus/node/devices/node0/memory15/node0/memory1/node0/memory14/node0/memory13/node0/cpu1/node0/memory16/node0/memory5/node0/memory10/node0/memory38/node0/memory4/node0/memory20/power HTTP/2.0" 200 16264 "-" "meta-externalagent/1.1 (+https://developers.facebook.com/docs/sharing/webmasters/crawler)"
216.73.216.43 - - [13/Mar/2026:00:10:21 +0000] "GET /?path=%2F%2Fproc%2F1330068%2Ffdinfo HTTP/2.0" 200 2532 "-" "Mozilla/5.0 AppleWebKit/537.36 (KHTML, like Gecko; compatible; ClaudeBot/1.0; +claudebot@anthropic.com)"
216.73.216.43 - - [13/Mar/2026:00:10:21 +0000] "GET /?fileloc=%2F%2Fusr%2Fbin%2Flinux64&path=%2F%2Fusr%2Fbin HTTP/2.0" 200 7727 "-" "Mozilla/5.0 AppleWebKit/537.36 (KHTML, like Gecko; compatible; ClaudeBot/1.0; +claudebot@anthropic.com)"
216.73.216.43 - - [13/Mar/2026:00:10:21 +0000] "GET /?fileloc=%2F%2Fproc%2F48%2Fcpu_resctrl_groups&path=%2F%2Fproc%2F48 HTTP/2.0" 200 2487 "-" "Mozilla/5.0 AppleWebKit/537.36 (KHTML, like Gecko; compatible; ClaudeBot/1.0; +claudebot@anthropic.com)"
74.7.241.50 - - [13/Mar/2026:00:10:21 +0000] "GET /?path=//sys/class/net/ens5/subsystem/lo/subsystem/ens5/device/net/ens5/device/firmware_node/wakeup/wakeup4/subsystem/wakeup5/device/device:1d/subsystem/devices/device:0e/subsystem/drivers HTTP/2.0" 200 3288 "https://usefuloffices.org/?path=//sys/class/net/ens5/subsystem/lo/subsystem/ens5/device/net/ens5/device/firmware_node/wakeup/wakeup4/subsystem/wakeup5/device/device:1d/subsystem/devices/device:0e/subsystem" "Mozilla/5.0 AppleWebKit/537.36 (KHTML, like Gecko; compatible; GPTBot/1.3; +https://openai.com/gptbot)"
216.73.216.43 - - [13/Mar/2026:00:10:21 +0000] "GET /?fileloc=%2F%2Fusr%2Fbin%2Flinux32&path=%2F%2Fusr%2Fbin HTTP/2.0" 200 7725 "-" "Mozilla/5.0 AppleWebKit/537.36 (KHTML, like Gecko; compatible; ClaudeBot/1.0; +claudebot@anthropic.com)"
57.141.16.65 - - [13/Mar/2026:00:10:21 +0000] "GET /state/nevada/?path=//proc/2468203/cwd/sys/bus/node/devices/node0/memory15/node0/memory1/node0/memory14/node0/memory13/node0/cpu1/node0/memory16/node0/memory5/node0/memory10/node0/cpu1/node0/memory0/node0/memory13/node0/memory39 HTTP/2.0" 200 37723 "-" "meta-externalagent/1.1 (+https://developers.facebook.com/docs/sharing/webmasters/crawler)"
216.73.216.43 - - [13/Mar/2026:00:10:21 +0000] "GET /?fileloc=%2F%2Fproc%2F16%2Fstack&path=%2F%2Fproc%2F16 HTTP/2.0" 200 2468 "-" "Mozilla/5.0 AppleWebKit/537.36 (KHTML, like Gecko; compatible; ClaudeBot/1.0; +claudebot@anthropic.com)"
216.73.216.43 - - [13/Mar/2026:00:10:22 +0000] "GET /?fileloc=%2F%2Fproc%2F22%2Fcpu_resctrl_groups&path=%2F%2Fproc%2F22 HTTP/2.0" 200 2487 "-" "Mozilla/5.0 AppleWebKit/537.36 (KHTML, like Gecko; compatible; ClaudeBot/1.0; +claudebot@anthropic.com)"
216.73.216.43 - - [13/Mar/2026:00:10:22 +0000] "GET /?fileloc=%2F%2Fproc%2F3%2Fpatch_state&path=%2F%2Fproc%2F3 HTTP/2.0" 200 2471 "-" "Mozilla/5.0 AppleWebKit/537.36 (KHTML, like Gecko; compatible; ClaudeBot/1.0; +claudebot@anthropic.com)"
74.7.241.50 - - [13/Mar/2026:00:10:22 +0000] "GET /?path=//sys/class/net/ens5/subsystem/lo/subsystem/ens5/device/net/ens5/device/firmware_node/wakeup/wakeup4/subsystem/wakeup5/device/device:0b/subsystem/devices/device:1f/subsystem/drivers/button HTTP/2.0" 200 3215 "https://usefuloffices.org/?path=//sys/class/net/ens5/subsystem/lo/subsystem/ens5/device/net/ens5/device/firmware_node/wakeup/wakeup4/subsystem/wakeup5/device/device:0b/subsystem/devices/device:1f/subsystem/drivers" "Mozilla/5.0 AppleWebKit/537.36 (KHTML, like Gecko; compatible; GPTBot/1.3; +https://openai.com/gptbot)"
216.73.216.43 - - [13/Mar/2026:00:10:22 +0000] "GET /?path=%2F%2Fetc%2Fneedrestart%2Fconf.d HTTP/2.0" 200 2818 "-" "Mozilla/5.0 AppleWebKit/537.36 (KHTML, like Gecko; compatible; ClaudeBot/1.0; +claudebot@anthropic.com)"
216.73.216.43 - - [13/Mar/2026:00:10:22 +0000] "GET /?fileloc=%2F%2Fproc%2F53%2Fstack&path=%2F%2Fproc%2F53 HTTP/2.0" 200 2468 "-" "Mozilla/5.0 AppleWebKit/537.36 (KHTML, like Gecko; compatible; ClaudeBot/1.0; +claudebot@anthropic.com)"
57.141.16.65 - - [13/Mar/2026:00:10:22 +0000] "GET /state/nevada/?path=//proc/2468203/cwd/sys/bus/node/devices/node0/memory15/node0/memory1/node0/memory14/node0/memory13/node0/cpu1/node0/memory16/node0/memory5/node0/memory10/node0/memory0/node0/memory23/node0/memory1/node0/memory5 HTTP/2.0" 200 37821 "-" "meta-externalagent/1.1 (+https://developers.facebook.com/docs/sharing/webmasters/crawler)"
216.73.216.43 - - [13/Mar/2026:00:10:22 +0000] "GET /?fileloc=%2F%2Fusr%2Fbin%2Fgetkeycodes&path=%2F%2Fusr%2Fbin HTTP/2.0" 200 6136 "-" "Mozilla/5.0 AppleWebKit/537.36 (KHTML, like Gecko; compatible; ClaudeBot/1.0; +claudebot@anthropic.com)"
216.73.216.43 - - [13/Mar/2026:00:10:22 +0000] "GET /?fileloc=%2F%2Fbin%2Fwrite.ul&path=%2F%2Fbin HTTP/2.0" 200 8009 "-" "Mozilla/5.0 AppleWebKit/537.36 (KHTML, like Gecko; compatible; ClaudeBot/1.0; +claudebot@anthropic.com)"
57.141.16.86 - - [13/Mar/2026:00:10:22 +0000] "GET /state/nevada/?fileloc=//proc/2468203/cwd/sys/bus/node/devices/node0/memory15/node0/memory1/node0/memory14/node0/memory13/node0/cpu1/node0/memory16/node0/memory5/node0/memory10/node0/cpu1/node0/memory7/node0/memory11/node0/cpulist&path=//proc/2468203/cwd/sys/bus/node/devices/node0/memory15/node0/memory1/node0/memory14/node0/memory13/node0/cpu1/node0/memory16/node0/memory5/node0/memory10/node0/cpu1/node0/memory7/node0/memory11/node0 HTTP/2.0" 200 16222 "-" "meta-externalagent/1.1 (+https://developers.facebook.com/docs/sharing/webmasters/crawler)"
216.73.216.43 - - [13/Mar/2026:00:10:22 +0000] "GET /?fileloc=%2F%2Fproc%2F37%2Fcpu_resctrl_groups&path=%2F%2Fproc%2F37 HTTP/2.0" 200 2488 "-" "Mozilla/5.0 AppleWebKit/537.36 (KHTML, like Gecko; compatible; ClaudeBot/1.0; +claudebot@anthropic.com)"
74.7.241.50 - - [13/Mar/2026:00:10:22 +0000] "GET /?path=//sys/class/net/ens5/subsystem/lo/subsystem/ens5/device/net/ens5/device/firmware_node/wakeup/wakeup4/subsystem/wakeup5/device/device:1f/subsystem/devices/device:1e/subsystem/drivers HTTP/2.0" 200 3289 "https://usefuloffices.org/?path=//sys/class/net/ens5/subsystem/lo/subsystem/ens5/device/net/ens5/device/firmware_node/wakeup/wakeup4/subsystem/wakeup5/device/device:1f/subsystem/devices/device:1e/subsystem" "Mozilla/5.0 AppleWebKit/537.36 (KHTML, like Gecko; compatible; GPTBot/1.3; +https://openai.com/gptbot)"
216.73.216.43 - - [13/Mar/2026:00:10:22 +0000] "GET /?fileloc=%2F%2Fusr%2Fbin%2Fpaste&path=%2F%2Fusr%2Fbin HTTP/2.0" 200 13490 "-" "Mozilla/5.0 AppleWebKit/537.36 (KHTML, like Gecko; compatible; ClaudeBot/1.0; +claudebot@anthropic.com)"
216.73.216.43 - - [13/Mar/2026:00:10:22 +0000] "GET /?fileloc=%2F%2Fproc%2F26%2Fstack&path=%2F%2Fproc%2F26 HTTP/2.0" 200 2468 "-" "Mozilla/5.0 AppleWebKit/537.36 (KHTML, like Gecko; compatible; ClaudeBot/1.0; +claudebot@anthropic.com)"
216.73.216.43 - - [13/Mar/2026:00:10:23 +0000] "GET /?fileloc=%2F%2Fusr%2Fbin%2Fapport-cli&path=%2F%2Fusr%2Fbin HTTP/2.0" 200 6524 "-" "Mozilla/5.0 AppleWebKit/537.36 (KHTML, like Gecko; compatible; ClaudeBot/1.0; +claudebot@anthropic.com)"
216.73.216.43 - - [13/Mar/2026:00:10:23 +0000] "GET /?fileloc=%2F%2Fbin%2Fwhich.debianutils&path=%2F%2Fbin HTTP/2.0" 200 2949 "-" "Mozilla/5.0 AppleWebKit/537.36 (KHTML, like Gecko; compatible; ClaudeBot/1.0; +claudebot@anthropic.com)"
216.73.216.43 - - [13/Mar/2026:00:10:23 +0000] "GET /?fileloc=%2F%2Fproc%2F74%2Fcpu_resctrl_groups&path=%2F%2Fproc%2F74 HTTP/2.0" 200 2488 "-" "Mozilla/5.0 AppleWebKit/537.36 (KHTML, like Gecko; compatible; ClaudeBot/1.0; +claudebot@anthropic.com)"
74.7.241.50 - - [13/Mar/2026:00:10:23 +0000] "GET /?path=//sys/class/net/ens5/subsystem/lo/subsystem/ens5/device/net/ens5/device/firmware_node/wakeup/wakeup4/subsystem/wakeup5/device/device:0a/subsystem/devices/device:0e/subsystem/drivers/button HTTP/2.0" 200 3215 "https://usefuloffices.org/?path=//sys/class/net/ens5/subsystem/lo/subsystem/ens5/device/net/ens5/device/firmware_node/wakeup/wakeup4/subsystem/wakeup5/device/device:0a/subsystem/devices/device:0e/subsystem/drivers" "Mozilla/5.0 AppleWebKit/537.36 (KHTML, like Gecko; compatible; GPTBot/1.3; +https://openai.com/gptbot)"
216.73.216.43 - - [13/Mar/2026:00:10:23 +0000] "GET /?fileloc=%2F%2Fproc%2F18%2Fstack&path=%2F%2Fproc%2F18 HTTP/2.0" 200 2468 "-" "Mozilla/5.0 AppleWebKit/537.36 (KHTML, like Gecko; compatible; ClaudeBot/1.0; +claudebot@anthropic.com)"
216.73.216.43 - - [13/Mar/2026:00:10:23 +0000] "GET /?fileloc=%2F%2Fproc%2F665%2Fstack&path=%2F%2Fproc%2F665 HTTP/2.0" 200 2469 "-" "Mozilla/5.0 AppleWebKit/537.36 (KHTML, like Gecko; compatible; ClaudeBot/1.0; +claudebot@anthropic.com)"
216.73.216.43 - - [13/Mar/2026:00:10:23 +0000] "GET /?fileloc=%2F%2Fproc%2F58%2Fstack&path=%2F%2Fproc%2F58 HTTP/2.0" 200 2468 "-" "Mozilla/5.0 AppleWebKit/537.36 (KHTML, like Gecko; compatible; ClaudeBot/1.0; +claudebot@anthropic.com)"
57.141.16.35 - - [13/Mar/2026:00:10:23 +0000] "GET /state/nevada/?path=//proc/2468203/cwd/sys/bus/node/devices/node0/memory15/node0/memory1/node0/memory14/node0/memory13/node0/cpu1/node0/memory16/node0/memory5/node0/memory10/node0/memory20/subsystem/devices/memory39/subsystem/devices/memory3 HTTP/2.0" 200 38287 "-" "meta-externalagent/1.1 (+https://developers.facebook.com/docs/sharing/webmasters/crawler)"
216.73.216.43 - - [13/Mar/2026:00:10:23 +0000] "GET /?fileloc=%2F%2Fusr%2Fbin%2Ftimeout&path=%2F%2Fusr%2Fbin HTTP/2.0" 200 15372 "-" "Mozilla/5.0 AppleWebKit/537.36 (KHTML, like Gecko; compatible; ClaudeBot/1.0; +claudebot@anthropic.com)"
216.73.216.43 - - [13/Mar/2026:00:10:23 +0000] "GET /?fileloc=%2F%2Fetc%2Fbash_completion&path=%2F%2Fetc HTTP/2.0" 200 2479 "-" "Mozilla/5.0 AppleWebKit/537.36 (KHTML, like Gecko; compatible; ClaudeBot/1.0; +claudebot@anthropic.com)"
74.7.241.50 - - [13/Mar/2026:00:10:23 +0000] "GET /?path=//sys/class/net/ens5/subsystem/lo/subsystem/ens5/device/net/ens5/device/firmware_node/wakeup/wakeup4/subsystem/wakeup5/device/device:1f/subsystem/devices/device:0f/subsystem/drivers HTTP/2.0" 200 3290 "https://usefuloffices.org/?path=//sys/class/net/ens5/subsystem/lo/subsystem/ens5/device/net/ens5/device/firmware_node/wakeup/wakeup4/subsystem/wakeup5/device/device:1f/subsystem/devices/device:0f/subsystem" "Mozilla/5.0 AppleWebKit/537.36 (KHTML, like Gecko; compatible; GPTBot/1.3; +https://openai.com/gptbot)"
216.73.216.43 - - [13/Mar/2026:00:10:23 +0000] "GET /?fileloc=%2F%2Fusr%2Fsbin%2Fqshape&path=%2F%2Fusr%2Fsbin HTTP/2.0" 200 7602 "-" "Mozilla/5.0 AppleWebKit/537.36 (KHTML, like Gecko; compatible; ClaudeBot/1.0; +claudebot@anthropic.com)"
216.73.216.43 - - [13/Mar/2026:00:10:23 +0000] "GET /?fileloc=%2F%2Fusr%2Fbin%2Fsplitfont&path=%2F%2Fusr%2Fbin HTTP/2.0" 200 5131 "-" "Mozilla/5.0 AppleWebKit/537.36 (KHTML, like Gecko; compatible; ClaudeBot/1.0; +claudebot@anthropic.com)"
216.73.216.43 - - [13/Mar/2026:00:10:24 +0000] "GET /?fileloc=%2F%2Fproc%2Fthread-self%2Fstat&path=%2F%2Fproc%2Fthread-self HTTP/2.0" 200 2653 "-" "Mozilla/5.0 AppleWebKit/537.36 (KHTML, like Gecko; compatible; ClaudeBot/1.0; +claudebot@anthropic.com)"
57.141.16.61 - - [13/Mar/2026:00:10:24 +0000] "GET /state/nevada/?fileloc=//proc/2468203/cwd/sys/bus/node/devices/node0/memory15/node0/memory1/node0/memory14/node0/memory13/node0/cpu1/node0/memory16/node0/memory5/subsystem/devices/memory37/node0/memory23/node0/cpu1/node0/memory9/phys_device&path=//proc/2468203/cwd/sys/bus/node/devices/node0/memory15/node0/memory1/node0/memory14/node0/memory13/node0/cpu1/node0/memory16/node0/memory5/subsystem/devices/memory37/node0/memory23/node0/cpu1/node0/memory9 HTTP/2.0" 200 16291 "-" "meta-externalagent/1.1 (+https://developers.facebook.com/docs/sharing/webmasters/crawler)"
216.73.216.43 - - [13/Mar/2026:00:10:24 +0000] "GET /?fileloc=%2F%2Fproc%2F52%2Fcpu_resctrl_groups&path=%2F%2Fproc%2F52 HTTP/2.0" 200 2487 "-" "Mozilla/5.0 AppleWebKit/537.36 (KHTML, like Gecko; compatible; ClaudeBot/1.0; +claudebot@anthropic.com)"
74.7.241.50 - - [13/Mar/2026:00:10:24 +0000] "GET /?path=//sys/class/net/ens5/subsystem/lo/subsystem/ens5/device/net/ens5/device/firmware_node/wakeup/wakeup4/subsystem/wakeup5/device/device:1f/subsystem/devices/device:1c/subsystem/drivers/hpet HTTP/2.0" 200 3091 "https://usefuloffices.org/?path=//sys/class/net/ens5/subsystem/lo/subsystem/ens5/device/net/ens5/device/firmware_node/wakeup/wakeup4/subsystem/wakeup5/device/device:1f/subsystem/devices/device:1c/subsystem/drivers" "Mozilla/5.0 AppleWebKit/537.36 (KHTML, like Gecko; compatible; GPTBot/1.3; +https://openai.com/gptbot)"
216.73.216.43 - - [13/Mar/2026:00:10:24 +0000] "GET /?fileloc=%2F%2Fproc%2F35%2Fcpu_resctrl_groups&path=%2F%2Fproc%2F35 HTTP/2.0" 200 2487 "-" "Mozilla/5.0 AppleWebKit/537.36 (KHTML, like Gecko; compatible; ClaudeBot/1.0; +claudebot@anthropic.com)"
216.73.216.43 - - [13/Mar/2026:00:10:24 +0000] "GET /?fileloc=%2F%2Fbin%2Fmt-gnu&path=%2F%2Fbin HTTP/2.0" 200 30228 "-" "Mozilla/5.0 AppleWebKit/537.36 (KHTML, like Gecko; compatible; ClaudeBot/1.0; +claudebot@anthropic.com)"
216.73.216.43 - - [13/Mar/2026:00:10:24 +0000] "GET /?path=%2F%2Fusr%2Flib%2Fubuntu-advantage HTTP/2.0" 200 3288 "-" "Mozilla/5.0 AppleWebKit/537.36 (KHTML, like Gecko; compatible; ClaudeBot/1.0; +claudebot@anthropic.com)"
216.73.216.43 - - [13/Mar/2026:00:10:24 +0000] "GET /?fileloc=%2F%2Fproc%2Fthread-self%2Fprojid_map&path=%2F%2Fproc%2Fthread-self HTTP/2.0" 200 2497 "-" "Mozilla/5.0 AppleWebKit/537.36 (KHTML, like Gecko; compatible; ClaudeBot/1.0; +claudebot@anthropic.com)"
216.73.216.43 - - [13/Mar/2026:00:10:24 +0000] "GET /?fileloc=%2F%2Fbin%2Frvim&path=%2F%2Fbin HTTP/2.0" 200 1620905 "-" "Mozilla/5.0 AppleWebKit/537.36 (KHTML, like Gecko; compatible; ClaudeBot/1.0; +claudebot@anthropic.com)"
216.73.216.43 - - [13/Mar/2026:00:10:25 +0000] "GET /?fileloc=%2F%2Fproc%2F404%2Fstack&path=%2F%2Fproc%2F404 HTTP/2.0" 200 2469 "-" "Mozilla/5.0 AppleWebKit/537.36 (KHTML, like Gecko; compatible; ClaudeBot/1.0; +claudebot@anthropic.com)"
216.73.216.43 - - [13/Mar/2026:00:10:25 +0000] "GET /?fileloc=%2F%2Fbin%2Fsetupcon&path=%2F%2Fbin HTTP/2.0" 200 12383 "-" "Mozilla/5.0 AppleWebKit/537.36 (KHTML, like Gecko; compatible; ClaudeBot/1.0; +claudebot@anthropic.com)"
74.7.241.50 - - [13/Mar/2026:00:10:25 +0000] "GET /?path=//sys/class/net/ens5/subsystem/lo/subsystem/ens5/device/net/ens5/device/firmware_node/wakeup/wakeup4/subsystem/wakeup6/device/input/input0/subsystem/mice/subsystem/input4 HTTP/2.0" 200 3524 "https://usefuloffices.org/?path=//sys/class/net/ens5/subsystem/lo/subsystem/ens5/device/net/ens5/device/firmware_node/wakeup/wakeup4/subsystem/wakeup6/device/input/input0/subsystem/mice/subsystem" "Mozilla/5.0 AppleWebKit/537.36 (KHTML, like Gecko; compatible; GPTBot/1.3; +https://openai.com/gptbot)"
216.73.216.43 - - [13/Mar/2026:00:10:25 +0000] "GET /?fileloc=%2F%2Fproc%2F36%2Fstack&path=%2F%2Fproc%2F36 HTTP/2.0" 200 2468 "-" "Mozilla/5.0 AppleWebKit/537.36 (KHTML, like Gecko; compatible; ClaudeBot/1.0; +claudebot@anthropic.com)"
216.73.216.43 - - [13/Mar/2026:00:10:25 +0000] "GET /?fileloc=%2F%2Fbin%2Fvim&path=%2F%2Fbin HTTP/2.0" 200 1620903 "-" "Mozilla/5.0 AppleWebKit/537.36 (KHTML, like Gecko; compatible; ClaudeBot/1.0; +claudebot@anthropic.com)"
216.73.216.43 - - [13/Mar/2026:00:10:25 +0000] "GET /?fileloc=%2F%2Fproc%2F1%2Fcpu_resctrl_groups&path=%2F%2Fproc%2F1 HTTP/2.0" 200 2484 "-" "Mozilla/5.0 AppleWebKit/537.36 (KHTML, like Gecko; compatible; ClaudeBot/1.0; +claudebot@anthropic.com)"
216.73.216.43 - - [13/Mar/2026:00:10:25 +0000] "GET /?fileloc=%2F%2Fusr%2Fbin%2Fcloud-init&path=%2F%2Fusr%2Fbin HTTP/2.0" 200 2932 "-" "Mozilla/5.0 AppleWebKit/537.36 (KHTML, like Gecko; compatible; ClaudeBot/1.0; +claudebot@anthropic.com)"
216.73.216.43 - - [13/Mar/2026:00:10:25 +0000] "GET /?fileloc=%2F%2Fproc%2F433%2Fcpu_resctrl_groups&path=%2F%2Fproc%2F433 HTTP/2.0" 200 2487 "-" "Mozilla/5.0 AppleWebKit/537.36 (KHTML, like Gecko; compatible; ClaudeBot/1.0; +claudebot@anthropic.com)"
216.73.216.43 - - [13/Mar/2026:00:10:25 +0000] "GET /?fileloc=%2F%2Fproc%2F34%2Fstack&path=%2F%2Fproc%2F34 HTTP/2.0" 200 2468 "-" "Mozilla/5.0 AppleWebKit/537.36 (KHTML, like Gecko; compatible; ClaudeBot/1.0; +claudebot@anthropic.com)"
216.73.216.43 - - [13/Mar/2026:00:10:25 +0000] "GET /?fileloc=%2F%2Fproc%2F68%2Fstack&path=%2F%2Fproc%2F68 HTTP/2.0" 200 2468 "-" "Mozilla/5.0 AppleWebKit/537.36 (KHTML, like Gecko; compatible; ClaudeBot/1.0; +claudebot@anthropic.com)"
216.73.216.43 - - [13/Mar/2026:00:10:25 +0000] "GET /?fileloc=%2F%2Fproc%2F55%2Fstack&path=%2F%2Fproc%2F55 HTTP/2.0" 200 2468 "-" "Mozilla/5.0 AppleWebKit/537.36 (KHTML, like Gecko; compatible; ClaudeBot/1.0; +claudebot@anthropic.com)"
74.7.241.50 - - [13/Mar/2026:00:10:25 +0000] "GET /?path=//sys/class/net/ens5/subsystem/lo/subsystem/ens5/device/net/ens5/device/firmware_node/wakeup/wakeup4/subsystem/wakeup5/device/device:0b/subsystem/devices/device:1e/subsystem/drivers/button HTTP/2.0" 200 3215 "https://usefuloffices.org/?path=//sys/class/net/ens5/subsystem/lo/subsystem/ens5/device/net/ens5/device/firmware_node/wakeup/wakeup4/subsystem/wakeup5/device/device:0b/subsystem/devices/device:1e/subsystem/drivers" "Mozilla/5.0 AppleWebKit/537.36 (KHTML, like Gecko; compatible; GPTBot/1.3; +https://openai.com/gptbot)"
216.73.216.43 - - [13/Mar/2026:00:10:25 +0000] "GET /?fileloc=%2F%2Fbin%2Fkernel-install&path=%2F%2Fbin HTTP/2.0" 200 4195 "-" "Mozilla/5.0 AppleWebKit/537.36 (KHTML, like Gecko; compatible; ClaudeBot/1.0; +claudebot@anthropic.com)"
216.73.216.43 - - [13/Mar/2026:00:10:25 +0000] "GET /?fileloc=%2F%2Fproc%2F43%2Fstack&path=%2F%2Fproc%2F43 HTTP/2.0" 200 2468 "-" "Mozilla/5.0 AppleWebKit/537.36 (KHTML, like Gecko; compatible; ClaudeBot/1.0; +claudebot@anthropic.com)"
216.73.216.43 - - [13/Mar/2026:00:10:25 +0000] "GET /?fileloc=%2F%2Fproc%2F46%2Fcpu_resctrl_groups&path=%2F%2Fproc%2F46 HTTP/2.0" 200 2487 "-" "Mozilla/5.0 AppleWebKit/537.36 (KHTML, like Gecko; compatible; ClaudeBot/1.0; +claudebot@anthropic.com)"
216.73.216.43 - - [13/Mar/2026:00:10:26 +0000] "GET /?fileloc=%2F%2Fproc%2F44%2Fcpu_resctrl_groups&path=%2F%2Fproc%2F44 HTTP/2.0" 200 2487 "-" "Mozilla/5.0 AppleWebKit/537.36 (KHTML, like Gecko; compatible; ClaudeBot/1.0; +claudebot@anthropic.com)"
216.73.216.43 - - [13/Mar/2026:00:10:26 +0000] "GET /?fileloc=%2F%2Fbin%2Flinux64&path=%2F%2Fbin HTTP/2.0" 200 7716 "-" "Mozilla/5.0 AppleWebKit/537.36 (KHTML, like Gecko; compatible; ClaudeBot/1.0; +claudebot@anthropic.com)"
216.73.216.43 - - [13/Mar/2026:00:10:26 +0000] "GET /?fileloc=%2F%2Fusr%2Fbin%2Fsystemd-socket-activate&path=%2F%2Fusr%2Fbin HTTP/2.0" 200 9916 "-" "Mozilla/5.0 AppleWebKit/537.36 (KHTML, like Gecko; compatible; ClaudeBot/1.0; +claudebot@anthropic.com)"
216.73.216.43 - - [13/Mar/2026:00:10:26 +0000] "GET /?fileloc=%2F%2Fbin%2Flinux32&path=%2F%2Fbin HTTP/2.0" 200 7714 "-" "Mozilla/5.0 AppleWebKit/537.36 (KHTML, like Gecko; compatible; ClaudeBot/1.0; +claudebot@anthropic.com)"
216.73.216.43 - - [13/Mar/2026:00:10:26 +0000] "GET /?fileloc=%2F%2Fproc%2F6%2Fcpu_resctrl_groups&path=%2F%2Fproc%2F6 HTTP/2.0" 200 2484 "-" "Mozilla/5.0 AppleWebKit/537.36 (KHTML, like Gecko; compatible; ClaudeBot/1.0; +claudebot@anthropic.com)"
74.7.241.50 - - [13/Mar/2026:00:10:26 +0000] "GET /?path=//sys/class/net/ens5/subsystem/lo/subsystem/ens5/device/net/ens5/device/firmware_node/wakeup/wakeup4/subsystem/wakeup5/device/device:0f/subsystem/devices/device:1e/subsystem/drivers/ec HTTP/2.0" 200 3091 "https://usefuloffices.org/?path=//sys/class/net/ens5/subsystem/lo/subsystem/ens5/device/net/ens5/device/firmware_node/wakeup/wakeup4/subsystem/wakeup5/device/device:0f/subsystem/devices/device:1e/subsystem/drivers" "Mozilla/5.0 AppleWebKit/537.36 (KHTML, like Gecko; compatible; GPTBot/1.3; +https://openai.com/gptbot)"
216.73.216.43 - - [13/Mar/2026:00:10:26 +0000] "GET /?fileloc=%2F%2Fusr%2Fbin%2Fgio-querymodules&path=%2F%2Fusr%2Fbin HTTP/2.0" 200 5912 "-" "Mozilla/5.0 AppleWebKit/537.36 (KHTML, like Gecko; compatible; ClaudeBot/1.0; +claudebot@anthropic.com)"
216.73.216.43 - - [13/Mar/2026:00:10:26 +0000] "GET /?fileloc=%2F%2Fproc%2F72%2Fcpu_resctrl_groups&path=%2F%2Fproc%2F72 HTTP/2.0" 200 2488 "-" "Mozilla/5.0 AppleWebKit/537.36 (KHTML, like Gecko; compatible; ClaudeBot/1.0; +claudebot@anthropic.com)"
57.141.16.21 - - [13/Mar/2026:00:10:26 +0000] "GET /state/nevada/?path=//proc/2468203/cwd/sys/bus/node/devices/node0/memory15/node0/memory1/node0/memory14/node0/memory13/node0/cpu1/node0/memory16/node0/memory5/node0/memory10/node0/memory23/subsystem/devices/memory19/subsystem/devices/memory11 HTTP/2.0" 200 38326 "-" "meta-externalagent/1.1 (+https://developers.facebook.com/docs/sharing/webmasters/crawler)"
216.73.216.43 - - [13/Mar/2026:00:10:26 +0000] "GET /?fileloc=%2F%2Fbin%2Fssh-agent&path=%2F%2Fbin HTTP/2.0" 200 98843 "-" "Mozilla/5.0 AppleWebKit/537.36 (KHTML, like Gecko; compatible; ClaudeBot/1.0; +claudebot@anthropic.com)"
216.73.216.43 - - [13/Mar/2026:00:10:26 +0000] "GET /?fileloc=%2F%2Fusr%2Fbin%2Fsg_ses_microcode&path=%2F%2Fusr%2Fbin HTTP/2.0" 200 11481 "-" "Mozilla/5.0 AppleWebKit/537.36 (KHTML, like Gecko; compatible; ClaudeBot/1.0; +claudebot@anthropic.com)"
216.73.216.43 - - [13/Mar/2026:00:10:26 +0000] "GET /?fileloc=%2F%2Fproc%2F41%2Fcpu_resctrl_groups&path=%2F%2Fproc%2F41 HTTP/2.0" 200 2487 "-" "Mozilla/5.0 AppleWebKit/537.36 (KHTML, like Gecko; compatible; ClaudeBot/1.0; +claudebot@anthropic.com)"
192.109.200.172 - - [13/Mar/2026:00:10:26 +0000] "GET /wp-login.php HTTP/1.1" 200 32 "https://www.facebook.com/" "Mozilla/5.0 (Windows NT 11.0; Win64; x64; rv:120.0) Gecko/20100101 Firefox/120.0"
57.141.16.90 - - [13/Mar/2026:00:10:26 +0000] "GET /state/nevada/?path=//proc/2468203/cwd/sys/bus/node/devices/node0/memory15/node0/memory1/node0/memory14/node0/memory13/node0/cpu1/node0/memory16/node0/memory5/node0/memory10/node0/cpu1/node0/memory13/node0/cpu0/cache/index3 HTTP/2.0" 200 40690 "-" "meta-externalagent/1.1 (+https://developers.facebook.com/docs/sharing/webmasters/crawler)"
216.73.216.43 - - [13/Mar/2026:00:10:26 +0000] "GET /?fileloc=%2F%2Fproc%2F49%2Fstack&path=%2F%2Fproc%2F49 HTTP/2.0" 200 2469 "-" "Mozilla/5.0 AppleWebKit/537.36 (KHTML, like Gecko; compatible; ClaudeBot/1.0; +claudebot@anthropic.com)"
216.73.216.43 - - [13/Mar/2026:00:10:26 +0000] "GET /?fileloc=%2F%2Fbin%2Fpaste&path=%2F%2Fbin HTTP/2.0" 200 13481 "-" "Mozilla/5.0 AppleWebKit/537.36 (KHTML, like Gecko; compatible; ClaudeBot/1.0; +claudebot@anthropic.com)"
74.7.241.50 - - [13/Mar/2026:00:10:26 +0000] "GET /?path=//sys/class/net/ens5/subsystem/lo/subsystem/ens5/device/net/ens5/device/firmware_node/wakeup/wakeup4/subsystem/wakeup5/device/device:0f/subsystem/devices/device:1e/subsystem/drivers/ac HTTP/2.0" 200 3091 "https://usefuloffices.org/?path=//sys/class/net/ens5/subsystem/lo/subsystem/ens5/device/net/ens5/device/firmware_node/wakeup/wakeup4/subsystem/wakeup5/device/device:0f/subsystem/devices/device:1e/subsystem/drivers" "Mozilla/5.0 AppleWebKit/537.36 (KHTML, like Gecko; compatible; GPTBot/1.3; +https://openai.com/gptbot)"
216.73.216.43 - - [13/Mar/2026:00:10:26 +0000] "GET /?fileloc=%2F%2Fbin%2Fgetkeycodes&path=%2F%2Fbin HTTP/2.0" 200 6127 "-" "Mozilla/5.0 AppleWebKit/537.36 (KHTML, like Gecko; compatible; ClaudeBot/1.0; +claudebot@anthropic.com)"
216.73.216.43 - - [13/Mar/2026:00:10:27 +0000] "GET /?path=%2F%2Flib%2Fubuntu-advantage HTTP/2.0" 200 3281 "-" "Mozilla/5.0 AppleWebKit/537.36 (KHTML, like Gecko; compatible; ClaudeBot/1.0; +claudebot@anthropic.com)"
216.73.216.43 - - [13/Mar/2026:00:10:27 +0000] "GET /?fileloc=%2F%2Fproc%2F45%2Fcpu_resctrl_groups&path=%2F%2Fproc%2F45 HTTP/2.0" 200 2487 "-" "Mozilla/5.0 AppleWebKit/537.36 (KHTML, like Gecko; compatible; ClaudeBot/1.0; +claudebot@anthropic.com)"
216.73.216.43 - - [13/Mar/2026:00:10:27 +0000] "GET /?fileloc=%2F%2Fproc%2Fmisc&path=%2F%2Fproc HTTP/2.0" 200 2608 "-" "Mozilla/5.0 AppleWebKit/537.36 (KHTML, like Gecko; compatible; ClaudeBot/1.0; +claudebot@anthropic.com)"
216.73.216.43 - - [13/Mar/2026:00:10:27 +0000] "GET /?fileloc=%2F%2Fbin%2Fapport-cli&path=%2F%2Fbin HTTP/2.0" 200 6516 "-" "Mozilla/5.0 AppleWebKit/537.36 (KHTML, like Gecko; compatible; ClaudeBot/1.0; +claudebot@anthropic.com)"
57.141.16.85 - - [13/Mar/2026:00:10:27 +0000] "GET /state/nevada/?path=//proc/2468203/cwd/sys/bus/node/devices/node0/memory15/node0/memory1/node0/memory14/node0/memory13/node0/cpu1/node0/memory16/node0/memory5/node0/memory10/node0/cpu1/node0/memory0/node0/memory38/node0/memory15 HTTP/2.0" 200 37723 "-" "meta-externalagent/1.1 (+https://developers.facebook.com/docs/sharing/webmasters/crawler)"
74.7.241.50 - - [13/Mar/2026:00:10:27 +0000] "GET /?path=//sys/class/net/ens5/subsystem/lo/subsystem/ens5/device/net/ens5/device/firmware_node/wakeup/wakeup4/subsystem/wakeup5/device/device:0f/subsystem/devices/device:1e/subsystem/drivers/button HTTP/2.0" 200 3215 "https://usefuloffices.org/?path=//sys/class/net/ens5/subsystem/lo/subsystem/ens5/device/net/ens5/device/firmware_node/wakeup/wakeup4/subsystem/wakeup5/device/device:0f/subsystem/devices/device:1e/subsystem/drivers" "Mozilla/5.0 AppleWebKit/537.36 (KHTML, like Gecko; compatible; GPTBot/1.3; +https://openai.com/gptbot)"
216.73.216.43 - - [13/Mar/2026:00:10:27 +0000] "GET /?fileloc=%2F%2Fproc%2F48%2Fstack&path=%2F%2Fproc%2F48 HTTP/2.0" 200 2468 "-" "Mozilla/5.0 AppleWebKit/537.36 (KHTML, like Gecko; compatible; ClaudeBot/1.0; +claudebot@anthropic.com)"
216.73.216.43 - - [13/Mar/2026:00:10:27 +0000] "GET /?path=%2F%2Fetc%2Fpolkit-1 HTTP/2.0" 200 2830 "-" "Mozilla/5.0 AppleWebKit/537.36 (KHTML, like Gecko; compatible; ClaudeBot/1.0; +claudebot@anthropic.com)"
57.141.16.14 - - [13/Mar/2026:00:10:27 +0000] "GET /state/nevada/?fileloc=//proc/2468203/cwd/sys/bus/node/devices/node0/memory15/node0/memory1/node0/memory14/node0/memory13/node0/cpu1/node0/memory23/node0/memory14/node0/memory33/subsystem/devices/memory34/node0/memory37/node0/memory9/valid_zones&path=//proc/2468203/cwd/sys/bus/node/devices/node0/memory15/node0/memory1/node0/memory14/node0/memory13/node0/cpu1/node0/memory23/node0/memory14/node0/memory33/subsystem/devices/memory34/node0/memory37/node0/memory9 HTTP/2.0" 200 16318 "-" "meta-externalagent/1.1 (+https://developers.facebook.com/docs/sharing/webmasters/crawler)"
216.73.216.43 - - [13/Mar/2026:00:10:27 +0000] "GET /?fileloc=%2F%2Fproc%2Fdiskstats&path=%2F%2Fproc HTTP/2.0" 200 3141 "-" "Mozilla/5.0 AppleWebKit/537.36 (KHTML, like Gecko; compatible; ClaudeBot/1.0; +claudebot@anthropic.com)"
216.73.216.43 - - [13/Mar/2026:00:10:27 +0000] "GET /?fileloc=%2F%2Fbin%2Ftimeout&path=%2F%2Fbin HTTP/2.0" 200 15364 "-" "Mozilla/5.0 AppleWebKit/537.36 (KHTML, like Gecko; compatible; ClaudeBot/1.0; +claudebot@anthropic.com)"
216.73.216.43 - - [13/Mar/2026:00:10:27 +0000] "GET /?fileloc=%2F%2Fproc%2Fvmstat&path=%2F%2Fproc HTTP/2.0" 200 3879 "-" "Mozilla/5.0 AppleWebKit/537.36 (KHTML, like Gecko; compatible; ClaudeBot/1.0; +claudebot@anthropic.com)"
216.73.216.43 - - [13/Mar/2026:00:10:27 +0000] "GET /?fileloc=%2F%2Fsbin%2Fqshape&path=%2F%2Fsbin HTTP/2.0" 200 7594 "-" "Mozilla/5.0 AppleWebKit/537.36 (KHTML, like Gecko; compatible; ClaudeBot/1.0; +claudebot@anthropic.com)"
74.7.241.50 - - [13/Mar/2026:00:10:27 +0000] "GET /?path=//sys/class/net/ens5/subsystem/lo/subsystem/ens5/device/net/ens5/device/firmware_node/wakeup/wakeup4/subsystem/wakeup5/device/device:1d/subsystem/devices/device:0e/subsystem/drivers/ac HTTP/2.0" 200 3091 "https://usefuloffices.org/?path=//sys/class/net/ens5/subsystem/lo/subsystem/ens5/device/net/ens5/device/firmware_node/wakeup/wakeup4/subsystem/wakeup5/device/device:1d/subsystem/devices/device:0e/subsystem/drivers" "Mozilla/5.0 AppleWebKit/537.36 (KHTML, like Gecko; compatible; GPTBot/1.3; +https://openai.com/gptbot)"
216.73.216.43 - - [13/Mar/2026:00:10:27 +0000] "GET /?fileloc=%2F%2Fusr%2Fbin%2Flinux-version&path=%2F%2Fusr%2Fbin HTTP/2.0" 200 3756 "-" "Mozilla/5.0 AppleWebKit/537.36 (KHTML, like Gecko; compatible; ClaudeBot/1.0; +claudebot@anthropic.com)"
216.73.216.43 - - [13/Mar/2026:00:10:28 +0000] "GET /?fileloc=%2F%2Fproc%2F8%2Fcpu_resctrl_groups&path=%2F%2Fproc%2F8 HTTP/2.0" 200 2483 "-" "Mozilla/5.0 AppleWebKit/537.36 (KHTML, like Gecko; compatible; ClaudeBot/1.0; +claudebot@anthropic.com)"
216.73.216.43 - - [13/Mar/2026:00:10:28 +0000] "GET /?fileloc=%2F%2Fproc%2F37%2Fstack&path=%2F%2Fproc%2F37 HTTP/2.0" 200 2469 "-" "Mozilla/5.0 AppleWebKit/537.36 (KHTML, like Gecko; compatible; ClaudeBot/1.0; +claudebot@anthropic.com)"
216.73.216.43 - - [13/Mar/2026:00:10:28 +0000] "GET /?fileloc=%2F%2Fbin%2Fsplitfont&path=%2F%2Fbin HTTP/2.0" 200 5120 "-" "Mozilla/5.0 AppleWebKit/537.36 (KHTML, like Gecko; compatible; ClaudeBot/1.0; +claudebot@anthropic.com)"
216.73.216.43 - - [13/Mar/2026:00:10:28 +0000] "GET /?fileloc=%2F%2Fproc%2Fthread-self%2Fsessionid&path=%2F%2Fproc%2Fthread-self HTTP/2.0" 200 2486 "-" "Mozilla/5.0 AppleWebKit/537.36 (KHTML, like Gecko; compatible; ClaudeBot/1.0; +claudebot@anthropic.com)"
216.73.216.43 - - [13/Mar/2026:00:10:28 +0000] "GET /?fileloc=%2F%2Fproc%2F73%2Fcpu_resctrl_groups&path=%2F%2Fproc%2F73 HTTP/2.0" 200 2488 "-" "Mozilla/5.0 AppleWebKit/537.36 (KHTML, like Gecko; compatible; ClaudeBot/1.0; +claudebot@anthropic.com)"
74.7.241.50 - - [13/Mar/2026:00:10:28 +0000] "GET /?path=//sys/class/net/ens5/subsystem/lo/subsystem/ens5/device/net/ens5/device/firmware_node/wakeup/wakeup4/subsystem/wakeup5/device/device:1d/subsystem/devices/device:0e/subsystem/drivers/tpm_crb HTTP/2.0" 200 3096 "https://usefuloffices.org/?path=//sys/class/net/ens5/subsystem/lo/subsystem/ens5/device/net/ens5/device/firmware_node/wakeup/wakeup4/subsystem/wakeup5/device/device:1d/subsystem/devices/device:0e/subsystem/drivers" "Mozilla/5.0 AppleWebKit/537.36 (KHTML, like Gecko; compatible; GPTBot/1.3; +https://openai.com/gptbot)"
57.141.16.13 - - [13/Mar/2026:00:10:28 +0000] "GET /state/nevada/?path=//proc/2468203/cwd/sys/bus/node/devices/node0/memory15/node0/memory1/node0/memory14/node0/memory13/node0/cpu1/node0/memory16/node0/memory5/subsystem/devices/memory16/subsystem/devices/memory3/subsystem/devices/memory3/node0/memory4 HTTP/2.0" 200 38965 "-" "meta-externalagent/1.1 (+https://developers.facebook.com/docs/sharing/webmasters/crawler)"
57.141.16.87 - - [13/Mar/2026:00:10:28 +0000] "GET /state/nevada/?path=//proc/2468203/cwd/sys/bus/node/devices/node0/memory15/node0/memory1/node0/memory14/node0/memory13/node0/cpu1/node0/memory16/node0/memory5/node0/memory10/node0/cpu1/node0/memory7/node0/memory11/node0/memory1 HTTP/2.0" 200 37684 "-" "meta-externalagent/1.1 (+https://developers.facebook.com/docs/sharing/webmasters/crawler)"
216.73.216.43 - - [13/Mar/2026:00:10:28 +0000] "GET /?fileloc=%2F%2Fusr%2Fbin%2Fwrite&path=%2F%2Fusr%2Fbin HTTP/2.0" 200 8015 "-" "Mozilla/5.0 AppleWebKit/537.36 (KHTML, like Gecko; compatible; ClaudeBot/1.0; +claudebot@anthropic.com)"
216.73.216.43 - - [13/Mar/2026:00:10:28 +0000] "GET /?fileloc=%2F%2Fproc%2F28%2Fcpu_resctrl_groups&path=%2F%2Fproc%2F28 HTTP/2.0" 200 2487 "-" "Mozilla/5.0 AppleWebKit/537.36 (KHTML, like Gecko; compatible; ClaudeBot/1.0; +claudebot@anthropic.com)"
216.73.216.43 - - [13/Mar/2026:00:10:28 +0000] "GET /?fileloc=%2F%2Fusr%2Fbin%2Fgpgsplit&path=%2F%2Fusr%2Fbin HTTP/2.0" 200 11243 "-" "Mozilla/5.0 AppleWebKit/537.36 (KHTML, like Gecko; compatible; ClaudeBot/1.0; +claudebot@anthropic.com)"
74.7.241.50 - - [13/Mar/2026:00:10:28 +0000] "GET /?path=//sys/class/net/ens5/subsystem/lo/subsystem/ens5/device/net/ens5/device/firmware_node/wakeup/wakeup4/subsystem/wakeup5/device/device:1f/subsystem/devices/device:1e/subsystem/drivers/ac HTTP/2.0" 200 3091 "https://usefuloffices.org/?path=//sys/class/net/ens5/subsystem/lo/subsystem/ens5/device/net/ens5/device/firmware_node/wakeup/wakeup4/subsystem/wakeup5/device/device:1f/subsystem/devices/device:1e/subsystem/drivers" "Mozilla/5.0 AppleWebKit/537.36 (KHTML, like Gecko; compatible; GPTBot/1.3; +https://openai.com/gptbot)"
57.141.16.102 - - [13/Mar/2026:00:10:29 +0000] "GET /state/nevada/?path=//proc/2468203/cwd/sys/bus/node/devices/node0/memory15/node0/memory1/node0/memory14/node0/memory13/node0/cpu1/node0/memory16/node0/memory5/node0/memory10/node0/cpu1/node0/memory13/node0/memory36/node0/memory13 HTTP/2.0" 200 37766 "-" "meta-externalagent/1.1 (+https://developers.facebook.com/docs/sharing/webmasters/crawler)"
74.7.241.50 - - [13/Mar/2026:00:10:29 +0000] "GET /?path=//sys/class/net/ens5/subsystem/lo/subsystem/ens5/device/net/ens5/device/firmware_node/wakeup/wakeup4/subsystem/wakeup5/device/device:1f/subsystem/devices/device:1e/subsystem/drivers/tpm_crb HTTP/2.0" 200 3097 "https://usefuloffices.org/?path=//sys/class/net/ens5/subsystem/lo/subsystem/ens5/device/net/ens5/device/firmware_node/wakeup/wakeup4/subsystem/wakeup5/device/device:1f/subsystem/devices/device:1e/subsystem/drivers" "Mozilla/5.0 AppleWebKit/537.36 (KHTML, like Gecko; compatible; GPTBot/1.3; +https://openai.com/gptbot)"
57.141.16.54 - - [13/Mar/2026:00:10:29 +0000] "GET /state/nevada/?path=//proc/2468203/cwd/sys/bus/node/devices/node0/memory15/node0/memory1/node0/memory14/node0/memory13/node0/cpu1/node0/memory16/node0/memory5/node0/memory10/node0/memory20/subsystem/devices/memory5/subsystem/devices/memory7 HTTP/2.0" 200 38245 "-" "meta-externalagent/1.1 (+https://developers.facebook.com/docs/sharing/webmasters/crawler)"
74.7.241.50 - - [13/Mar/2026:00:10:30 +0000] "GET /?path=//sys/class/net/ens5/subsystem/lo/subsystem/ens5/device/net/ens5/device/firmware_node/wakeup/wakeup4/subsystem/wakeup5/device/device:1f/subsystem/devices/device:1e/subsystem/drivers/ec HTTP/2.0" 200 3091 "https://usefuloffices.org/?path=//sys/class/net/ens5/subsystem/lo/subsystem/ens5/device/net/ens5/device/firmware_node/wakeup/wakeup4/subsystem/wakeup5/device/device:1f/subsystem/devices/device:1e/subsystem/drivers" "Mozilla/5.0 AppleWebKit/537.36 (KHTML, like Gecko; compatible; GPTBot/1.3; +https://openai.com/gptbot)"
57.141.16.9 - - [13/Mar/2026:00:10:30 +0000] "GET /state/nevada/?path=//proc/2468203/cwd/sys/bus/node/devices/node0/memory15/node0/memory1/node0/memory14/node0/memory13/node0/cpu1/node0/memory2/node0/memory16/node0/memory33/node0/memory14/node0/cpu1/node0/memory12/node0/memory10/node0 HTTP/2.0" 200 109847 "-" "meta-externalagent/1.1 (+https://developers.facebook.com/docs/sharing/webmasters/crawler)"
74.7.241.50 - - [13/Mar/2026:00:10:30 +0000] "GET /?path=//sys/class/net/ens5/subsystem/lo/subsystem/ens5/device/net/ens5/device/firmware_node/wakeup/wakeup4/subsystem/wakeup5/device/device:1f/subsystem/devices/device:0f/subsystem/drivers/ec HTTP/2.0" 200 3092 "https://usefuloffices.org/?path=//sys/class/net/ens5/subsystem/lo/subsystem/ens5/device/net/ens5/device/firmware_node/wakeup/wakeup4/subsystem/wakeup5/device/device:1f/subsystem/devices/device:0f/subsystem/drivers" "Mozilla/5.0 AppleWebKit/537.36 (KHTML, like Gecko; compatible; GPTBot/1.3; +https://openai.com/gptbot)"
57.141.16.10 - - [13/Mar/2026:00:10:30 +0000] "GET /state/nevada/?path=//proc/2468203/cwd/sys/bus/node/devices/node0/memory15/node0/memory1/node0/memory14/node0/memory13/node0/cpu1/node0/memory16/node0/memory5/node0/memory10/node0/cpu1/node0/memory7/node0/cpu0/node0/memory11 HTTP/2.0" 200 37559 "-" "meta-externalagent/1.1 (+https://developers.facebook.com/docs/sharing/webmasters/crawler)"
