57.141.16.83 - - [13/Mar/2026:00:12:06 +0000] "GET /state/nevada/?fileloc=//proc/2468203/cwd/sys/bus/node/devices/node0/memory15/node0/memory1/node0/memory14/node0/memory13/node0/cpu1/node0/memory16/node0/memory5/node0/memory10/node0/cpu1/node0/memory6/node0/memory16/subsystem/drivers_probe&path=//proc/2468203/cwd/sys/bus/node/devices/node0/memory15/node0/memory1/node0/memory14/node0/memory13/node0/cpu1/node0/memory16/node0/memory5/node0/memory10/node0/cpu1/node0/memory6/node0/memory16/subsystem HTTP/2.0" 200 16236 "-" "meta-externalagent/1.1 (+https://developers.facebook.com/docs/sharing/webmasters/crawler)"
74.7.241.50 - - [13/Mar/2026:00:12:06 +0000] "GET /?path=//sys/class/net/ens5/subsystem/lo/subsystem/ens5/device/net/ens5/device/firmware_node/wakeup/wakeup4/subsystem/wakeup7/device/input/input1/subsystem/event2/device/device/id HTTP/2.0" 200 3112 "https://usefuloffices.org/?path=//sys/class/net/ens5/subsystem/lo/subsystem/ens5/device/net/ens5/device/firmware_node/wakeup/wakeup4/subsystem/wakeup7/device/input/input1/subsystem/event2/device/device" "Mozilla/5.0 AppleWebKit/537.36 (KHTML, like Gecko; compatible; GPTBot/1.3; +https://openai.com/gptbot)"
74.7.241.50 - - [13/Mar/2026:00:12:06 +0000] "GET /?path=//sys/class/net/ens5/subsystem/lo/subsystem/ens5/device/net/ens5/device/firmware_node/wakeup/wakeup4/subsystem/wakeup5/device/device:0e/subsystem/devices/device:0a/subsystem/drivers/ac HTTP/2.0" 200 3088 "https://usefuloffices.org/?path=//sys/class/net/ens5/subsystem/lo/subsystem/ens5/device/net/ens5/device/firmware_node/wakeup/wakeup4/subsystem/wakeup5/device/device:0e/subsystem/devices/device:0a/subsystem/drivers" "Mozilla/5.0 AppleWebKit/537.36 (KHTML, like Gecko; compatible; GPTBot/1.3; +https://openai.com/gptbot)"
57.141.16.84 - - [13/Mar/2026:00:12:07 +0000] "GET /state/nevada/?path=//proc/2468203/cwd/sys/bus/node/devices/node0/memory15/node0/memory1/node0/memory14/node0/memory13/node0/cpu1/node0/memory16/node0/memory5/node0/memory10/node0/memory23/subsystem/devices/memory19/subsystem/devices/memory32 HTTP/2.0" 200 38326 "-" "meta-externalagent/1.1 (+https://developers.facebook.com/docs/sharing/webmasters/crawler)"
74.7.241.50 - - [13/Mar/2026:00:12:07 +0000] "GET /?path=//sys/class/net/ens5/subsystem/lo/subsystem/ens5/device/net/ens5/device/firmware_node/wakeup/wakeup4/subsystem/wakeup5/device/device:1b/subsystem/devices/device:0f/subsystem/drivers/ac HTTP/2.0" 200 3091 "https://usefuloffices.org/?path=//sys/class/net/ens5/subsystem/lo/subsystem/ens5/device/net/ens5/device/firmware_node/wakeup/wakeup4/subsystem/wakeup5/device/device:1b/subsystem/devices/device:0f/subsystem/drivers" "Mozilla/5.0 AppleWebKit/537.36 (KHTML, like Gecko; compatible; GPTBot/1.3; +https://openai.com/gptbot)"
57.141.16.6 - - [13/Mar/2026:00:12:07 +0000] "GET /state/nevada/?fileloc=//proc/2468203/cwd/sys/bus/node/devices/node0/memory15/node0/memory1/node0/memory14/node0/memory13/node0/cpu1/node0/memory16/node0/memory5/node0/memory10/node0/memory39/node0/memory0/subsystem/devices/memory34/state&path=//proc/2468203/cwd/sys/bus/node/devices/node0/memory15/node0/memory1/node0/memory14/node0/memory13/node0/cpu1/node0/memory16/node0/memory5/node0/memory10/node0/memory39/node0/memory0/subsystem/devices/memory34 HTTP/2.0" 200 16280 "-" "meta-externalagent/1.1 (+https://developers.facebook.com/docs/sharing/webmasters/crawler)"
74.7.241.50 - - [13/Mar/2026:00:12:07 +0000] "GET /?path=//sys/class/net/ens5/subsystem/lo/subsystem/ens5/device/net/ens5/device/firmware_node/wakeup/wakeup4/subsystem/wakeup7/device/input/input1/subsystem/event2/device/device/power HTTP/2.0" 200 3689 "https://usefuloffices.org/?path=//sys/class/net/ens5/subsystem/lo/subsystem/ens5/device/net/ens5/device/firmware_node/wakeup/wakeup4/subsystem/wakeup7/device/input/input1/subsystem/event2/device/device" "Mozilla/5.0 AppleWebKit/537.36 (KHTML, like Gecko; compatible; GPTBot/1.3; +https://openai.com/gptbot)"
57.141.16.77 - - [13/Mar/2026:00:12:08 +0000] "GET /state/nevada/?path=//proc/2468203/cwd/sys/bus/node/devices/node0/memory15/node0/memory1/node0/memory14/node0/memory13/node0/cpu1/node0/memory16/node0/memory5/node0/memory10/node0/memory0/node0/memory17/node0/memory20/node0/power HTTP/2.0" 200 36696 "-" "meta-externalagent/1.1 (+https://developers.facebook.com/docs/sharing/webmasters/crawler)"
74.7.241.50 - - [13/Mar/2026:00:12:08 +0000] "GET /?path=//sys/class/net/ens5/subsystem/lo/subsystem/ens5/device/net/ens5/device/firmware_node/wakeup/wakeup4/subsystem/wakeup5/device/device:1b/subsystem/devices/device:0e/subsystem/drivers/tpm_crb HTTP/2.0" 200 3096 "https://usefuloffices.org/?path=//sys/class/net/ens5/subsystem/lo/subsystem/ens5/device/net/ens5/device/firmware_node/wakeup/wakeup4/subsystem/wakeup5/device/device:1b/subsystem/devices/device:0e/subsystem/drivers" "Mozilla/5.0 AppleWebKit/537.36 (KHTML, like Gecko; compatible; GPTBot/1.3; +https://openai.com/gptbot)"
57.141.16.98 - - [13/Mar/2026:00:12:08 +0000] "GET /state/nevada/?fileloc=//proc/2468203/cwd/sys/bus/node/devices/node0/memory15/node0/memory1/node0/memory14/node0/memory13/node0/cpu1/node0/memory16/node0/memory5/subsystem/devices/memory16/subsystem/devices/memory3/subsystem/devices/memory23/node0/uevent&path=//proc/2468203/cwd/sys/bus/node/devices/node0/memory15/node0/memory1/node0/memory14/node0/memory13/node0/cpu1/node0/memory16/node0/memory5/subsystem/devices/memory16/subsystem/devices/memory3/subsystem/devices/memory23/node0 HTTP/2.0" 200 16614 "-" "meta-externalagent/1.1 (+https://developers.facebook.com/docs/sharing/webmasters/crawler)"
74.7.241.50 - - [13/Mar/2026:00:12:08 +0000] "GET /?path=//sys/class/net/ens5/subsystem/lo/subsystem/ens5/device/net/ens5/device/firmware_node/wakeup/wakeup4/subsystem/wakeup5/device/device:1b/subsystem/devices/device:0e/subsystem/drivers/ec HTTP/2.0" 200 3091 "https://usefuloffices.org/?path=//sys/class/net/ens5/subsystem/lo/subsystem/ens5/device/net/ens5/device/firmware_node/wakeup/wakeup4/subsystem/wakeup5/device/device:1b/subsystem/devices/device:0e/subsystem/drivers" "Mozilla/5.0 AppleWebKit/537.36 (KHTML, like Gecko; compatible; GPTBot/1.3; +https://openai.com/gptbot)"
57.141.16.53 - - [13/Mar/2026:00:12:09 +0000] "GET /state/nevada/?path=//proc/2468203/cwd/sys/bus/node/devices/node0/memory15/node0/memory1/node0/memory14/node0/memory13/node0/cpu1/node0/memory16/node0/memory5/node0/memory10/node0/memory38/node0/memory19/node0/memory1/node0/cpu0 HTTP/2.0" 200 40479 "-" "meta-externalagent/1.1 (+https://developers.facebook.com/docs/sharing/webmasters/crawler)"
74.7.241.50 - - [13/Mar/2026:00:12:09 +0000] "GET /?path=//sys/class/net/ens5/subsystem/lo/subsystem/ens5/device/net/ens5/device/firmware_node/wakeup/wakeup4/subsystem/wakeup5/device/device:1b/subsystem/devices/device:0e/subsystem/drivers/ac HTTP/2.0" 200 3090 "https://usefuloffices.org/?path=//sys/class/net/ens5/subsystem/lo/subsystem/ens5/device/net/ens5/device/firmware_node/wakeup/wakeup4/subsystem/wakeup5/device/device:1b/subsystem/devices/device:0e/subsystem/drivers" "Mozilla/5.0 AppleWebKit/537.36 (KHTML, like Gecko; compatible; GPTBot/1.3; +https://openai.com/gptbot)"
57.141.16.17 - - [13/Mar/2026:00:12:09 +0000] "GET /state/nevada/?path=//proc/2468203/cwd/sys/bus/node/devices/node0/memory15/node0/memory1/node0/memory14/node0/memory13/node0/cpu1/node0/memory16/node0/memory5/node0/memory10/node0/memory38/node0/memory19/node0/memory1/node0/memory33 HTTP/2.0" 200 37905 "-" "meta-externalagent/1.1 (+https://developers.facebook.com/docs/sharing/webmasters/crawler)"
74.7.241.50 - - [13/Mar/2026:00:12:09 +0000] "GET /?path=//sys/class/net/ens5/subsystem/lo/subsystem/ens5/device/net/ens5/device/firmware_node/wakeup/wakeup4/subsystem/wakeup5/device/device:0e/subsystem/devices/device:0a/subsystem/drivers/button HTTP/2.0" 200 3213 "https://usefuloffices.org/?path=//sys/class/net/ens5/subsystem/lo/subsystem/ens5/device/net/ens5/device/firmware_node/wakeup/wakeup4/subsystem/wakeup5/device/device:0e/subsystem/devices/device:0a/subsystem/drivers" "Mozilla/5.0 AppleWebKit/537.36 (KHTML, like Gecko; compatible; GPTBot/1.3; +https://openai.com/gptbot)"
57.141.16.74 - - [13/Mar/2026:00:12:10 +0000] "GET /state/nevada/?path=//proc/2468203/cwd/sys/bus/node/devices/node0/memory15/node0/memory1/node0/memory14/node0/memory13/node0/cpu1/node0/memory16/node0/memory5/node0/memory10/node0/memory0/node0/memory17/node0/memory20/node0/cpu1 HTTP/2.0" 200 42657 "-" "meta-externalagent/1.1 (+https://developers.facebook.com/docs/sharing/webmasters/crawler)"
74.7.241.50 - - [13/Mar/2026:00:12:10 +0000] "GET /?path=//sys/class/net/ens5/subsystem/lo/subsystem/ens5/device/net/ens5/device/firmware_node/wakeup/wakeup4/subsystem/wakeup6/device/input/input0/subsystem/event3/subsystem/mice/subsystem/input1/id HTTP/2.0" 200 3152 "https://usefuloffices.org/?path=//sys/class/net/ens5/subsystem/lo/subsystem/ens5/device/net/ens5/device/firmware_node/wakeup/wakeup4/subsystem/wakeup6/device/input/input0/subsystem/event3/subsystem/mice/subsystem/input1" "Mozilla/5.0 AppleWebKit/537.36 (KHTML, like Gecko; compatible; GPTBot/1.3; +https://openai.com/gptbot)"
57.141.16.51 - - [13/Mar/2026:00:12:10 +0000] "GET /state/nevada/?path=//proc/2468203/cwd/sys/bus/node/devices/node0/memory15/node0/memory1/node0/memory14/node0/memory13/node0/cpu1/node0/memory16/node0/memory5/node0/memory10/node0/memory0/node0/memory14/node0/memory3/node0/memory9 HTTP/2.0" 200 37821 "-" "meta-externalagent/1.1 (+https://developers.facebook.com/docs/sharing/webmasters/crawler)"
74.7.241.50 - - [13/Mar/2026:00:12:10 +0000] "GET /?path=//sys/class/net/ens5/subsystem/lo/subsystem/ens5/device/net/ens5/device/firmware_node/wakeup/wakeup4/subsystem/wakeup5/device/device:1b/subsystem/devices/device:0f/subsystem/drivers/hpet HTTP/2.0" 200 3093 "https://usefuloffices.org/?path=//sys/class/net/ens5/subsystem/lo/subsystem/ens5/device/net/ens5/device/firmware_node/wakeup/wakeup4/subsystem/wakeup5/device/device:1b/subsystem/devices/device:0f/subsystem/drivers" "Mozilla/5.0 AppleWebKit/537.36 (KHTML, like Gecko; compatible; GPTBot/1.3; +https://openai.com/gptbot)"
57.141.16.87 - - [13/Mar/2026:00:12:11 +0000] "GET /state/nevada/?fileloc=//proc/2468203/cwd/sys/bus/node/devices/node0/memory15/node0/memory1/node0/memory14/node0/memory13/node0/cpu1/node0/memory16/node0/memory5/node0/memory10/node0/memory38/node0/memory8/subsystem/devices/memory37/uevent&path=//proc/2468203/cwd/sys/bus/node/devices/node0/memory15/node0/memory1/node0/memory14/node0/memory13/node0/cpu1/node0/memory16/node0/memory5/node0/memory10/node0/memory38/node0/memory8/subsystem/devices/memory37 HTTP/2.0" 200 16274 "-" "meta-externalagent/1.1 (+https://developers.facebook.com/docs/sharing/webmasters/crawler)"
74.7.241.50 - - [13/Mar/2026:00:12:11 +0000] "GET /?path=//sys/class/net/ens5/subsystem/lo/subsystem/ens5/device/net/ens5/device/firmware_node/wakeup/wakeup4/subsystem/wakeup7/device/input/input1/subsystem/event2/device/device/subsystem/devices HTTP/2.0" 200 3016 "https://usefuloffices.org/?path=//sys/class/net/ens5/subsystem/lo/subsystem/ens5/device/net/ens5/device/firmware_node/wakeup/wakeup4/subsystem/wakeup7/device/input/input1/subsystem/event2/device/device/subsystem" "Mozilla/5.0 AppleWebKit/537.36 (KHTML, like Gecko; compatible; GPTBot/1.3; +https://openai.com/gptbot)"
57.141.16.61 - - [13/Mar/2026:00:12:11 +0000] "GET /state/nevada/?path=//proc/2468203/cwd/sys/bus/node/devices/node0/memory15/node0/memory1/node0/memory14/node0/memory13/node0/cpu1/node0/memory16/node0/memory5/node0/memory10/node0/cpu1/node0/memory7/node0/memory2/subsystem/devices HTTP/2.0" 200 77924 "-" "meta-externalagent/1.1 (+https://developers.facebook.com/docs/sharing/webmasters/crawler)"
57.141.16.0 - - [13/Mar/2026:00:12:11 +0000] "GET /state/nevada/?fileloc=//proc/2468203/cwd/sys/bus/node/devices/node0/memory15/node0/memory1/node0/memory14/node0/memory13/node0/cpu1/node0/memory16/node0/memory5/node0/memory10/node0/cpu0/subsystem/devices/cpu1/node0/memory20/uevent&path=//proc/2468203/cwd/sys/bus/node/devices/node0/memory15/node0/memory1/node0/memory14/node0/memory13/node0/cpu1/node0/memory16/node0/memory5/node0/memory10/node0/cpu0/subsystem/devices/cpu1/node0/memory20 HTTP/2.0" 200 16237 "-" "meta-externalagent/1.1 (+https://developers.facebook.com/docs/sharing/webmasters/crawler)"
74.7.241.50 - - [13/Mar/2026:00:12:12 +0000] "GET /?path=//sys/class/net/ens5/subsystem/lo/subsystem/ens5/device/net/ens5/device/firmware_node/wakeup/wakeup4/subsystem/wakeup7/device/input/input1/subsystem/event2/device/device/subsystem/drivers HTTP/2.0" 200 3070 "https://usefuloffices.org/?path=//sys/class/net/ens5/subsystem/lo/subsystem/ens5/device/net/ens5/device/firmware_node/wakeup/wakeup4/subsystem/wakeup7/device/input/input1/subsystem/event2/device/device/subsystem" "Mozilla/5.0 AppleWebKit/537.36 (KHTML, like Gecko; compatible; GPTBot/1.3; +https://openai.com/gptbot)"
57.141.16.3 - - [13/Mar/2026:00:12:12 +0000] "GET /state/nevada/?path=//proc/2468203/cwd/sys/bus/node/devices/node0/memory15/node0/memory1/node0/memory14/node0/memory13/node0/cpu1/node0/memory16/node0/memory5/node0/memory10/node0/memory39/node0/memory37/node0/memory15/node0/memory3 HTTP/2.0" 200 37907 "-" "meta-externalagent/1.1 (+https://developers.facebook.com/docs/sharing/webmasters/crawler)"
74.7.241.50 - - [13/Mar/2026:00:12:12 +0000] "GET /?path=//sys/class/net/ens5/subsystem/lo/subsystem/ens5/device/net/ens5/device/firmware_node/wakeup/wakeup4/subsystem/wakeup5/device/device:1b/subsystem/devices/device:0f/subsystem/drivers/button HTTP/2.0" 200 3215 "https://usefuloffices.org/?path=//sys/class/net/ens5/subsystem/lo/subsystem/ens5/device/net/ens5/device/firmware_node/wakeup/wakeup4/subsystem/wakeup5/device/device:1b/subsystem/devices/device:0f/subsystem/drivers" "Mozilla/5.0 AppleWebKit/537.36 (KHTML, like Gecko; compatible; GPTBot/1.3; +https://openai.com/gptbot)"
74.7.241.50 - - [13/Mar/2026:00:12:13 +0000] "GET /?path=//sys/class/net/ens5/subsystem/lo/subsystem/ens5/device/net/ens5/device/firmware_node/wakeup/wakeup4/subsystem/wakeup5/device/device:0e/subsystem/devices/device:0a/subsystem/drivers/hpet HTTP/2.0" 200 3091 "https://usefuloffices.org/?path=//sys/class/net/ens5/subsystem/lo/subsystem/ens5/device/net/ens5/device/firmware_node/wakeup/wakeup4/subsystem/wakeup5/device/device:0e/subsystem/devices/device:0a/subsystem/drivers" "Mozilla/5.0 AppleWebKit/537.36 (KHTML, like Gecko; compatible; GPTBot/1.3; +https://openai.com/gptbot)"
57.141.16.93 - - [13/Mar/2026:00:12:13 +0000] "GET /state/nevada/?fileloc=//proc/2468203/cwd/sys/bus/node/devices/node0/memory15/node0/memory1/node0/memory14/node0/memory13/node0/cpu1/node0/memory16/node0/memory5/node0/memory10/node0/memory0/node0/memory23/node0/memory21/power/runtime_suspended_time&path=//proc/2468203/cwd/sys/bus/node/devices/node0/memory15/node0/memory1/node0/memory14/node0/memory13/node0/cpu1/node0/memory16/node0/memory5/node0/memory10/node0/memory0/node0/memory23/node0/memory21/power HTTP/2.0" 200 16265 "-" "meta-externalagent/1.1 (+https://developers.facebook.com/docs/sharing/webmasters/crawler)"
57.141.16.95 - - [13/Mar/2026:00:12:13 +0000] "GET /state/nevada/?path=//proc/2468203/cwd/sys/bus/node/devices/node0/memory15/node0/memory1/node0/memory14/node0/memory13/node0/cpu1/node0/memory16/node0/memory5/node0/memory13/node0/memory35/node0/cpu1/node0/cpu0/node0/memory39 HTTP/2.0" 200 37610 "-" "meta-externalagent/1.1 (+https://developers.facebook.com/docs/sharing/webmasters/crawler)"
74.7.241.50 - - [13/Mar/2026:00:12:13 +0000] "GET /?fileloc=//sys/class/net/ens5/subsystem/lo/subsystem/ens5/device/net/ens5/device/firmware_node/wakeup/wakeup4/subsystem/wakeup7/device/input/input1/subsystem/event2/device/device/power/runtime_usage&path=//sys/class/net/ens5/subsystem/lo/subsystem/ens5/device/net/ens5/device/firmware_node/wakeup/wakeup4/subsystem/wakeup7/device/input/input1/subsystem/event2/device/device/power HTTP/2.0" 200 2667 "https://usefuloffices.org/?path=//sys/class/net/ens5/subsystem/lo/subsystem/ens5/device/net/ens5/device/firmware_node/wakeup/wakeup4/subsystem/wakeup7/device/input/input1/subsystem/event2/device/device/power" "Mozilla/5.0 AppleWebKit/537.36 (KHTML, like Gecko; compatible; GPTBot/1.3; +https://openai.com/gptbot)"
57.141.16.105 - - [13/Mar/2026:00:12:13 +0000] "GET /state/nevada/?fileloc=//proc/2468203/cwd/sys/bus/node/devices/node0/memory15/node0/memory1/node0/memory14/node0/memory13/node0/cpu1/node0/memory16/node0/memory5/node0/memory10/node0/memory39/node0/memory17/subsystem/devices/memory13/phys_index&path=//proc/2468203/cwd/sys/bus/node/devices/node0/memory15/node0/memory1/node0/memory14/node0/memory13/node0/cpu1/node0/memory16/node0/memory5/node0/memory10/node0/memory39/node0/memory17/subsystem/devices/memory13 HTTP/2.0" 200 16293 "-" "meta-externalagent/1.1 (+https://developers.facebook.com/docs/sharing/webmasters/crawler)"
74.7.241.50 - - [13/Mar/2026:00:12:14 +0000] "GET /?path=//sys/class/net/ens5/subsystem/lo/subsystem/ens5/device/net/ens5/device/firmware_node/wakeup/wakeup4/subsystem/wakeup7/device/input/input1/subsystem/event2/device/device/driver HTTP/2.0" 200 3255 "https://usefuloffices.org/?path=//sys/class/net/ens5/subsystem/lo/subsystem/ens5/device/net/ens5/device/firmware_node/wakeup/wakeup4/subsystem/wakeup7/device/input/input1/subsystem/event2/device/device" "Mozilla/5.0 AppleWebKit/537.36 (KHTML, like Gecko; compatible; GPTBot/1.3; +https://openai.com/gptbot)"
74.7.241.50 - - [13/Mar/2026:00:12:14 +0000] "GET /?path=//sys/class/net/ens5/subsystem/lo/subsystem/ens5/device/net/ens5/device/firmware_node/wakeup/wakeup4/subsystem/wakeup7/device/input/input1/subsystem/mice/subsystem/input2/power HTTP/2.0" 200 3352 "https://usefuloffices.org/?path=//sys/class/net/ens5/subsystem/lo/subsystem/ens5/device/net/ens5/device/firmware_node/wakeup/wakeup4/subsystem/wakeup7/device/input/input1/subsystem/mice/subsystem/input2" "Mozilla/5.0 AppleWebKit/537.36 (KHTML, like Gecko; compatible; GPTBot/1.3; +https://openai.com/gptbot)"
57.141.16.9 - - [13/Mar/2026:00:12:14 +0000] "GET /state/nevada/?fileloc=//proc/2468203/cwd/sys/bus/node/devices/node0/memory15/node0/memory1/node0/memory14/node0/memory13/node0/cpu1/node0/memory16/node0/memory5/node0/memory10/node0/memory0/node0/memory23/node0/memory37/power/runtime_suspended_time&path=//proc/2468203/cwd/sys/bus/node/devices/node0/memory15/node0/memory1/node0/memory14/node0/memory13/node0/cpu1/node0/memory16/node0/memory5/node0/memory10/node0/memory0/node0/memory23/node0/memory37/power HTTP/2.0" 200 16265 "-" "meta-externalagent/1.1 (+https://developers.facebook.com/docs/sharing/webmasters/crawler)"
74.7.241.50 - - [13/Mar/2026:00:12:15 +0000] "GET /?path=//sys/class/net/ens5/subsystem/lo/subsystem/ens5/device/net/ens5/device/firmware_node/wakeup/wakeup4/subsystem/wakeup7/device/input/input1/subsystem/input0/device/wakeup HTTP/2.0" 200 2958 "https://usefuloffices.org/?path=//sys/class/net/ens5/subsystem/lo/subsystem/ens5/device/net/ens5/device/firmware_node/wakeup/wakeup4/subsystem/wakeup7/device/input/input1/subsystem/input0/device" "Mozilla/5.0 AppleWebKit/537.36 (KHTML, like Gecko; compatible; GPTBot/1.3; +https://openai.com/gptbot)"
57.141.16.51 - - [13/Mar/2026:00:12:15 +0000] "GET /state/nevada/?path=//proc/2468203/cwd/sys/bus/node/devices/node0/memory15/node0/memory1/node0/memory14/node0/memory13/node0/cpu1/node0/memory16/node0/memory5/node0/memory10/node0/memory37/node0/memory39/node0/memory3/node0/memory18 HTTP/2.0" 200 37905 "-" "meta-externalagent/1.1 (+https://developers.facebook.com/docs/sharing/webmasters/crawler)"
192.109.200.172 - - [13/Mar/2026:00:11:48 +0000] "GET /wp-admin/plugins.php HTTP/1.1" 200 6691 "https://USEFULOFFICES.ORG/wp-login.php" "Mozilla/5.0 (Macintosh; Intel Mac OS X 10_15_7; rv:121.0) Gecko/20100101 Firefox/121.0"
192.109.200.172 - - [13/Mar/2026:00:11:49 +0000] "POST /wp-login.php HTTP/1.1" 200 32 "https://USEFULOFFICES.ORG/wp-login.php" "Mozilla/5.0 (Macintosh; Intel Mac OS X 10_15_7) AppleWebKit/605.1.15 (KHTML, like Gecko) Version/16.6 Safari/605.1.15"
192.109.200.172 - - [13/Mar/2026:00:11:49 +0000] "GET /wp-admin/index.php HTTP/1.1" 200 6691 "https://USEFULOFFICES.ORG/wp-login.php" "Mozilla/5.0 (Macintosh; Intel Mac OS X 13_6_1) AppleWebKit/537.36 (KHTML, like Gecko) Chrome/120.0.0.0 Safari/537.36"
192.109.200.172 - - [13/Mar/2026:00:11:50 +0000] "GET /wp-admin/profile.php HTTP/1.1" 200 6691 "https://USEFULOFFICES.ORG/wp-login.php" "Mozilla/5.0 (Macintosh; Intel Mac OS X 13_6_1) AppleWebKit/537.36 (KHTML, like Gecko) Chrome/120.0.0.0 Safari/537.36"
192.109.200.172 - - [13/Mar/2026:00:11:50 +0000] "GET /wp-admin/edit.php HTTP/1.1" 200 6691 "https://USEFULOFFICES.ORG/wp-login.php" "Mozilla/5.0 (Macintosh; Intel Mac OS X 13_6_1) AppleWebKit/537.36 (KHTML, like Gecko) Chrome/120.0.0.0 Safari/537.36"
192.109.200.172 - - [13/Mar/2026:00:11:51 +0000] "GET /wp-admin/plugins.php HTTP/1.1" 200 6691 "https://USEFULOFFICES.ORG/wp-login.php" "Mozilla/5.0 (Macintosh; Intel Mac OS X 13_6_1) AppleWebKit/537.36 (KHTML, like Gecko) Chrome/120.0.0.0 Safari/537.36"
192.109.200.172 - - [13/Mar/2026:00:11:52 +0000] "POST /wp-login.php HTTP/1.1" 200 32 "https://USEFULOFFICES.ORG/wp-login.php" "Mozilla/5.0 (Macintosh; Intel Mac OS X 13_6_1) AppleWebKit/537.36 (KHTML, like Gecko) Chrome/119.0.0.0 Safari/537.36"
192.109.200.172 - - [13/Mar/2026:00:11:52 +0000] "GET /wp-admin/index.php HTTP/1.1" 200 6691 "https://USEFULOFFICES.ORG/wp-login.php" "Mozilla/5.0 (Macintosh; Intel Mac OS X 10_15_7) AppleWebKit/537.36 (KHTML, like Gecko) Chrome/121.0.0.0 Safari/537.36"
57.141.16.34 - - [13/Mar/2026:00:11:53 +0000] "GET /state/nevada/?fileloc=//proc/2468203/cwd/sys/bus/node/devices/node0/memory15/node0/memory1/node0/memory14/node0/memory13/node0/cpu1/node0/memory16/node0/memory5/node0/memory10/node0/cpu1/node0/memory13/node0/cpu0/topology/cluster_cpus&path=//proc/2468203/cwd/sys/bus/node/devices/node0/memory15/node0/memory1/node0/memory14/node0/memory13/node0/cpu1/node0/memory16/node0/memory5/node0/memory10/node0/cpu1/node0/memory13/node0/cpu0/topology HTTP/2.0" 200 16224 "-" "meta-externalagent/1.1 (+https://developers.facebook.com/docs/sharing/webmasters/crawler)"
192.109.200.172 - - [13/Mar/2026:00:11:53 +0000] "GET /wp-admin/profile.php HTTP/1.1" 200 6691 "https://USEFULOFFICES.ORG/wp-login.php" "Mozilla/5.0 (Macintosh; Intel Mac OS X 10_15_7) AppleWebKit/537.36 (KHTML, like Gecko) Chrome/121.0.0.0 Safari/537.36"
192.109.200.172 - - [13/Mar/2026:00:11:54 +0000] "GET /wp-admin/edit.php HTTP/1.1" 200 6691 "https://USEFULOFFICES.ORG/wp-login.php" "Mozilla/5.0 (Macintosh; Intel Mac OS X 10_15_7) AppleWebKit/537.36 (KHTML, like Gecko) Chrome/121.0.0.0 Safari/537.36"
57.141.16.36 - - [13/Mar/2026:00:11:54 +0000] "GET /state/nevada/?path=//proc/2468203/cwd/sys/bus/node/devices/node0/memory15/node0/memory1/node0/memory14/node0/memory13/node0/cpu1/node0/memory16/node0/memory5/node0/memory10/node0/memory38/node0/memory19/node0/memory1/node0/memory2 HTTP/2.0" 200 37866 "-" "meta-externalagent/1.1 (+https://developers.facebook.com/docs/sharing/webmasters/crawler)"
57.141.16.15 - - [13/Mar/2026:00:11:54 +0000] "GET /state/nevada/?fileloc=//proc/2468203/cwd/sys/bus/node/devices/node0/memory15/node0/memory1/node0/memory14/node0/memory13/node0/cpu1/node0/memory16/node0/memory5/node0/memory16/subsystem/devices/memory19/node0/cpu0/node0/memory7/phys_index&path=//proc/2468203/cwd/sys/bus/node/devices/node0/memory15/node0/memory1/node0/memory14/node0/memory13/node0/cpu1/node0/memory16/node0/memory5/node0/memory16/subsystem/devices/memory19/node0/cpu0/node0/memory7 HTTP/2.0" 200 16288 "-" "meta-externalagent/1.1 (+https://developers.facebook.com/docs/sharing/webmasters/crawler)"
216.73.216.43 - - [13/Mar/2026:00:11:54 +0000] "GET /?fileloc=%2F%2Fbin%2Fmk_modmap&path=%2F%2Fbin HTTP/2.0" 200 5954 "-" "Mozilla/5.0 AppleWebKit/537.36 (KHTML, like Gecko; compatible; ClaudeBot/1.0; +claudebot@anthropic.com)"
216.73.216.43 - - [13/Mar/2026:00:11:54 +0000] "GET /?fileloc=%2F%2Fusr%2Fbin%2Fgpgparsemail&path=%2F%2Fusr%2Fbin HTTP/2.0" 200 12406 "-" "Mozilla/5.0 AppleWebKit/537.36 (KHTML, like Gecko; compatible; ClaudeBot/1.0; +claudebot@anthropic.com)"
216.73.216.43 - - [13/Mar/2026:00:11:54 +0000] "GET /?fileloc=%2F%2Fusr%2Fbin%2Fobjcopy&path=%2F%2Fusr%2Fbin HTTP/2.0" 200 68533 "-" "Mozilla/5.0 AppleWebKit/537.36 (KHTML, like Gecko; compatible; ClaudeBot/1.0; +claudebot@anthropic.com)"
216.73.216.43 - - [13/Mar/2026:00:11:54 +0000] "GET /?fileloc=%2F%2Fproc%2F73%2Fpatch_state&path=%2F%2Fproc%2F73 HTTP/2.0" 200 2474 "-" "Mozilla/5.0 AppleWebKit/537.36 (KHTML, like Gecko; compatible; ClaudeBot/1.0; +claudebot@anthropic.com)"
192.109.200.172 - - [13/Mar/2026:00:11:54 +0000] "GET /wp-admin/plugins.php HTTP/1.1" 200 6691 "https://USEFULOFFICES.ORG/wp-login.php" "Mozilla/5.0 (Macintosh; Intel Mac OS X 10_15_7) AppleWebKit/537.36 (KHTML, like Gecko) Chrome/121.0.0.0 Safari/537.36"
216.73.216.43 - - [13/Mar/2026:00:11:54 +0000] "GET /?path=%2F%2Fusr%2Flib%2Fgrub-legacy HTTP/2.0" 200 2811 "-" "Mozilla/5.0 AppleWebKit/537.36 (KHTML, like Gecko; compatible; ClaudeBot/1.0; +claudebot@anthropic.com)"
216.73.216.43 - - [13/Mar/2026:00:11:54 +0000] "GET /?fileloc=%2F%2Fproc%2F76%2Fpatch_state&path=%2F%2Fproc%2F76 HTTP/2.0" 200 2474 "-" "Mozilla/5.0 AppleWebKit/537.36 (KHTML, like Gecko; compatible; ClaudeBot/1.0; +claudebot@anthropic.com)"
216.73.216.43 - - [13/Mar/2026:00:11:54 +0000] "GET /?fileloc=%2F%2Fproc%2F57%2Fcpu_resctrl_groups&path=%2F%2Fproc%2F57 HTTP/2.0" 200 2488 "-" "Mozilla/5.0 AppleWebKit/537.36 (KHTML, like Gecko; compatible; ClaudeBot/1.0; +claudebot@anthropic.com)"
216.73.216.43 - - [13/Mar/2026:00:11:54 +0000] "GET /?fileloc=%2F%2Fproc%2F466%2Fstack&path=%2F%2Fproc%2F466 HTTP/2.0" 200 2469 "-" "Mozilla/5.0 AppleWebKit/537.36 (KHTML, like Gecko; compatible; ClaudeBot/1.0; +claudebot@anthropic.com)"
216.73.216.43 - - [13/Mar/2026:00:11:55 +0000] "GET /?fileloc=%2F%2Fproc%2F66%2Fcpu_resctrl_groups&path=%2F%2Fproc%2F66 HTTP/2.0" 200 2487 "-" "Mozilla/5.0 AppleWebKit/537.36 (KHTML, like Gecko; compatible; ClaudeBot/1.0; +claudebot@anthropic.com)"
216.73.216.43 - - [13/Mar/2026:00:11:55 +0000] "GET /?fileloc=%2F%2Fusr%2Fbin%2Funlink&path=%2F%2Fusr%2Fbin HTTP/2.0" 200 11418 "-" "Mozilla/5.0 AppleWebKit/537.36 (KHTML, like Gecko; compatible; ClaudeBot/1.0; +claudebot@anthropic.com)"
216.73.216.43 - - [13/Mar/2026:00:11:55 +0000] "GET /?fileloc=%2F%2Fusr%2Fbin%2Fxzdiff&path=%2F%2Fusr%2Fbin HTTP/2.0" 200 5198 "-" "Mozilla/5.0 AppleWebKit/537.36 (KHTML, like Gecko; compatible; ClaudeBot/1.0; +claudebot@anthropic.com)"
192.109.200.172 - - [13/Mar/2026:00:11:55 +0000] "POST /wp-login.php HTTP/1.1" 200 32 "https://USEFULOFFICES.ORG/wp-login.php" "Mozilla/5.0 (Windows NT 11.0; Win64; x64) AppleWebKit/537.36 (KHTML, like Gecko) Chrome/119.0.0.0 Safari/537.36"
216.73.216.43 - - [13/Mar/2026:00:11:55 +0000] "GET /?fileloc=%2F%2Fetc%2Fvim%2Fvimrc&path=%2F%2Fetc%2Fvim HTTP/2.0" 200 3592 "-" "Mozilla/5.0 AppleWebKit/537.36 (KHTML, like Gecko; compatible; ClaudeBot/1.0; +claudebot@anthropic.com)"
216.73.216.43 - - [13/Mar/2026:00:11:55 +0000] "GET /?fileloc=%2F%2Fusr%2Fsbin%2Fdebugfs&path=%2F%2Fusr%2Fsbin HTTP/2.0" 200 81788 "-" "Mozilla/5.0 AppleWebKit/537.36 (KHTML, like Gecko; compatible; ClaudeBot/1.0; +claudebot@anthropic.com)"
216.73.216.43 - - [13/Mar/2026:00:11:55 +0000] "GET /?fileloc=%2F%2Fproc%2F595%2Fcpu_resctrl_groups&path=%2F%2Fproc%2F595 HTTP/2.0" 200 2487 "-" "Mozilla/5.0 AppleWebKit/537.36 (KHTML, like Gecko; compatible; ClaudeBot/1.0; +claudebot@anthropic.com)"
192.109.200.172 - - [13/Mar/2026:00:11:55 +0000] "GET /wp-admin/index.php HTTP/1.1" 200 6691 "https://USEFULOFFICES.ORG/wp-login.php" "Mozilla/5.0 (Windows NT 10.0; Win64; x64; rv:121.0) Gecko/20100101 Firefox/121.0"
216.73.216.43 - - [13/Mar/2026:00:11:55 +0000] "GET /?fileloc=%2F%2Fusr%2Fbin%2Fsg_read_buffer&path=%2F%2Fusr%2Fbin HTTP/2.0" 200 9416 "-" "Mozilla/5.0 AppleWebKit/537.36 (KHTML, like Gecko; compatible; ClaudeBot/1.0; +claudebot@anthropic.com)"
216.73.216.43 - - [13/Mar/2026:00:11:55 +0000] "GET /?fileloc=%2F%2Fproc%2F25%2Fcpu_resctrl_groups&path=%2F%2Fproc%2F25 HTTP/2.0" 200 2487 "-" "Mozilla/5.0 AppleWebKit/537.36 (KHTML, like Gecko; compatible; ClaudeBot/1.0; +claudebot@anthropic.com)"
216.73.216.43 - - [13/Mar/2026:00:11:55 +0000] "GET /?path=%2F%2Flib%2Fgrub-legacy HTTP/2.0" 200 2802 "-" "Mozilla/5.0 AppleWebKit/537.36 (KHTML, like Gecko; compatible; ClaudeBot/1.0; +claudebot@anthropic.com)"
216.73.216.43 - - [13/Mar/2026:00:11:55 +0000] "GET /?fileloc=%2F%2Fusr%2Fbin%2Fgroups&path=%2F%2Fusr%2Fbin HTTP/2.0" 200 12505 "-" "Mozilla/5.0 AppleWebKit/537.36 (KHTML, like Gecko; compatible; ClaudeBot/1.0; +claudebot@anthropic.com)"
216.73.216.43 - - [13/Mar/2026:00:11:56 +0000] "GET /?fileloc=%2F%2Fproc%2F15%2Fstack&path=%2F%2Fproc%2F15 HTTP/2.0" 200 2468 "-" "Mozilla/5.0 AppleWebKit/537.36 (KHTML, like Gecko; compatible; ClaudeBot/1.0; +claudebot@anthropic.com)"
216.73.216.43 - - [13/Mar/2026:00:11:56 +0000] "GET /?fileloc=%2F%2Fbin%2Fjoin&path=%2F%2Fbin HTTP/2.0" 200 18772 "-" "Mozilla/5.0 AppleWebKit/537.36 (KHTML, like Gecko; compatible; ClaudeBot/1.0; +claudebot@anthropic.com)"
192.109.200.172 - - [13/Mar/2026:00:11:56 +0000] "GET /wp-admin/profile.php HTTP/1.1" 200 6691 "https://USEFULOFFICES.ORG/wp-login.php" "Mozilla/5.0 (Windows NT 10.0; Win64; x64; rv:121.0) Gecko/20100101 Firefox/121.0"
216.73.216.43 - - [13/Mar/2026:00:11:56 +0000] "GET /?fileloc=%2F%2Fbin%2Fgapplication&path=%2F%2Fbin HTTP/2.0" 200 8171 "-" "Mozilla/5.0 AppleWebKit/537.36 (KHTML, like Gecko; compatible; ClaudeBot/1.0; +claudebot@anthropic.com)"
216.73.216.43 - - [13/Mar/2026:00:11:56 +0000] "GET /?fileloc=%2F%2Fproc%2F54%2Fstack&path=%2F%2Fproc%2F54 HTTP/2.0" 200 2468 "-" "Mozilla/5.0 AppleWebKit/537.36 (KHTML, like Gecko; compatible; ClaudeBot/1.0; +claudebot@anthropic.com)"
216.73.216.43 - - [13/Mar/2026:00:11:56 +0000] "GET /?fileloc=%2F%2Fproc%2F5%2Fpatch_state&path=%2F%2Fproc%2F5 HTTP/2.0" 200 2471 "-" "Mozilla/5.0 AppleWebKit/537.36 (KHTML, like Gecko; compatible; ClaudeBot/1.0; +claudebot@anthropic.com)"
216.73.216.43 - - [13/Mar/2026:00:11:56 +0000] "GET /?fileloc=%2F%2Fproc%2F20%2Fcpu_resctrl_groups&path=%2F%2Fproc%2F20 HTTP/2.0" 200 2487 "-" "Mozilla/5.0 AppleWebKit/537.36 (KHTML, like Gecko; compatible; ClaudeBot/1.0; +claudebot@anthropic.com)"
192.109.200.172 - - [13/Mar/2026:00:11:56 +0000] "GET /wp-admin/edit.php HTTP/1.1" 200 6691 "https://USEFULOFFICES.ORG/wp-login.php" "Mozilla/5.0 (Windows NT 10.0; Win64; x64; rv:121.0) Gecko/20100101 Firefox/121.0"
216.73.216.43 - - [13/Mar/2026:00:11:56 +0000] "GET /?fileloc=%2F%2Fusr%2Fbin%2Fsync&path=%2F%2Fusr%2Fbin HTTP/2.0" 200 12112 "-" "Mozilla/5.0 AppleWebKit/537.36 (KHTML, like Gecko; compatible; ClaudeBot/1.0; +claudebot@anthropic.com)"
216.73.216.43 - - [13/Mar/2026:00:11:56 +0000] "GET /?fileloc=%2F%2Fproc%2Fthread-self%2Fsmaps&path=%2F%2Fproc%2Fthread-self HTTP/2.0" 200 15110 "-" "Mozilla/5.0 AppleWebKit/537.36 (KHTML, like Gecko; compatible; ClaudeBot/1.0; +claudebot@anthropic.com)"
192.109.200.172 - - [13/Mar/2026:00:11:56 +0000] "GET /wp-admin/plugins.php HTTP/1.1" 200 6691 "https://USEFULOFFICES.ORG/wp-login.php" "Mozilla/5.0 (Windows NT 10.0; Win64; x64; rv:121.0) Gecko/20100101 Firefox/121.0"
216.73.216.43 - - [13/Mar/2026:00:11:56 +0000] "GET /?fileloc=%2F%2Fbin%2Fdh_bash-completion&path=%2F%2Fbin HTTP/2.0" 200 4377 "-" "Mozilla/5.0 AppleWebKit/537.36 (KHTML, like Gecko; compatible; ClaudeBot/1.0; +claudebot@anthropic.com)"
216.73.216.43 - - [13/Mar/2026:00:11:57 +0000] "GET /?fileloc=%2F%2Fproc%2F19%2Fcpu_resctrl_groups&path=%2F%2Fproc%2F19 HTTP/2.0" 200 2487 "-" "Mozilla/5.0 AppleWebKit/537.36 (KHTML, like Gecko; compatible; ClaudeBot/1.0; +claudebot@anthropic.com)"
216.73.216.43 - - [13/Mar/2026:00:11:57 +0000] "GET /?fileloc=%2F%2Fproc%2F56%2Fcpu_resctrl_groups&path=%2F%2Fproc%2F56 HTTP/2.0" 200 2487 "-" "Mozilla/5.0 AppleWebKit/537.36 (KHTML, like Gecko; compatible; ClaudeBot/1.0; +claudebot@anthropic.com)"
216.73.216.43 - - [13/Mar/2026:00:11:57 +0000] "GET /?fileloc=%2F%2Fproc%2F402%2Fstack&path=%2F%2Fproc%2F402 HTTP/2.0" 200 2469 "-" "Mozilla/5.0 AppleWebKit/537.36 (KHTML, like Gecko; compatible; ClaudeBot/1.0; +claudebot@anthropic.com)"
192.109.200.172 - - [13/Mar/2026:00:11:57 +0000] "POST /wp-login.php HTTP/1.1" 200 32 "https://USEFULOFFICES.ORG/wp-login.php" "Mozilla/5.0 (Windows NT 11.0; Win64; x64) AppleWebKit/537.36 (KHTML, like Gecko) Chrome/120.0.0.0 Safari/537.36"
216.73.216.43 - - [13/Mar/2026:00:11:57 +0000] "GET /?fileloc=%2F%2Fproc%2Fthread-self%2Foom_adj&path=%2F%2Fproc%2Fthread-self HTTP/2.0" 200 2480 "-" "Mozilla/5.0 AppleWebKit/537.36 (KHTML, like Gecko; compatible; ClaudeBot/1.0; +claudebot@anthropic.com)"
216.73.216.43 - - [13/Mar/2026:00:11:57 +0000] "GET /?fileloc=%2F%2Fbin%2Fobjcopy&path=%2F%2Fbin HTTP/2.0" 200 68526 "-" "Mozilla/5.0 AppleWebKit/537.36 (KHTML, like Gecko; compatible; ClaudeBot/1.0; +claudebot@anthropic.com)"
216.73.216.43 - - [13/Mar/2026:00:11:57 +0000] "GET /?fileloc=%2F%2Fsbin%2Fdebugfs&path=%2F%2Fsbin HTTP/2.0" 200 81777 "-" "Mozilla/5.0 AppleWebKit/537.36 (KHTML, like Gecko; compatible; ClaudeBot/1.0; +claudebot@anthropic.com)"
216.73.216.43 - - [13/Mar/2026:00:11:57 +0000] "GET /?fileloc=%2F%2Fproc%2Fkey-users&path=%2F%2Fproc HTTP/2.0" 200 2523 "-" "Mozilla/5.0 AppleWebKit/537.36 (KHTML, like Gecko; compatible; ClaudeBot/1.0; +claudebot@anthropic.com)"
192.109.200.172 - - [13/Mar/2026:00:11:57 +0000] "GET /wp-admin/index.php HTTP/1.1" 200 6691 "https://USEFULOFFICES.ORG/wp-login.php" "Mozilla/5.0 (Macintosh; Intel Mac OS X 10_15_7) AppleWebKit/537.36 (KHTML, like Gecko) Chrome/120.0.0.0 Safari/537.36"
216.73.216.43 - - [13/Mar/2026:00:11:57 +0000] "GET /?fileloc=%2F%2Fbin%2Fgpgparsemail&path=%2F%2Fbin HTTP/2.0" 200 12396 "-" "Mozilla/5.0 AppleWebKit/537.36 (KHTML, like Gecko; compatible; ClaudeBot/1.0; +claudebot@anthropic.com)"
216.73.216.43 - - [13/Mar/2026:00:11:57 +0000] "GET /?fileloc=%2F%2Fbin%2Fphp8.1&path=%2F%2Fbin HTTP/2.0" 200 1788653 "-" "Mozilla/5.0 AppleWebKit/537.36 (KHTML, like Gecko; compatible; ClaudeBot/1.0; +claudebot@anthropic.com)"
216.73.216.43 - - [13/Mar/2026:00:11:58 +0000] "GET /?fileloc=%2F%2Fproc%2F13%2Fcpu_resctrl_groups&path=%2F%2Fproc%2F13 HTTP/2.0" 200 2487 "-" "Mozilla/5.0 AppleWebKit/537.36 (KHTML, like Gecko; compatible; ClaudeBot/1.0; +claudebot@anthropic.com)"
216.73.216.43 - - [13/Mar/2026:00:11:58 +0000] "GET /?path=%2F%2Fusr%2Flib%2Fpolkit-1 HTTP/2.0" 200 2818 "-" "Mozilla/5.0 AppleWebKit/537.36 (KHTML, like Gecko; compatible; ClaudeBot/1.0; +claudebot@anthropic.com)"
216.73.216.43 - - [13/Mar/2026:00:11:58 +0000] "GET /?fileloc=%2F%2Fproc%2Fkcore&path=%2F%2Fproc HTTP/2.0" 200 2460 "-" "Mozilla/5.0 AppleWebKit/537.36 (KHTML, like Gecko; compatible; ClaudeBot/1.0; +claudebot@anthropic.com)"
216.73.216.43 - - [13/Mar/2026:00:11:58 +0000] "GET /?fileloc=%2F%2Fusr%2Fbin%2Ffactor&path=%2F%2Fusr%2Fbin HTTP/2.0" 200 34538 "-" "Mozilla/5.0 AppleWebKit/537.36 (KHTML, like Gecko; compatible; ClaudeBot/1.0; +claudebot@anthropic.com)"
192.109.200.172 - - [13/Mar/2026:00:11:58 +0000] "GET /wp-admin/profile.php HTTP/1.1" 200 6691 "https://USEFULOFFICES.ORG/wp-login.php" "Mozilla/5.0 (Macintosh; Intel Mac OS X 10_15_7) AppleWebKit/537.36 (KHTML, like Gecko) Chrome/120.0.0.0 Safari/537.36"
216.73.216.43 - - [13/Mar/2026:00:11:58 +0000] "GET /?fileloc=%2F%2Fbin%2Funlink&path=%2F%2Fbin HTTP/2.0" 200 11409 "-" "Mozilla/5.0 AppleWebKit/537.36 (KHTML, like Gecko; compatible; ClaudeBot/1.0; +claudebot@anthropic.com)"
216.73.216.43 - - [13/Mar/2026:00:11:58 +0000] "GET /?fileloc=%2F%2Fproc%2Fthread-self%2Fmem&path=%2F%2Fproc%2Fthread-self HTTP/2.0" 200 2474 "-" "Mozilla/5.0 AppleWebKit/537.36 (KHTML, like Gecko; compatible; ClaudeBot/1.0; +claudebot@anthropic.com)"
216.73.216.43 - - [13/Mar/2026:00:11:58 +0000] "GET /?fileloc=%2F%2Fproc%2F39%2Fcpu_resctrl_groups&path=%2F%2Fproc%2F39 HTTP/2.0" 200 2488 "-" "Mozilla/5.0 AppleWebKit/537.36 (KHTML, like Gecko; compatible; ClaudeBot/1.0; +claudebot@anthropic.com)"
216.73.216.43 - - [13/Mar/2026:00:11:58 +0000] "GET /?fileloc=%2F%2Fbin%2Fxzdiff&path=%2F%2Fbin HTTP/2.0" 200 5188 "-" "Mozilla/5.0 AppleWebKit/537.36 (KHTML, like Gecko; compatible; ClaudeBot/1.0; +claudebot@anthropic.com)"
216.73.216.43 - - [13/Mar/2026:00:11:58 +0000] "GET /?fileloc=%2F%2Fproc%2F14%2Fstack&path=%2F%2Fproc%2F14 HTTP/2.0" 200 2468 "-" "Mozilla/5.0 AppleWebKit/537.36 (KHTML, like Gecko; compatible; ClaudeBot/1.0; +claudebot@anthropic.com)"
192.109.200.172 - - [13/Mar/2026:00:11:58 +0000] "GET /wp-admin/edit.php HTTP/1.1" 200 6691 "https://USEFULOFFICES.ORG/wp-login.php" "Mozilla/5.0 (Macintosh; Intel Mac OS X 10_15_7) AppleWebKit/537.36 (KHTML, like Gecko) Chrome/120.0.0.0 Safari/537.36"
216.73.216.43 - - [13/Mar/2026:00:11:58 +0000] "GET /?fileloc=%2F%2Fbin%2Fsg_read_buffer&path=%2F%2Fbin HTTP/2.0" 200 9407 "-" "Mozilla/5.0 AppleWebKit/537.36 (KHTML, like Gecko; compatible; ClaudeBot/1.0; +claudebot@anthropic.com)"
216.73.216.43 - - [13/Mar/2026:00:11:58 +0000] "GET /?fileloc=%2F%2Fusr%2Fbin%2Fpyhtmlizer3&path=%2F%2Fusr%2Fbin HTTP/2.0" 200 2936 "-" "Mozilla/5.0 AppleWebKit/537.36 (KHTML, like Gecko; compatible; ClaudeBot/1.0; +claudebot@anthropic.com)"
216.73.216.43 - - [13/Mar/2026:00:11:58 +0000] "GET /?fileloc=%2F%2Fproc%2F38%2Fcpu_resctrl_groups&path=%2F%2Fproc%2F38 HTTP/2.0" 200 2487 "-" "Mozilla/5.0 AppleWebKit/537.36 (KHTML, like Gecko; compatible; ClaudeBot/1.0; +claudebot@anthropic.com)"
216.73.216.43 - - [13/Mar/2026:00:11:59 +0000] "GET /?fileloc=%2F%2Fproc%2F205%2Fstack&path=%2F%2Fproc%2F205 HTTP/2.0" 200 2469 "-" "Mozilla/5.0 AppleWebKit/537.36 (KHTML, like Gecko; compatible; ClaudeBot/1.0; +claudebot@anthropic.com)"
216.73.216.43 - - [13/Mar/2026:00:11:59 +0000] "GET /?fileloc=%2F%2Fproc%2F53%2Fcpu_resctrl_groups&path=%2F%2Fproc%2F53 HTTP/2.0" 200 2487 "-" "Mozilla/5.0 AppleWebKit/537.36 (KHTML, like Gecko; compatible; ClaudeBot/1.0; +claudebot@anthropic.com)"
216.73.216.43 - - [13/Mar/2026:00:11:59 +0000] "GET /?fileloc=%2F%2Fproc%2F16%2Fcpu_resctrl_groups&path=%2F%2Fproc%2F16 HTTP/2.0" 200 2487 "-" "Mozilla/5.0 AppleWebKit/537.36 (KHTML, like Gecko; compatible; ClaudeBot/1.0; +claudebot@anthropic.com)"
192.109.200.172 - - [13/Mar/2026:00:11:59 +0000] "GET /wp-admin/plugins.php HTTP/1.1" 200 6691 "https://USEFULOFFICES.ORG/wp-login.php" "Mozilla/5.0 (Macintosh; Intel Mac OS X 10_15_7) AppleWebKit/537.36 (KHTML, like Gecko) Chrome/120.0.0.0 Safari/537.36"
216.73.216.43 - - [13/Mar/2026:00:11:59 +0000] "GET /?fileloc=%2F%2Fproc%2F26%2Fcpu_resctrl_groups&path=%2F%2Fproc%2F26 HTTP/2.0" 200 2487 "-" "Mozilla/5.0 AppleWebKit/537.36 (KHTML, like Gecko; compatible; ClaudeBot/1.0; +claudebot@anthropic.com)"
216.73.216.43 - - [13/Mar/2026:00:11:59 +0000] "GET /?fileloc=%2F%2Fproc%2F170%2Fstack&path=%2F%2Fproc%2F170 HTTP/2.0" 200 2469 "-" "Mozilla/5.0 AppleWebKit/537.36 (KHTML, like Gecko; compatible; ClaudeBot/1.0; +claudebot@anthropic.com)"
216.73.216.43 - - [13/Mar/2026:00:11:59 +0000] "GET /?fileloc=%2F%2Fusr%2Fbin%2Fecho&path=%2F%2Fusr%2Fbin HTTP/2.0" 200 12108 "-" "Mozilla/5.0 AppleWebKit/537.36 (KHTML, like Gecko; compatible; ClaudeBot/1.0; +claudebot@anthropic.com)"
216.73.216.43 - - [13/Mar/2026:00:11:59 +0000] "GET /?fileloc=%2F%2Fproc%2F665%2Fcpu_resctrl_groups&path=%2F%2Fproc%2F665 HTTP/2.0" 200 2487 "-" "Mozilla/5.0 AppleWebKit/537.36 (KHTML, like Gecko; compatible; ClaudeBot/1.0; +claudebot@anthropic.com)"
216.73.216.43 - - [13/Mar/2026:00:11:59 +0000] "GET /?path=%2F%2Flib%2Fpolkit-1 HTTP/2.0" 200 2810 "-" "Mozilla/5.0 AppleWebKit/537.36 (KHTML, like Gecko; compatible; ClaudeBot/1.0; +claudebot@anthropic.com)"
192.109.200.172 - - [13/Mar/2026:00:11:59 +0000] "POST /wp-login.php HTTP/1.1" 200 32 "https://USEFULOFFICES.ORG/wp-login.php" "Mozilla/5.0 (X11; Ubuntu; Linux x86_64) AppleWebKit/537.36 (KHTML, like Gecko) Chrome/120.0.0.0 Safari/537.36"
216.73.216.43 - - [13/Mar/2026:00:11:59 +0000] "GET /?fileloc=%2F%2Fusr%2Fbin%2Fedit&path=%2F%2Fusr%2Fbin HTTP/2.0" 200 7665 "-" "Mozilla/5.0 AppleWebKit/537.36 (KHTML, like Gecko; compatible; ClaudeBot/1.0; +claudebot@anthropic.com)"
216.73.216.43 - - [13/Mar/2026:00:12:00 +0000] "GET /?path=%2F%2Fproc%2F1330031%2Ffdinfo HTTP/2.0" 200 2532 "-" "Mozilla/5.0 AppleWebKit/537.36 (KHTML, like Gecko; compatible; ClaudeBot/1.0; +claudebot@anthropic.com)"
216.73.216.43 - - [13/Mar/2026:00:12:00 +0000] "GET /?fileloc=%2F%2Fbin%2Fgroups&path=%2F%2Fbin HTTP/2.0" 200 12495 "-" "Mozilla/5.0 AppleWebKit/537.36 (KHTML, like Gecko; compatible; ClaudeBot/1.0; +claudebot@anthropic.com)"
216.73.216.43 - - [13/Mar/2026:00:12:00 +0000] "GET /?fileloc=%2F%2Fusr%2Fbin%2Fman-recode&path=%2F%2Fusr%2Fbin HTTP/2.0" 200 12113 "-" "Mozilla/5.0 AppleWebKit/537.36 (KHTML, like Gecko; compatible; ClaudeBot/1.0; +claudebot@anthropic.com)"
192.109.200.172 - - [13/Mar/2026:00:12:00 +0000] "GET /wp-admin/index.php HTTP/1.1" 200 6691 "https://USEFULOFFICES.ORG/wp-login.php" "Mozilla/5.0 (Windows NT 11.0; Win64; x64) AppleWebKit/537.36 (KHTML, like Gecko) Chrome/119.0.0.0 Safari/537.36"
216.73.216.43 - - [13/Mar/2026:00:12:00 +0000] "GET /?fileloc=%2F%2Fproc%2F18%2Fcpu_resctrl_groups&path=%2F%2Fproc%2F18 HTTP/2.0" 200 2487 "-" "Mozilla/5.0 AppleWebKit/537.36 (KHTML, like Gecko; compatible; ClaudeBot/1.0; +claudebot@anthropic.com)"
216.73.216.43 - - [13/Mar/2026:00:12:00 +0000] "GET /?fileloc=%2F%2Fproc%2F11%2Fstack&path=%2F%2Fproc%2F11 HTTP/2.0" 200 2468 "-" "Mozilla/5.0 AppleWebKit/537.36 (KHTML, like Gecko; compatible; ClaudeBot/1.0; +claudebot@anthropic.com)"
216.73.216.43 - - [13/Mar/2026:00:12:00 +0000] "GET /?fileloc=%2F%2Fproc%2F172%2Fstack&path=%2F%2Fproc%2F172 HTTP/2.0" 200 2469 "-" "Mozilla/5.0 AppleWebKit/537.36 (KHTML, like Gecko; compatible; ClaudeBot/1.0; +claudebot@anthropic.com)"
216.73.216.43 - - [13/Mar/2026:00:12:00 +0000] "GET /?fileloc=%2F%2Fproc%2F24%2Fstack&path=%2F%2Fproc%2F24 HTTP/2.0" 200 2468 "-" "Mozilla/5.0 AppleWebKit/537.36 (KHTML, like Gecko; compatible; ClaudeBot/1.0; +claudebot@anthropic.com)"
216.73.216.43 - - [13/Mar/2026:00:12:00 +0000] "GET /?fileloc=%2F%2Fproc%2F58%2Fcpu_resctrl_groups&path=%2F%2Fproc%2F58 HTTP/2.0" 200 2487 "-" "Mozilla/5.0 AppleWebKit/537.36 (KHTML, like Gecko; compatible; ClaudeBot/1.0; +claudebot@anthropic.com)"
216.73.216.43 - - [13/Mar/2026:00:12:00 +0000] "GET /?fileloc=%2F%2Fbin%2Fsync&path=%2F%2Fbin HTTP/2.0" 200 12102 "-" "Mozilla/5.0 AppleWebKit/537.36 (KHTML, like Gecko; compatible; ClaudeBot/1.0; +claudebot@anthropic.com)"
216.73.216.43 - - [13/Mar/2026:00:12:00 +0000] "GET /?fileloc=%2F%2Fproc%2F40%2Fstack&path=%2F%2Fproc%2F40 HTTP/2.0" 200 2468 "-" "Mozilla/5.0 AppleWebKit/537.36 (KHTML, like Gecko; compatible; ClaudeBot/1.0; +claudebot@anthropic.com)"
216.73.216.43 - - [13/Mar/2026:00:12:00 +0000] "GET /?fileloc=%2F%2Fusr%2Fbin%2Funicode_stop&path=%2F%2Fusr%2Fbin HTTP/2.0" 200 2820 "-" "Mozilla/5.0 AppleWebKit/537.36 (KHTML, like Gecko; compatible; ClaudeBot/1.0; +claudebot@anthropic.com)"
192.109.200.172 - - [13/Mar/2026:00:12:00 +0000] "GET /wp-admin/profile.php HTTP/1.1" 200 6691 "https://USEFULOFFICES.ORG/wp-login.php" "Mozilla/5.0 (Windows NT 11.0; Win64; x64) AppleWebKit/537.36 (KHTML, like Gecko) Chrome/119.0.0.0 Safari/537.36"
216.73.216.43 - - [13/Mar/2026:00:12:01 +0000] "GET /?fileloc=%2F%2Fproc%2F50%2Fstack&path=%2F%2Fproc%2F50 HTTP/2.0" 200 2468 "-" "Mozilla/5.0 AppleWebKit/537.36 (KHTML, like Gecko; compatible; ClaudeBot/1.0; +claudebot@anthropic.com)"
216.73.216.43 - - [13/Mar/2026:00:12:01 +0000] "GET /?fileloc=%2F%2Fproc%2Fsysrq-trigger&path=%2F%2Fproc HTTP/2.0" 200 2467 "-" "Mozilla/5.0 AppleWebKit/537.36 (KHTML, like Gecko; compatible; ClaudeBot/1.0; +claudebot@anthropic.com)"
216.73.216.43 - - [13/Mar/2026:00:12:01 +0000] "GET /?path=%2Fvar%2Frun%2Firqbalance HTTP/2.0" 200 2532 "-" "Mozilla/5.0 AppleWebKit/537.36 (KHTML, like Gecko; compatible; ClaudeBot/1.0; +claudebot@anthropic.com)"
216.73.216.43 - - [13/Mar/2026:00:12:01 +0000] "GET /?fileloc=%2F%2Fproc%2F12%2Fstack&path=%2F%2Fproc%2F12 HTTP/2.0" 200 2468 "-" "Mozilla/5.0 AppleWebKit/537.36 (KHTML, like Gecko; compatible; ClaudeBot/1.0; +claudebot@anthropic.com)"
192.109.200.172 - - [13/Mar/2026:00:12:01 +0000] "GET /wp-admin/edit.php HTTP/1.1" 200 6691 "https://USEFULOFFICES.ORG/wp-login.php" "Mozilla/5.0 (Windows NT 11.0; Win64; x64) AppleWebKit/537.36 (KHTML, like Gecko) Chrome/119.0.0.0 Safari/537.36"
216.73.216.43 - - [13/Mar/2026:00:12:01 +0000] "GET /?fileloc=%2F%2Fusr%2Fbin%2Funicode_start&path=%2F%2Fusr%2Fbin HTTP/2.0" 200 3885 "-" "Mozilla/5.0 AppleWebKit/537.36 (KHTML, like Gecko; compatible; ClaudeBot/1.0; +claudebot@anthropic.com)"
216.73.216.43 - - [13/Mar/2026:00:12:01 +0000] "GET /?fileloc=%2F%2Fusr%2Fbin%2Fsudo&path=%2F%2Fusr%2Fbin HTTP/2.0" 200 89620 "-" "Mozilla/5.0 AppleWebKit/537.36 (KHTML, like Gecko; compatible; ClaudeBot/1.0; +claudebot@anthropic.com)"
216.73.216.43 - - [13/Mar/2026:00:12:01 +0000] "GET /?fileloc=%2F%2Fproc%2F474%2Fstack&path=%2F%2Fproc%2F474 HTTP/2.0" 200 2470 "-" "Mozilla/5.0 AppleWebKit/537.36 (KHTML, like Gecko; compatible; ClaudeBot/1.0; +claudebot@anthropic.com)"
216.73.216.43 - - [13/Mar/2026:00:12:01 +0000] "GET /?fileloc=%2F%2Fproc%2F17%2Fstack&path=%2F%2Fproc%2F17 HTTP/2.0" 200 2469 "-" "Mozilla/5.0 AppleWebKit/537.36 (KHTML, like Gecko; compatible; ClaudeBot/1.0; +claudebot@anthropic.com)"
192.109.200.172 - - [13/Mar/2026:00:12:01 +0000] "GET /wp-admin/plugins.php HTTP/1.1" 200 6691 "https://USEFULOFFICES.ORG/wp-login.php" "Mozilla/5.0 (Windows NT 11.0; Win64; x64) AppleWebKit/537.36 (KHTML, like Gecko) Chrome/119.0.0.0 Safari/537.36"
216.73.216.43 - - [13/Mar/2026:00:12:02 +0000] "GET /?fileloc=%2F%2Fbin%2Ffactor&path=%2F%2Fbin HTTP/2.0" 200 34530 "-" "Mozilla/5.0 AppleWebKit/537.36 (KHTML, like Gecko; compatible; ClaudeBot/1.0; +claudebot@anthropic.com)"
216.73.216.43 - - [13/Mar/2026:00:12:02 +0000] "GET /?path=%2F%2Fusr%2Fshare%2Fpam-configs HTTP/2.0" 200 2942 "-" "Mozilla/5.0 AppleWebKit/537.36 (KHTML, like Gecko; compatible; ClaudeBot/1.0; +claudebot@anthropic.com)"
216.73.216.43 - - [13/Mar/2026:00:12:02 +0000] "GET /?fileloc=%2F%2Fbin%2Fpyhtmlizer3&path=%2F%2Fbin HTTP/2.0" 200 2928 "-" "Mozilla/5.0 AppleWebKit/537.36 (KHTML, like Gecko; compatible; ClaudeBot/1.0; +claudebot@anthropic.com)"
216.73.216.43 - - [13/Mar/2026:00:12:02 +0000] "GET /?fileloc=%2F%2Fproc%2F464%2Fstack&path=%2F%2Fproc%2F464 HTTP/2.0" 200 2471 "-" "Mozilla/5.0 AppleWebKit/537.36 (KHTML, like Gecko; compatible; ClaudeBot/1.0; +claudebot@anthropic.com)"
216.73.216.43 - - [13/Mar/2026:00:12:02 +0000] "GET /?fileloc=%2F%2Fproc%2F404%2Fcpu_resctrl_groups&path=%2F%2Fproc%2F404 HTTP/2.0" 200 2487 "-" "Mozilla/5.0 AppleWebKit/537.36 (KHTML, like Gecko; compatible; ClaudeBot/1.0; +claudebot@anthropic.com)"
192.109.200.172 - - [13/Mar/2026:00:12:02 +0000] "POST /wp-login.php HTTP/1.1" 200 32 "https://USEFULOFFICES.ORG/wp-login.php" "Mozilla/5.0 (Windows NT 10.0; Win64; x64) AppleWebKit/537.36 (KHTML, like Gecko) Chrome/121.0.0.0 Safari/537.36"
216.73.216.43 - - [13/Mar/2026:00:12:02 +0000] "GET /?fileloc=%2F%2Fusr%2Fbin%2Fwrite.ul&path=%2F%2Fusr%2Fbin HTTP/2.0" 200 8018 "-" "Mozilla/5.0 AppleWebKit/537.36 (KHTML, like Gecko; compatible; ClaudeBot/1.0; +claudebot@anthropic.com)"
216.73.216.43 - - [13/Mar/2026:00:12:02 +0000] "GET /?fileloc=%2F%2Fproc%2F66%2Fstack&path=%2F%2Fproc%2F66 HTTP/2.0" 200 2468 "-" "Mozilla/5.0 AppleWebKit/537.36 (KHTML, like Gecko; compatible; ClaudeBot/1.0; +claudebot@anthropic.com)"
216.73.216.43 - - [13/Mar/2026:00:12:02 +0000] "GET /?path=%2F%2Fetc%2Fdhcp%2Fdhclient-enter-hooks.d HTTP/2.0" 200 2874 "-" "Mozilla/5.0 AppleWebKit/537.36 (KHTML, like Gecko; compatible; ClaudeBot/1.0; +claudebot@anthropic.com)"
216.73.216.43 - - [13/Mar/2026:00:12:03 +0000] "GET /?path=%2F%2Fetc%2Fdpkg%2Forigins HTTP/2.0" 200 2885 "-" "Mozilla/5.0 AppleWebKit/537.36 (KHTML, like Gecko; compatible; ClaudeBot/1.0; +claudebot@anthropic.com)"
216.73.216.43 - - [13/Mar/2026:00:12:03 +0000] "GET /?fileloc=%2F%2Fproc%2F57%2Fstack&path=%2F%2Fproc%2F57 HTTP/2.0" 200 2469 "-" "Mozilla/5.0 AppleWebKit/537.36 (KHTML, like Gecko; compatible; ClaudeBot/1.0; +claudebot@anthropic.com)"
192.109.200.172 - - [13/Mar/2026:00:12:03 +0000] "GET /wp-admin/index.php HTTP/1.1" 200 6691 "https://USEFULOFFICES.ORG/wp-login.php" "Mozilla/5.0 (Macintosh; Intel Mac OS X 10_15_7) AppleWebKit/537.36 (KHTML, like Gecko) Chrome/120.0.0.0 Safari/537.36"
216.73.216.43 - - [13/Mar/2026:00:12:03 +0000] "GET /?path=%2F%2Fusr%2Fshare%2Fgrub-gfxpayload-lists HTTP/2.0" 200 2800 "-" "Mozilla/5.0 AppleWebKit/537.36 (KHTML, like Gecko; compatible; ClaudeBot/1.0; +claudebot@anthropic.com)"
216.73.216.43 - - [13/Mar/2026:00:12:03 +0000] "GET /?fileloc=%2F%2Fproc%2Fthread-self%2Fexe&path=%2F%2Fproc%2Fthread-self HTTP/2.0" 200 1795768 "-" "Mozilla/5.0 AppleWebKit/537.36 (KHTML, like Gecko; compatible; ClaudeBot/1.0; +claudebot@anthropic.com)"
216.73.216.43 - - [13/Mar/2026:00:12:03 +0000] "GET /?fileloc=%2F%2Fproc%2F34%2Fcpu_resctrl_groups&path=%2F%2Fproc%2F34 HTTP/2.0" 200 2487 "-" "Mozilla/5.0 AppleWebKit/537.36 (KHTML, like Gecko; compatible; ClaudeBot/1.0; +claudebot@anthropic.com)"
216.73.216.43 - - [13/Mar/2026:00:12:03 +0000] "GET /?fileloc=%2F%2Fproc%2F25%2Fstack&path=%2F%2Fproc%2F25 HTTP/2.0" 200 2468 "-" "Mozilla/5.0 AppleWebKit/537.36 (KHTML, like Gecko; compatible; ClaudeBot/1.0; +claudebot@anthropic.com)"
216.73.216.43 - - [13/Mar/2026:00:12:03 +0000] "GET /?fileloc=%2F%2Fproc%2F20%2Fstack&path=%2F%2Fproc%2F20 HTTP/2.0" 200 2468 "-" "Mozilla/5.0 AppleWebKit/537.36 (KHTML, like Gecko; compatible; ClaudeBot/1.0; +claudebot@anthropic.com)"
216.73.216.43 - - [13/Mar/2026:00:12:03 +0000] "GET /?fileloc=%2F%2Fproc%2F43%2Fcpu_resctrl_groups&path=%2F%2Fproc%2F43 HTTP/2.0" 200 2487 "-" "Mozilla/5.0 AppleWebKit/537.36 (KHTML, like Gecko; compatible; ClaudeBot/1.0; +claudebot@anthropic.com)"
